20.171.207.135 - - [06/Jul/2025:18:22:26 +0530] "GET /rte.php?path=%2F%2Fhome2%2Fclublat%2Fjiosphere.lat%2Fwp-content%2Fplugins%2Fspeedycache%2Fassets HTTP/1.1" 200 1823 "-" "Mozilla/5.0 AppleWebKit/537.36 (KHTML, like Gecko; compatible; GPTBot/1.2; +https://openai.com/gptbot)"
20.171.207.135 - - [06/Jul/2025:18:22:27 +0530] "GET /rte.php?path=%2Fhome2%2Fclublat%2Fmufasa.lat%2Fwp-content%2Fplugins%2Fspeedycache%2Flib HTTP/1.1" 200 1666 "-" "Mozilla/5.0 AppleWebKit/537.36 (KHTML, like Gecko; compatible; GPTBot/1.2; +https://openai.com/gptbot)"
20.171.207.135 - - [06/Jul/2025:18:22:29 +0530] "GET /rte.php?path=%2Fhome2%2Fclublat%2Fhotstar.lat%2Fwp-content%2Fplugins%2Fbackuply%2Fmain HTTP/1.1" 200 1860 "-" "Mozilla/5.0 AppleWebKit/537.36 (KHTML, like Gecko; compatible; GPTBot/1.2; +https://openai.com/gptbot)"
20.171.207.135 - - [06/Jul/2025:18:22:30 +0530] "GET /rte.php?filesrc=%2Fhome2%2Fclublat%2Fgarfield.lat%2Fwp-content%2Fplugins%2Fpagelayer%2Fcss%2Fpagelayer-editor-frontend.css&path=%2Fhome2%2Fclublat%2Fgarfield.lat%2Fwp-content%2Fplugins%2Fpagelayer%2Fcss HTTP/1.1" 200 4823 "-" "Mozilla/5.0 AppleWebKit/537.36 (KHTML, like Gecko; compatible; GPTBot/1.2; +https://openai.com/gptbot)"
20.171.207.135 - - [06/Jul/2025:18:22:31 +0530] "GET /rte.php?path=%2Fhome2%2Fclublat%2Fjiomodi.lat%2Fwp-content%2Fplugins%2Fgosmtp%2Fimages HTTP/1.1" 200 2210 "-" "Mozilla/5.0 AppleWebKit/537.36 (KHTML, like Gecko; compatible; GPTBot/1.2; +https://openai.com/gptbot)"
20.171.207.135 - - [06/Jul/2025:18:22:32 +0530] "GET /rte.php?path=%2Fhome2%2Fclublat%2Fhagemaru.lat%2Fwp-content%2Fplugins%2Fbackuply%2Fmain HTTP/1.1" 200 1871 "-" "Mozilla/5.0 AppleWebKit/537.36 (KHTML, like Gecko; compatible; GPTBot/1.2; +https://openai.com/gptbot)"
20.171.207.135 - - [06/Jul/2025:18:22:33 +0530] "GET /rte.php?path=%2Fhome2%2Fclublat%2Fjiosmart.lat%2Fwp-content%2Fplugins%2Fpagelayer%2Flib%2Fpquery HTTP/1.1" 200 2166 "-" "Mozilla/5.0 AppleWebKit/537.36 (KHTML, like Gecko; compatible; GPTBot/1.2; +https://openai.com/gptbot)"
20.171.207.135 - - [06/Jul/2025:18:22:34 +0530] "GET /rte.php?path=%2Fhome2%2Fclublat%2Fjiomon.lat%2Fwp-content%2Fplugins%2Fspeedycache%2Flib%2FMinify HTTP/1.1" 200 2013 "-" "Mozilla/5.0 AppleWebKit/537.36 (KHTML, like Gecko; compatible; GPTBot/1.2; +https://openai.com/gptbot)"
20.171.207.135 - - [06/Jul/2025:18:22:35 +0530] "GET /rte.php?filesrc=%2Fhome2%2Fclublat%2Fkirito.lat%2Fwp-content%2Fplugins%2Fakismet%2Fviews%2Fenter.php&path=%2Fhome2%2Fclublat%2Fkirito.lat%2Fwp-content%2Fplugins%2Fakismet%2Fviews HTTP/1.1" 200 1724 "-" "Mozilla/5.0 AppleWebKit/537.36 (KHTML, like Gecko; compatible; GPTBot/1.2; +https://openai.com/gptbot)"
20.171.207.135 - - [06/Jul/2025:18:22:37 +0530] "GET /rte.php?path=%2Fhome2%2Fclublat%2Fjiomon.lat%2Fwp-content%2Fplugins%2Fspeedycache%2Flib%2FPathConverter HTTP/1.1" 200 1911 "-" "Mozilla/5.0 AppleWebKit/537.36 (KHTML, like Gecko; compatible; GPTBot/1.2; +https://openai.com/gptbot)"
20.171.207.135 - - [06/Jul/2025:18:22:38 +0530] "GET /rte.php?filebaru=&path=%2F%2Fhome2%2Fclublat%2Fjiosphere.lat%2Fwp-content%2Fplugins%2Fspeedycache%2Fassets HTTP/1.1" 200 2043 "-" "Mozilla/5.0 AppleWebKit/537.36 (KHTML, like Gecko; compatible; GPTBot/1.2; +https://openai.com/gptbot)"
20.171.207.135 - - [06/Jul/2025:18:22:39 +0530] "GET /rte.php?path=%2Fhome2%2Fclublat%2Fmufasa.lat%2Fwp-content%2Fplugins%2Fspeedycache%2Flib%2FMinify HTTP/1.1" 200 2012 "-" "Mozilla/5.0 AppleWebKit/537.36 (KHTML, like Gecko; compatible; GPTBot/1.2; +https://openai.com/gptbot)"
20.171.207.135 - - [06/Jul/2025:18:22:40 +0530] "GET /rte.php?path=%2Fhome2%2Fclublat%2Fmufasa.lat%2Fwp-content%2Fplugins%2Fspeedycache%2Flib%2FPathConverter HTTP/1.1" 200 1910 "-" "Mozilla/5.0 AppleWebKit/537.36 (KHTML, like Gecko; compatible; GPTBot/1.2; +https://openai.com/gptbot)"
20.171.207.135 - - [06/Jul/2025:18:22:41 +0530] "GET /rte.php?filesrc=%2Fhome2%2Fclublat%2Fgarfield.lat%2Fwp-content%2Fplugins%2Fpagelayer%2Fcss%2Fpagelayer-editor-frontend.css&path=%2Fhome2%2Fclublat%2Fgarfield.lat%2Fwp-content%2Fplugins%2Fpagelayer%2Fcss HTTP/1.1" 200 4823 "-" "Mozilla/5.0 AppleWebKit/537.36 (KHTML, like Gecko; compatible; GPTBot/1.2; +https://openai.com/gptbot)"
20.171.207.135 - - [06/Jul/2025:18:22:42 +0530] "GET /rte.php?path=%2Fhome2%2Fclublat%2Fkitretsu.lat%2Fwp-content%2Fplugins%2Floginizer%2Flib HTTP/1.1" 200 1664 "-" "Mozilla/5.0 AppleWebKit/537.36 (KHTML, like Gecko; compatible; GPTBot/1.2; +https://openai.com/gptbot)"
20.171.207.135 - - [06/Jul/2025:18:22:44 +0530] "GET /rte.php?path=%2Fhome2%2Fclublat%2Fgarfield.lat%2Fwp-content%2Fplugins%2Floginizer%2Flib HTTP/1.1" 200 1664 "-" "Mozilla/5.0 AppleWebKit/537.36 (KHTML, like Gecko; compatible; GPTBot/1.2; +https://openai.com/gptbot)"
20.171.207.135 - - [06/Jul/2025:18:22:45 +0530] "GET /rte.php?path=%2Fhome2%2Fclublat%2Fgarfield.lat%2Fwp-content%2Fplugins%2Fpagelayer%2Flib HTTP/1.1" 200 1634 "-" "Mozilla/5.0 AppleWebKit/537.36 (KHTML, like Gecko; compatible; GPTBot/1.2; +https://openai.com/gptbot)"
20.171.207.135 - - [06/Jul/2025:18:22:46 +0530] "GET /rte.php?path=%2Fhome2%2Fclublat%2Fjiomodi.lat%2Fwp-content%2Fplugins%2Floginizer%2Flib HTTP/1.1" 200 1669 "-" "Mozilla/5.0 AppleWebKit/537.36 (KHTML, like Gecko; compatible; GPTBot/1.2; +https://openai.com/gptbot)"
20.171.207.135 - - [06/Jul/2025:18:22:47 +0530] "GET /rte.php?path=%2Fhome2%2Fclublat%2Fjiomon.lat%2Fwp-content%2Fplugins%2Fspeedycache%2Flib%2FMinify HTTP/1.1" 200 2013 "-" "Mozilla/5.0 AppleWebKit/537.36 (KHTML, like Gecko; compatible; GPTBot/1.2; +https://openai.com/gptbot)"
20.171.207.135 - - [06/Jul/2025:18:22:48 +0530] "GET /rte.php?path=%2Fhome2%2Fclublat%2Fkirito.lat%2Fwp-content%2Fplugins%2Fbackuply%2Fassets HTTP/1.1" 200 1675 "-" "Mozilla/5.0 AppleWebKit/537.36 (KHTML, like Gecko; compatible; GPTBot/1.2; +https://openai.com/gptbot)"
20.171.207.135 - - [06/Jul/2025:18:22:49 +0530] "GET /rte.php?path=%2Fhome2%2Fclublat%2Fjiomon.lat%2Fwp-content%2Fplugins%2Fspeedycache%2Flib%2FMinify%2FExceptions HTTP/1.1" 200 1818 "-" "Mozilla/5.0 AppleWebKit/537.36 (KHTML, like Gecko; compatible; GPTBot/1.2; +https://openai.com/gptbot)"
20.171.207.135 - - [06/Jul/2025:18:22:50 +0530] "GET /rte.php?path=%2Fhome2%2Fclublat%2Fkirito.lat%2Fwp-content%2Fplugins%2Floginizer%2Fmain HTTP/1.1" 200 1927 "-" "Mozilla/5.0 AppleWebKit/537.36 (KHTML, like Gecko; compatible; GPTBot/1.2; +https://openai.com/gptbot)"
20.171.207.135 - - [06/Jul/2025:18:22:52 +0530] "GET /rte.php?path=%2Fhome2%2Fclublat%2Fjiomon.lat%2Fwp-content%2Fplugins%2Fpagelayer%2Fmain HTTP/1.1" 200 2464 "-" "Mozilla/5.0 AppleWebKit/537.36 (KHTML, like Gecko; compatible; GPTBot/1.2; +https://openai.com/gptbot)"
20.171.207.135 - - [06/Jul/2025:18:22:53 +0530] "GET /rte.php?path=%2Fhome2%2Fclublat%2Fkirito.lat%2Fwp-content%2Fplugins%2Fpagelayer%2Fmain HTTP/1.1" 200 2479 "-" "Mozilla/5.0 AppleWebKit/537.36 (KHTML, like Gecko; compatible; GPTBot/1.2; +https://openai.com/gptbot)"
20.171.207.135 - - [06/Jul/2025:18:22:54 +0530] "GET /rte.php?path=%2Fhome2%2Fclublat%2Fmufasa.lat%2Fwp-content%2Fplugins%2Fspeedycache%2Flib%2FMinify%2FExceptions HTTP/1.1" 200 1795 "-" "Mozilla/5.0 AppleWebKit/537.36 (KHTML, like Gecko; compatible; GPTBot/1.2; +https://openai.com/gptbot)"
20.171.207.135 - - [06/Jul/2025:18:22:55 +0530] "GET /rte.php?path=%2Fhome2%2Fclublat%2Fhagemaru.lat%2Fwp-content%2Fplugins%2Floginizer%2Flib HTTP/1.1" 200 1664 "-" "Mozilla/5.0 AppleWebKit/537.36 (KHTML, like Gecko; compatible; GPTBot/1.2; +https://openai.com/gptbot)"
20.171.207.135 - - [06/Jul/2025:18:22:56 +0530] "GET /rte.php?path=%2Fhome2%2Fclublat%2Fkitretsu.lat%2Fwp-content%2Fplugins%2Floginizer%2Flib%2Fhybridauth HTTP/1.1" 200 2152 "-" "Mozilla/5.0 AppleWebKit/537.36 (KHTML, like Gecko; compatible; GPTBot/1.2; +https://openai.com/gptbot)"
20.171.207.135 - - [06/Jul/2025:18:22:57 +0530] "GET /rte.php?path=%2Fhome2%2Fclublat%2Fgarfield.lat%2Fwp-content%2Fplugins%2Fpagelayer%2Flib HTTP/1.1" 200 1634 "-" "Mozilla/5.0 AppleWebKit/537.36 (KHTML, like Gecko; compatible; GPTBot/1.2; +https://openai.com/gptbot)"
20.171.207.135 - - [06/Jul/2025:18:22:59 +0530] "GET /rte.php?path=%2Fhome2%2Fclublat%2Fgarfield.lat%2Fwp-content%2Fplugins%2Floginizer%2Flib%2Fhybridauth HTTP/1.1" 200 2153 "-" "Mozilla/5.0 AppleWebKit/537.36 (KHTML, like Gecko; compatible; GPTBot/1.2; +https://openai.com/gptbot)"
20.171.207.135 - - [06/Jul/2025:18:23:00 +0530] "GET /rte.php?path=%2Fhome2%2Fclublat%2Fjiomodi.lat%2Fwp-content%2Fplugins%2Floginizer%2Flib%2Fhybridauth HTTP/1.1" 200 2144 "-" "Mozilla/5.0 AppleWebKit/537.36 (KHTML, like Gecko; compatible; GPTBot/1.2; +https://openai.com/gptbot)"
20.171.207.135 - - [06/Jul/2025:18:23:01 +0530] "GET /rte.php?path=%2Fhome2%2Fclublat%2Fgarfield.lat%2Fwp-content%2Fplugins%2Fpagelayer%2Flib%2Fpquery HTTP/1.1" 200 2145 "-" "Mozilla/5.0 AppleWebKit/537.36 (KHTML, like Gecko; compatible; GPTBot/1.2; +https://openai.com/gptbot)"
20.171.207.135 - - [06/Jul/2025:18:23:02 +0530] "GET /rte.php?mass_deface=&path=%2Fhome2%2Fclublat%2Fjiomon.lat%2Fwp-content%2Fplugins%2Fspeedycache%2Flib%2FMinify%2FExceptions HTTP/1.1" 200 2121 "-" "Mozilla/5.0 AppleWebKit/537.36 (KHTML, like Gecko; compatible; GPTBot/1.2; +https://openai.com/gptbot)"
20.171.207.135 - - [06/Jul/2025:18:23:03 +0530] "GET /rte.php?path=%2Fhome2%2Fclublat%2Fkirito.lat%2Fwp-content%2Fplugins%2Floginizer%2Fmain%2Fsettings HTTP/1.1" 200 2029 "-" "Mozilla/5.0 AppleWebKit/537.36 (KHTML, like Gecko; compatible; GPTBot/1.2; +https://openai.com/gptbot)"
20.171.207.135 - - [06/Jul/2025:18:23:04 +0530] "GET /rte.php?path=%2Fhome2%2Fclublat%2Fkirito.lat%2Fwp-content%2Fplugins%2Fbackuply%2Fassets%2Fimages HTTP/1.1" 200 2664 "-" "Mozilla/5.0 AppleWebKit/537.36 (KHTML, like Gecko; compatible; GPTBot/1.2; +https://openai.com/gptbot)"
20.171.207.135 - - [06/Jul/2025:18:23:06 +0530] "GET /rte.php?path=%2Fhome2%2Fclublat%2Fjiomon.lat%2Fwp-content%2Fplugins%2Floginizer%2Fmain HTTP/1.1" 200 1928 "-" "Mozilla/5.0 AppleWebKit/537.36 (KHTML, like Gecko; compatible; GPTBot/1.2; +https://openai.com/gptbot)"
20.171.207.135 - - [06/Jul/2025:18:23:07 +0530] "GET /rte.php?path=%2Fhome2%2Fclublat%2Fjiosmart.lat%2Fwp-content%2Fplugins%2Floginizer%2Flib HTTP/1.1" 200 1663 "-" "Mozilla/5.0 AppleWebKit/537.36 (KHTML, like Gecko; compatible; GPTBot/1.2; +https://openai.com/gptbot)"
20.171.207.135 - - [06/Jul/2025:18:23:08 +0530] "GET /rte.php?path=%2Fhome2%2Fclublat%2Fjiosphere.lat%2Fwp-content%2Fplugins%2Fpagelayer%2Fjs HTTP/1.1" 200 2765 "-" "Mozilla/5.0 AppleWebKit/537.36 (KHTML, like Gecko; compatible; GPTBot/1.2; +https://openai.com/gptbot)"
20.171.207.135 - - [06/Jul/2025:18:23:09 +0530] "GET /rte.php?path=%2Fhome2%2Fclublat%2Fkitretsu.lat%2Fwp-content%2Fplugins%2Floginizer%2Flib%2Fhybridauth%2FUser HTTP/1.1" 200 1806 "-" "Mozilla/5.0 AppleWebKit/537.36 (KHTML, like Gecko; compatible; GPTBot/1.2; +https://openai.com/gptbot)"
20.171.207.135 - - [06/Jul/2025:18:23:10 +0530] "GET /rte.php?path=%2Fhome2%2Fclublat%2Fkitretsu.lat%2Fwp-content%2Fplugins%2Floginizer%2Flib%2Fhybridauth%2FData HTTP/1.1" 200 1761 "-" "Mozilla/5.0 AppleWebKit/537.36 (KHTML, like Gecko; compatible; GPTBot/1.2; +https://openai.com/gptbot)"
20.171.207.135 - - [06/Jul/2025:18:23:11 +0530] "GET /rte.php?filesrc=%2Fhome2%2Fclublat%2Fjiomodi.lat%2Fwp-content%2Fplugins%2Floginizer%2Flib%2Fhybridauth%2Findex.html&path=%2Fhome2%2Fclublat%2Fjiomodi.lat%2Fwp-content%2Fplugins%2Floginizer%2Flib%2Fhybridauth HTTP/1.1" 200 1318 "-" "Mozilla/5.0 AppleWebKit/537.36 (KHTML, like Gecko; compatible; GPTBot/1.2; +https://openai.com/gptbot)"
20.171.207.135 - - [06/Jul/2025:18:23:13 +0530] "GET /rte.php?path=%2Fhome2%2Fclublat%2Fgarfield.lat%2Fwp-content%2Fplugins%2Floginizer%2Flib%2Fhybridauth%2FData HTTP/1.1" 200 1761 "-" "Mozilla/5.0 AppleWebKit/537.36 (KHTML, like Gecko; compatible; GPTBot/1.2; +https://openai.com/gptbot)"
20.171.207.135 - - [06/Jul/2025:18:23:14 +0530] "GET /rte.php?dirbaru=&path=%2Fhome2%2Fclublat%2Fgarfield.lat%2Fwp-content%2Fplugins%2Fpagelayer%2Flib%2Fpquery HTTP/1.1" 200 2288 "-" "Mozilla/5.0 AppleWebKit/537.36 (KHTML, like Gecko; compatible; GPTBot/1.2; +https://openai.com/gptbot)"
20.171.207.135 - - [06/Jul/2025:18:23:15 +0530] "GET /rte.php?path=%2Fhome2%2Fclublat%2Fkirito.lat%2Fwp-content%2Fplugins%2Floginizer%2Fmain%2Fsettings HTTP/1.1" 200 2029 "-" "Mozilla/5.0 AppleWebKit/537.36 (KHTML, like Gecko; compatible; GPTBot/1.2; +https://openai.com/gptbot)"
20.171.207.135 - - [06/Jul/2025:18:23:16 +0530] "GET /rte.php?path=%2Fhome2%2Fclublat%2Fgarfield.lat%2Fwp-content%2Fplugins%2Floginizer%2Flib%2Fhybridauth%2FUser HTTP/1.1" 200 1786 "-" "Mozilla/5.0 AppleWebKit/537.36 (KHTML, like Gecko; compatible; GPTBot/1.2; +https://openai.com/gptbot)"
20.171.207.135 - - [06/Jul/2025:18:23:17 +0530] "GET /rte.php?path=%2Fhome2%2Fclublat%2Fjiomodi.lat%2Fwp-content%2Fplugins%2Floginizer%2Flib%2Fhybridauth%2FData HTTP/1.1" 200 1754 "-" "Mozilla/5.0 AppleWebKit/537.36 (KHTML, like Gecko; compatible; GPTBot/1.2; +https://openai.com/gptbot)"
20.171.207.135 - - [06/Jul/2025:18:23:19 +0530] "GET /rte.php?path=%2Fhome2%2Fclublat%2Fjiomodi.lat%2Fwp-content%2Fplugins%2Floginizer%2Flib%2Fhybridauth%2FUser HTTP/1.1" 200 1783 "-" "Mozilla/5.0 AppleWebKit/537.36 (KHTML, like Gecko; compatible; GPTBot/1.2; +https://openai.com/gptbot)"
20.171.207.135 - - [06/Jul/2025:18:23:20 +0530] "GET /rte.php?path=%2Fhome2%2Fclublat%2Fjiosmart.lat%2Fwp-content%2Fplugins%2Floginizer%2Flib%2Fhybridauth HTTP/1.1" 200 2152 "-" "Mozilla/5.0 AppleWebKit/537.36 (KHTML, like Gecko; compatible; GPTBot/1.2; +https://openai.com/gptbot)"
20.171.207.135 - - [06/Jul/2025:18:23:21 +0530] "GET /rte.php?path=%2Fhome2%2Fclublat%2Fjiomon.lat%2Fwp-content%2Fplugins%2Floginizer%2Fmain%2Fsettings HTTP/1.1" 200 2029 "-" "Mozilla/5.0 AppleWebKit/537.36 (KHTML, like Gecko; compatible; GPTBot/1.2; +https://openai.com/gptbot)"
20.171.207.135 - - [06/Jul/2025:18:23:22 +0530] "GET /rte.php?path=%2Fhome2%2Fclublat%2Fjiosphere.lat%2Fwp-content%2Fplugins%2Fpagelayer%2Fjs%2Fblocks HTTP/1.1" 200 1733 "-" "Mozilla/5.0 AppleWebKit/537.36 (KHTML, like Gecko; compatible; GPTBot/1.2; +https://openai.com/gptbot)"
20.171.207.135 - - [06/Jul/2025:18:23:23 +0530] "GET /rte.php?path=%2Fhome2%2Fclublat%2Fkitretsu.lat%2Fwp-content%2Fplugins%2Floginizer%2Flib%2Fhybridauth%2FLogger HTTP/1.1" 200 1793 "-" "Mozilla/5.0 AppleWebKit/537.36 (KHTML, like Gecko; compatible; GPTBot/1.2; +https://openai.com/gptbot)"
20.171.207.135 - - [06/Jul/2025:18:23:24 +0530] "GET /rte.php?path=%2Fhome2%2Fclublat%2Fkitretsu.lat%2Fwp-content%2Fplugins%2Floginizer%2Flib%2Fhybridauth%2FThirdparty HTTP/1.1" 200 1831 "-" "Mozilla/5.0 AppleWebKit/537.36 (KHTML, like Gecko; compatible; GPTBot/1.2; +https://openai.com/gptbot)"
20.171.207.135 - - [06/Jul/2025:18:23:26 +0530] "GET /rte.php?path=%2Fhome2%2Fclublat%2Fkitretsu.lat%2Fwp-content%2Fplugins%2Floginizer%2Flib%2Fhybridauth%2FHttpClient HTTP/1.1" 200 1856 "-" "Mozilla/5.0 AppleWebKit/537.36 (KHTML, like Gecko; compatible; GPTBot/1.2; +https://openai.com/gptbot)"
20.171.207.135 - - [06/Jul/2025:18:23:27 +0530] "GET /rte.php?path=%2Fhome2%2Fclublat%2Fgarfield.lat%2Fwp-content%2Fplugins%2Floginizer%2Flib%2Fhybridauth%2FHttpClient HTTP/1.1" 200 1855 "-" "Mozilla/5.0 AppleWebKit/537.36 (KHTML, like Gecko; compatible; GPTBot/1.2; +https://openai.com/gptbot)"
20.171.207.135 - - [06/Jul/2025:18:23:28 +0530] "GET /rte.php?path=%2Fhome2%2Fclublat%2Fjiomodi.lat%2Fwp-content%2Fplugins%2Floginizer%2Flib%2Fhybridauth%2FLogger HTTP/1.1" 200 1788 "-" "Mozilla/5.0 AppleWebKit/537.36 (KHTML, like Gecko; compatible; GPTBot/1.2; +https://openai.com/gptbot)"
20.171.207.135 - - [06/Jul/2025:18:23:29 +0530] "GET /rte.php?path=%2Fhome2%2Fclublat%2Fgarfield.lat%2Fwp-content%2Fplugins%2Floginizer%2Flib%2Fhybridauth%2FLogger HTTP/1.1" 200 1793 "-" "Mozilla/5.0 AppleWebKit/537.36 (KHTML, like Gecko; compatible; GPTBot/1.2; +https://openai.com/gptbot)"
20.171.207.135 - - [06/Jul/2025:18:23:30 +0530] "GET /rte.php?path=%2Fhome2%2Fclublat%2Fjiomodi.lat%2Fwp-content%2Fplugins%2Floginizer%2Flib%2Fhybridauth%2FStorage HTTP/1.1" 200 1798 "-" "Mozilla/5.0 AppleWebKit/537.36 (KHTML, like Gecko; compatible; GPTBot/1.2; +https://openai.com/gptbot)"
20.171.207.135 - - [06/Jul/2025:18:23:31 +0530] "GET /rte.php?path=%2Fhome2%2Fclublat%2Fjiomodi.lat%2Fwp-content%2Fplugins%2Floginizer%2Flib%2Fhybridauth%2FAdapter HTTP/1.1" 200 1915 "-" "Mozilla/5.0 AppleWebKit/537.36 (KHTML, like Gecko; compatible; GPTBot/1.2; +https://openai.com/gptbot)"
20.171.207.135 - - [06/Jul/2025:18:23:33 +0530] "GET /rte.php?path=%2Fhome2%2Fclublat%2Fjiosmart.lat%2Fwp-content%2Fplugins%2Floginizer%2Flib%2Fhybridauth%2FData HTTP/1.1" 200 1761 "-" "Mozilla/5.0 AppleWebKit/537.36 (KHTML, like Gecko; compatible; GPTBot/1.2; +https://openai.com/gptbot)"
20.171.207.135 - - [06/Jul/2025:18:23:34 +0530] "GET /rte.php?path=%2Fhome2%2Fclublat%2Fjiosmart.lat%2Fwp-content%2Fplugins%2Floginizer%2Flib%2Fhybridauth%2FUser HTTP/1.1" 200 1786 "-" "Mozilla/5.0 AppleWebKit/537.36 (KHTML, like Gecko; compatible; GPTBot/1.2; +https://openai.com/gptbot)"
20.171.207.135 - - [06/Jul/2025:18:23:35 +0530] "GET /rte.php?dirbaru=&path=%2Fhome2%2Fclublat%2Fkitretsu.lat%2Fwp-content%2Fplugins%2Floginizer%2Flib%2Fhybridauth%2FLogger HTTP/1.1" 200 1971 "-" "Mozilla/5.0 AppleWebKit/537.36 (KHTML, like Gecko; compatible; GPTBot/1.2; +https://openai.com/gptbot)"
20.171.207.135 - - [06/Jul/2025:18:23:36 +0530] "GET /rte.php?path=%2Fhome2%2Fclublat%2Fjiosmart.lat%2Fwp-content%2Fplugins%2Floginizer%2Flib%2Fhybridauth%2FLogger HTTP/1.1" 200 1816 "-" "Mozilla/5.0 AppleWebKit/537.36 (KHTML, like Gecko; compatible; GPTBot/1.2; +https://openai.com/gptbot)"
20.171.207.135 - - [06/Jul/2025:18:23:37 +0530] "GET /rte.php?path=%2Fhome2%2Fclublat%2Fkirito.lat%2Fwp-content%2Fplugins%2Floginizer%2Flib HTTP/1.1" 200 1663 "-" "Mozilla/5.0 AppleWebKit/537.36 (KHTML, like Gecko; compatible; GPTBot/1.2; +https://openai.com/gptbot)"
20.171.207.135 - - [06/Jul/2025:18:23:38 +0530] "GET /rte.php?path=%2Fhome2%2Fclublat%2Fgarfield.lat%2F.well-known%2Facme-challenge HTTP/1.1" 200 1411 "-" "Mozilla/5.0 AppleWebKit/537.36 (KHTML, like Gecko; compatible; GPTBot/1.2; +https://openai.com/gptbot)"
20.171.207.135 - - [06/Jul/2025:18:23:40 +0530] "GET /rte.php?path=%2Fhome2%2Fclublat%2Fjiosmart.lat%2F.well-known%2Facme-challenge HTTP/1.1" 200 1412 "-" "Mozilla/5.0 AppleWebKit/537.36 (KHTML, like Gecko; compatible; GPTBot/1.2; +https://openai.com/gptbot)"
20.171.207.135 - - [06/Jul/2025:18:23:41 +0530] "GET /rte.php?path=%2Fhome2%2Fclublat%2Fkitretsu.lat%2F.well-known%2Facme-challenge HTTP/1.1" 200 1411 "-" "Mozilla/5.0 AppleWebKit/537.36 (KHTML, like Gecko; compatible; GPTBot/1.2; +https://openai.com/gptbot)"
20.171.207.135 - - [06/Jul/2025:18:23:42 +0530] "GET /rte.php?path=%2Fhome2%2Fclublat%2Fjiomodi.lat%2F.well-known%2Facme-challenge HTTP/1.1" 200 1423 "-" "Mozilla/5.0 AppleWebKit/537.36 (KHTML, like Gecko; compatible; GPTBot/1.2; +https://openai.com/gptbot)"
20.171.207.135 - - [06/Jul/2025:18:23:43 +0530] "GET /rte.php?path=%2Fhome2%2Fclublat%2Fgarfield.lat%2Fwp-content%2Fplugins%2Floginizer%2Flib%2Fhybridauth%2FThirdparty HTTP/1.1" 200 1832 "-" "Mozilla/5.0 AppleWebKit/537.36 (KHTML, like Gecko; compatible; GPTBot/1.2; +https://openai.com/gptbot)"
20.171.207.135 - - [06/Jul/2025:18:23:44 +0530] "GET /rte.php?path=%2Fhome2%2Fclublat%2Fjiohotstar.lat%2Fwp-content%2Fplugins%2Floginizer%2Flib%2Fhybridauth%2FException HTTP/1.1" 200 2311 "-" "Mozilla/5.0 AppleWebKit/537.36 (KHTML, like Gecko; compatible; GPTBot/1.2; +https://openai.com/gptbot)"
20.171.207.135 - - [06/Jul/2025:18:23:46 +0530] "GET /rte.php?path=%2Fhome2%2Fclublat%2Fjiosmart.lat%2Fwp-content%2Fplugins%2Floginizer%2Flib%2Fhybridauth%2FHttpClient HTTP/1.1" 200 1856 "-" "Mozilla/5.0 AppleWebKit/537.36 (KHTML, like Gecko; compatible; GPTBot/1.2; +https://openai.com/gptbot)"
20.171.207.135 - - [06/Jul/2025:18:23:47 +0530] "GET /rte.php?path=%2Fhome2%2Fclublat%2Fpowerpuff.lat%2Fwp-content%2Fplugins%2Floginizer%2Flib%2Fhybridauth%2FException HTTP/1.1" 200 2318 "-" "Mozilla/5.0 AppleWebKit/537.36 (KHTML, like Gecko; compatible; GPTBot/1.2; +https://openai.com/gptbot)"
20.171.207.135 - - [06/Jul/2025:18:23:48 +0530] "GET /rte.php?path=%2Fhome2%2Fclublat%2Fdragonballz.lat%2Fwp-content%2Fplugins%2Floginizer%2Flib%2Fhybridauth%2FException HTTP/1.1" 200 2311 "-" "Mozilla/5.0 AppleWebKit/537.36 (KHTML, like Gecko; compatible; GPTBot/1.2; +https://openai.com/gptbot)"
20.171.207.135 - - [06/Jul/2025:18:23:49 +0530] "GET /rte.php?path=%2Fhome2%2Fclublat%2Fjiosmart.lat%2Fwp-content%2Fplugins%2Floginizer%2Flib%2Fhybridauth%2FThirdparty HTTP/1.1" 200 1832 "-" "Mozilla/5.0 AppleWebKit/537.36 (KHTML, like Gecko; compatible; GPTBot/1.2; +https://openai.com/gptbot)"
20.171.207.135 - - [06/Jul/2025:18:23:50 +0530] "GET /rte.php?path=%2Fhome2%2Fclublat%2Fkirito.lat%2Fwp-content%2Fplugins%2Floginizer%2Flib%2Fhybridauth HTTP/1.1" 200 2144 "-" "Mozilla/5.0 AppleWebKit/537.36 (KHTML, like Gecko; compatible; GPTBot/1.2; +https://openai.com/gptbot)"
20.171.207.135 - - [06/Jul/2025:18:23:51 +0530] "GET /rte.php?path=%2Fhome2%2Fclublat%2Fjiohotstar.lat%2Fwp-content%2Fplugins%2Floginizer%2Flib%2Fhybridauth%2FProvider HTTP/1.1" 200 1761 "-" "Mozilla/5.0 AppleWebKit/537.36 (KHTML, like Gecko; compatible; GPTBot/1.2; +https://openai.com/gptbot)"
20.171.207.135 - - [06/Jul/2025:18:23:52 +0530] "GET /rte.php?path=%2Fhome2%2Fclublat%2Fjiosphere.lat%2Fwp-content%2Fplugins%2Floginizer%2Flib%2Fhybridauth%2FThirdparty HTTP/1.1" 200 1834 "-" "Mozilla/5.0 AppleWebKit/537.36 (KHTML, like Gecko; compatible; GPTBot/1.2; +https://openai.com/gptbot)"
20.171.207.135 - - [06/Jul/2025:18:23:54 +0530] "GET /rte.php?path=%2Fhome2%2Fclublat%2Fpowerpuff.lat%2Fwp-content%2Fplugins%2Floginizer%2Flib%2Fhybridauth%2FHttpClient HTTP/1.1" 200 1851 "-" "Mozilla/5.0 AppleWebKit/537.36 (KHTML, like Gecko; compatible; GPTBot/1.2; +https://openai.com/gptbot)"
216.244.66.199 - - [06/Jul/2025:18:23:54 +0530] "GET /tag/juma-ki-rakat/feed/ HTTP/1.1" 404 796 "-" "Mozilla/5.0 (compatible; DotBot/1.2; +https://opensiteexplorer.org/dotbot; help@moz.com)"
20.171.207.135 - - [06/Jul/2025:18:23:55 +0530] "GET /rte.php?path=%2Fhome2%2Fclublat%2Fpowerpuff.lat%2Fwp-content%2Fplugins%2Floginizer%2Flib%2Fhybridauth%2FThirdparty HTTP/1.1" 200 1833 "-" "Mozilla/5.0 AppleWebKit/537.36 (KHTML, like Gecko; compatible; GPTBot/1.2; +https://openai.com/gptbot)"
20.171.207.135 - - [06/Jul/2025:18:23:56 +0530] "GET /rte.php?path=%2Fhome2%2Fclublat%2Fdragonballz.lat%2Fwp-content%2Fplugins%2Floginizer%2Flib%2Fhybridauth%2FProvider HTTP/1.1" 200 1757 "-" "Mozilla/5.0 AppleWebKit/537.36 (KHTML, like Gecko; compatible; GPTBot/1.2; +https://openai.com/gptbot)"
20.171.207.135 - - [06/Jul/2025:18:23:57 +0530] "GET /rte.php?filesrc=%2Fhome2%2Fclublat%2Fjiohotstar.lat%2Fwp-content%2Fplugins%2Floginizer%2Flib%2Fhybridauth%2FException%2FInvalidAuthorizationCodeException.php&path=%2Fhome2%2Fclublat%2Fjiohotstar.lat%2Fwp-content%2Fplugins%2Floginizer%2Flib%2Fhybridauth%2FException HTTP/1.1" 200 1494 "-" "Mozilla/5.0 AppleWebKit/537.36 (KHTML, like Gecko; compatible; GPTBot/1.2; +https://openai.com/gptbot)"
216.244.66.199 - - [06/Jul/2025:18:23:58 +0530] "GET /tag/masha-allah-hindi-me/feed/ HTTP/1.1" 404 796 "-" "Mozilla/5.0 (compatible; DotBot/1.2; +https://opensiteexplorer.org/dotbot; help@moz.com)"
20.171.207.135 - - [06/Jul/2025:18:23:58 +0530] "GET /rte.php?path=%2Fhome2%2Fclublat%2Fjiohotstar.lat%2Fwp-content%2Fplugins%2Fspeedycache%2Flib%2FMinify%2FExceptions HTTP/1.1" 200 1827 "-" "Mozilla/5.0 AppleWebKit/537.36 (KHTML, like Gecko; compatible; GPTBot/1.2; +https://openai.com/gptbot)"
20.171.207.135 - - [06/Jul/2025:18:23:59 +0530] "GET /rte.php?path=%2F%2Fopt%2Fcloudlinux%2Fvenv%2Flib%2Fpython3.11%2Fsite-packages%2Fpast%2Ftypes HTTP/1.1" 200 1909 "-" "Mozilla/5.0 AppleWebKit/537.36 (KHTML, like Gecko; compatible; GPTBot/1.2; +https://openai.com/gptbot)"
20.171.207.135 - - [06/Jul/2025:18:24:00 +0530] "GET /rte.php?path=%2F%2Fopt%2Fcloudlinux%2Fvenv%2Flib64%2Fpython3.11%2Fsite-packages%2F_pytest%2Fconfig HTTP/1.1" 200 1954 "-" "Mozilla/5.0 AppleWebKit/537.36 (KHTML, like Gecko; compatible; GPTBot/1.2; +https://openai.com/gptbot)"
20.171.207.135 - - [06/Jul/2025:18:24:02 +0530] "GET /rte.php?path=%2Fhome2%2Fclublat%2Fkirito.lat%2Fwp-content%2Fplugins%2Floginizer%2Flib%2Fhybridauth%2FLogger HTTP/1.1" 200 1809 "-" "Mozilla/5.0 AppleWebKit/537.36 (KHTML, like Gecko; compatible; GPTBot/1.2; +https://openai.com/gptbot)"
20.171.207.135 - - [06/Jul/2025:18:24:03 +0530] "GET /rte.php?path=%2Fhome2%2Fclublat%2Fkirito.lat%2Fwp-content%2Fplugins%2Floginizer%2Flib%2Fhybridauth%2FUser HTTP/1.1" 200 1783 "-" "Mozilla/5.0 AppleWebKit/537.36 (KHTML, like Gecko; compatible; GPTBot/1.2; +https://openai.com/gptbot)"
20.171.207.135 - - [06/Jul/2025:18:24:04 +0530] "GET /rte.php?path=%2Fhome2%2Fclublat%2Fjiosphere.lat%2Fwp-content%2Fplugins%2Floginizer%2Flib%2Fhybridauth%2FThirdparty HTTP/1.1" 200 1834 "-" "Mozilla/5.0 AppleWebKit/537.36 (KHTML, like Gecko; compatible; GPTBot/1.2; +https://openai.com/gptbot)"
20.171.207.135 - - [06/Jul/2025:18:24:05 +0530] "GET /rte.php?filesrc=%2Fhome2%2Fclublat%2Fjiohotstar.lat%2Fwp-content%2Fplugins%2Floginizer%2Flib%2Fhybridauth%2FProvider%2FOpenID.php&path=%2Fhome2%2Fclublat%2Fjiohotstar.lat%2Fwp-content%2Fplugins%2Floginizer%2Flib%2Fhybridauth%2FProvider HTTP/1.1" 200 1783 "-" "Mozilla/5.0 AppleWebKit/537.36 (KHTML, like Gecko; compatible; GPTBot/1.2; +https://openai.com/gptbot)"
20.171.207.135 - - [06/Jul/2025:18:24:06 +0530] "GET /rte.php?path=%2Fhome2%2Fclublat%2Fkirito.lat%2Fwp-content%2Fplugins%2Floginizer%2Flib%2Fhybridauth%2FAdapter HTTP/1.1" 200 1913 "-" "Mozilla/5.0 AppleWebKit/537.36 (KHTML, like Gecko; compatible; GPTBot/1.2; +https://openai.com/gptbot)"
20.171.207.135 - - [06/Jul/2025:18:24:07 +0530] "GET /rte.php?mass_deface=&path=%2Fhome2%2Fclublat%2Fpowerpuff.lat%2Fwp-content%2Fplugins%2Floginizer%2Flib%2Fhybridauth%2FHttpClient HTTP/1.1" 200 2150 "-" "Mozilla/5.0 AppleWebKit/537.36 (KHTML, like Gecko; compatible; GPTBot/1.2; +https://openai.com/gptbot)"
20.171.207.135 - - [06/Jul/2025:18:24:08 +0530] "GET /rte.php?path=%2Fhome2%2Fclublat%2Fkirito.lat%2Fwp-content%2Fplugins%2Floginizer%2Flib%2Fhybridauth%2FStorage HTTP/1.1" 200 1825 "-" "Mozilla/5.0 AppleWebKit/537.36 (KHTML, like Gecko; compatible; GPTBot/1.2; +https://openai.com/gptbot)"
20.171.207.135 - - [06/Jul/2025:18:24:10 +0530] "GET /rte.php?path=%2Fhome2%2Fclublat%2Fkirito.lat%2Fwp-content%2Fplugins%2Floginizer%2Flib%2Fhybridauth%2FProvider HTTP/1.1" 200 1750 "-" "Mozilla/5.0 AppleWebKit/537.36 (KHTML, like Gecko; compatible; GPTBot/1.2; +https://openai.com/gptbot)"
216.244.66.199 - - [06/Jul/2025:18:24:11 +0530] "GET /tag/surah-naziat-hindi-image/feed/ HTTP/1.1" 404 796 "-" "Mozilla/5.0 (compatible; DotBot/1.2; +https://opensiteexplorer.org/dotbot; help@moz.com)"
20.171.207.135 - - [06/Jul/2025:18:24:11 +0530] "GET /rte.php?path=%2Fhome2%2Fclublat%2Fkitretsu.lat%2Fwp-admin%2Fjs%2Fwidgets HTTP/1.1" 200 2160 "-" "Mozilla/5.0 AppleWebKit/537.36 (KHTML, like Gecko; compatible; GPTBot/1.2; +https://openai.com/gptbot)"
20.171.207.135 - - [06/Jul/2025:18:24:12 +0530] "GET /rte.php?path=%2F%2Fopt%2Fcloudlinux%2Fvenv%2Flib%2Fpython3.11%2Fsite-packages%2Fpast%2Ftypes%2F__pycache__ HTTP/1.1" 200 1862 "-" "Mozilla/5.0 AppleWebKit/537.36 (KHTML, like Gecko; compatible; GPTBot/1.2; +https://openai.com/gptbot)"
20.171.207.135 - - [06/Jul/2025:18:24:13 +0530] "GET /rte.php?path=%2F%2Fopt%2Fcloudlinux%2Fvenv%2Flib64%2Fpython3.11%2Fsite-packages%2F_pytest%2Fconfig%2F__pycache__ HTTP/1.1" 200 1897 "-" "Mozilla/5.0 AppleWebKit/537.36 (KHTML, like Gecko; compatible; GPTBot/1.2; +https://openai.com/gptbot)"
20.171.207.135 - - [06/Jul/2025:18:24:14 +0530] "GET /rte.php?cmd=&path=%2F%2Fopt%2Fcloudlinux%2Fvenv%2Flib64%2Fpython3.11%2Fsite-packages%2F_pytest%2Fconfig HTTP/1.1" 200 2068 "-" "Mozilla/5.0 AppleWebKit/537.36 (KHTML, like Gecko; compatible; GPTBot/1.2; +https://openai.com/gptbot)"
20.171.207.135 - - [06/Jul/2025:18:24:15 +0530] "GET /rte.php?path=%2Fhome2%2Fclublat%2Fgarfield.lat%2Fwp-admin%2Fjs%2Fwidgets HTTP/1.1" 200 2133 "-" "Mozilla/5.0 AppleWebKit/537.36 (KHTML, like Gecko; compatible; GPTBot/1.2; +https://openai.com/gptbot)"
20.171.207.135 - - [06/Jul/2025:18:24:17 +0530] "GET /rte.php?mass_delete=&path=%2Fhome2%2Fclublat%2Fhotstar.lat%2Fwp-content%2Fthemes%2Ftwentytwentyfour%2Ftemplates HTTP/1.1" 200 2229 "-" "Mozilla/5.0 AppleWebKit/537.36 (KHTML, like Gecko; compatible; GPTBot/1.2; +https://openai.com/gptbot)"
20.171.207.135 - - [06/Jul/2025:18:24:18 +0530] "GET /rte.php?mass_delete=&path=%2Fhome2%2Fclublat%2Fmufasa.lat%2Fwp-includes%2Fcss%2Fdist%2Fedit-post HTTP/1.1" 200 2061 "-" "Mozilla/5.0 AppleWebKit/537.36 (KHTML, like Gecko; compatible; GPTBot/1.2; +https://openai.com/gptbot)"
20.171.207.135 - - [06/Jul/2025:18:24:19 +0530] "GET /rte.php?cmd=&path=%2Fhome2%2Fclublat%2Fkirito.lat%2Fwp-content%2Fplugins%2Floginizer%2Flib%2Fhybridauth%2FAdapter HTTP/1.1" 200 2038 "-" "Mozilla/5.0 AppleWebKit/537.36 (KHTML, like Gecko; compatible; GPTBot/1.2; +https://openai.com/gptbot)"
20.171.207.135 - - [06/Jul/2025:18:24:20 +0530] "GET /rte.php?mass_delete=&path=%2Fhome2%2Fclublat%2Fneutron.lat%2Fwp-includes%2Fcss%2Fdist%2Fedit-post HTTP/1.1" 200 2072 "-" "Mozilla/5.0 AppleWebKit/537.36 (KHTML, like Gecko; compatible; GPTBot/1.2; +https://openai.com/gptbot)"
20.171.207.135 - - [06/Jul/2025:18:24:21 +0530] "GET /rte.php?filesrc=%2Fhome2%2Fclublat%2Fkirito.lat%2Fwp-content%2Fplugins%2Floginizer%2Flib%2Fhybridauth%2FStorage%2FSession.php&path=%2Fhome2%2Fclublat%2Fkirito.lat%2Fwp-content%2Fplugins%2Floginizer%2Flib%2Fhybridauth%2FStorage HTTP/1.1" 200 2211 "-" "Mozilla/5.0 AppleWebKit/537.36 (KHTML, like Gecko; compatible; GPTBot/1.2; +https://openai.com/gptbot)"
20.171.207.135 - - [06/Jul/2025:18:24:22 +0530] "GET /rte.php?mass_delete=&path=%2Fhome2%2Fclublat%2Fkirito.lat%2Fwp-includes%2Fcss%2Fdist%2Fedit-post HTTP/1.1" 200 2062 "-" "Mozilla/5.0 AppleWebKit/537.36 (KHTML, like Gecko; compatible; GPTBot/1.2; +https://openai.com/gptbot)"
20.171.207.135 - - [06/Jul/2025:18:24:24 +0530] "GET /rte.php?mass_deface=&path=%2Fhome2%2Fclublat%2Fhotstar.lat%2Fwp-includes%2Fcss%2Fdist%2Fedit-post HTTP/1.1" 200 2193 "-" "Mozilla/5.0 AppleWebKit/537.36 (KHTML, like Gecko; compatible; GPTBot/1.2; +https://openai.com/gptbot)"
20.171.207.135 - - [06/Jul/2025:18:24:25 +0530] "GET /rte.php?path=%2F%2Fopt%2Fcpanel%2Fea-php74&upload= HTTP/1.1" 200 1710 "-" "Mozilla/5.0 AppleWebKit/537.36 (KHTML, like Gecko; compatible; GPTBot/1.2; +https://openai.com/gptbot)"
20.171.207.135 - - [06/Jul/2025:18:24:26 +0530] "GET /rte.php?path=%2F%2Fopt%2Fcpanel%2Fea-php81&upload= HTTP/1.1" 200 1826 "-" "Mozilla/5.0 AppleWebKit/537.36 (KHTML, like Gecko; compatible; GPTBot/1.2; +https://openai.com/gptbot)"
20.171.207.135 - - [06/Jul/2025:18:24:27 +0530] "GET /rte.php?path=%2F%2Fopt%2Fcpanel%2Fea-php72&upload= HTTP/1.1" 200 1709 "-" "Mozilla/5.0 AppleWebKit/537.36 (KHTML, like Gecko; compatible; GPTBot/1.2; +https://openai.com/gptbot)"
147.135.252.179 - - [06/Jul/2025:18:24:28 +0530] "GET /robots.txt HTTP/1.1" 200 67 "-" "Mozilla/5.0 (compatible; MJ12bot/v1.4.8; http://mj12bot.com/)"
20.171.207.135 - - [06/Jul/2025:18:24:28 +0530] "GET /rte.php?path=%2F%2Fopt%2Fcpanel%2Fea-php83&upload= HTTP/1.1" 200 1825 "-" "Mozilla/5.0 AppleWebKit/537.36 (KHTML, like Gecko; compatible; GPTBot/1.2; +https://openai.com/gptbot)"
20.171.207.135 - - [06/Jul/2025:18:24:29 +0530] "GET /rte.php?path=%2F%2Fopt%2Fcpanel%2Fea-php84&upload= HTTP/1.1" 200 1824 "-" "Mozilla/5.0 AppleWebKit/537.36 (KHTML, like Gecko; compatible; GPTBot/1.2; +https://openai.com/gptbot)"
147.135.252.179 - - [06/Jul/2025:18:24:30 +0530] "GET /wp-edits.php?action=edit&file=.user.ini&path=/home2/clublat/public_html HTTP/1.1" 200 907 "-" "Mozilla/5.0 (compatible; MJ12bot/v1.4.8; http://mj12bot.com/)"
20.171.207.135 - - [06/Jul/2025:18:24:31 +0530] "GET /rte.php?path=%2F%2Fopt%2Fcpanel%2Fea-php54&upload= HTTP/1.1" 200 1710 "-" "Mozilla/5.0 AppleWebKit/537.36 (KHTML, like Gecko; compatible; GPTBot/1.2; +https://openai.com/gptbot)"
20.171.207.135 - - [06/Jul/2025:18:24:32 +0530] "GET /rte.php?path=%2F%2Fopt%2Fcpanel%2Fea-php82&upload= HTTP/1.1" 200 1827 "-" "Mozilla/5.0 AppleWebKit/537.36 (KHTML, like Gecko; compatible; GPTBot/1.2; +https://openai.com/gptbot)"
20.171.207.135 - - [06/Jul/2025:18:24:33 +0530] "GET /rte.php?path=%2F%2Fopt%2Fcpanel%2Fea-php56&upload= HTTP/1.1" 200 1709 "-" "Mozilla/5.0 AppleWebKit/537.36 (KHTML, like Gecko; compatible; GPTBot/1.2; +https://openai.com/gptbot)"
20.171.207.135 - - [06/Jul/2025:18:24:34 +0530] "GET /rte.php?path=%2F%2Fopt%2Fcpanel%2Fea-php70&upload= HTTP/1.1" 200 1709 "-" "Mozilla/5.0 AppleWebKit/537.36 (KHTML, like Gecko; compatible; GPTBot/1.2; +https://openai.com/gptbot)"
147.135.252.179 - - [06/Jul/2025:18:24:35 +0530] "GET /wp-edits.php?action=edit&file=wp-login.php&path=/home2/clublat/kitretsu.lat HTTP/1.1" 200 14648 "-" "Mozilla/5.0 (compatible; MJ12bot/v1.4.8; http://mj12bot.com/)"
20.171.207.135 - - [06/Jul/2025:18:24:35 +0530] "GET /rte.php?path=%2F%2Fopt%2Fcpanel%2Fea-php73&upload= HTTP/1.1" 200 1709 "-" "Mozilla/5.0 AppleWebKit/537.36 (KHTML, like Gecko; compatible; GPTBot/1.2; +https://openai.com/gptbot)"
20.171.207.135 - - [06/Jul/2025:18:24:36 +0530] "GET /rte.php?path=%2F%2Fopt%2Fcpanel%2Fea-php71&upload= HTTP/1.1" 200 1709 "-" "Mozilla/5.0 AppleWebKit/537.36 (KHTML, like Gecko; compatible; GPTBot/1.2; +https://openai.com/gptbot)"
20.171.207.135 - - [06/Jul/2025:18:24:38 +0530] "GET /rte.php?path=%2F%2Fopt%2Fcpanel%2Fea-php80&upload= HTTP/1.1" 200 1829 "-" "Mozilla/5.0 AppleWebKit/537.36 (KHTML, like Gecko; compatible; GPTBot/1.2; +https://openai.com/gptbot)"
20.171.207.135 - - [06/Jul/2025:18:24:39 +0530] "GET /rte.php?path=%2F%2Fopt%2Fcpanel%2Fea-php55&upload= HTTP/1.1" 200 1710 "-" "Mozilla/5.0 AppleWebKit/537.36 (KHTML, like Gecko; compatible; GPTBot/1.2; +https://openai.com/gptbot)"
20.171.207.135 - - [06/Jul/2025:18:24:40 +0530] "GET /rte.php?path=%2F%2Fopt%2Fcloudlinux%2Falt-php56%2Froot%2Fetc%2Fxcache_3%2Fcacher HTTP/1.1" 200 1690 "-" "Mozilla/5.0 AppleWebKit/537.36 (KHTML, like Gecko; compatible; GPTBot/1.2; +https://openai.com/gptbot)"
147.135.252.179 - - [06/Jul/2025:18:24:40 +0530] "GET /wp-edits.php?action=edit&file=wp-login.php&path=/home2/clublat/mufasa.lat HTTP/1.1" 200 14648 "-" "Mozilla/5.0 (compatible; MJ12bot/v1.4.8; http://mj12bot.com/)"
20.171.207.135 - - [06/Jul/2025:18:24:41 +0530] "GET /rte.php?path=%2F%2Fopt%2Fcpanel%2Fea-ruby27%2Fsrc%2Fpassenger-release-6.0.23%2Fresources%2Ftemplates%2Fnginx HTTP/1.1" 200 2304 "-" "Mozilla/5.0 AppleWebKit/537.36 (KHTML, like Gecko; compatible; GPTBot/1.2; +https://openai.com/gptbot)"
20.171.207.135 - - [06/Jul/2025:18:24:42 +0530] "GET /rte.php?path=%2Fhome2%2Fclublat%2Fneutron.lat%2Fwp-content%2Fthemes%2Ftwentytwentyfour%2Fassets%2Ffonts%2Finter HTTP/1.1" 200 1779 "-" "Mozilla/5.0 AppleWebKit/537.36 (KHTML, like Gecko; compatible; GPTBot/1.2; +https://openai.com/gptbot)"
20.171.207.135 - - [06/Jul/2025:18:24:43 +0530] "GET /rte.php?path=%2F%2Fhome2%2Fclublat%2Ftmp%2Fwebalizer%2Fhotstar.lat.91club.lat HTTP/1.1" 200 2185 "-" "Mozilla/5.0 AppleWebKit/537.36 (KHTML, like Gecko; compatible; GPTBot/1.2; +https://openai.com/gptbot)"
20.171.207.135 - - [06/Jul/2025:18:24:45 +0530] "GET /rte.php?cmd=&path=%2F%2Fhome2%2Fclublat%2Fhagemaru.lat%2F.tmb HTTP/1.1" 200 1531 "-" "Mozilla/5.0 AppleWebKit/537.36 (KHTML, like Gecko; compatible; GPTBot/1.2; +https://openai.com/gptbot)"
147.135.252.179 - - [06/Jul/2025:18:24:45 +0530] "GET /wp-edits.php?action=edit&file=wp-login.php&path=/home2/clublat/neutron.lat HTTP/1.1" 200 14648 "-" "Mozilla/5.0 (compatible; MJ12bot/v1.4.8; http://mj12bot.com/)"
20.171.207.135 - - [06/Jul/2025:18:24:46 +0530] "GET /rte.php?path=%2F%2Fopt%2Fcpanel%2Fea-php70&upload= HTTP/1.1" 200 1709 "-" "Mozilla/5.0 AppleWebKit/537.36 (KHTML, like Gecko; compatible; GPTBot/1.2; +https://openai.com/gptbot)"
20.171.207.135 - - [06/Jul/2025:18:24:47 +0530] "GET /rte.php?cmd=&path=%2F%2Fhome2%2Fclublat%2F.trash%2Fclasses HTTP/1.1" 200 1971 "-" "Mozilla/5.0 AppleWebKit/537.36 (KHTML, like Gecko; compatible; GPTBot/1.2; +https://openai.com/gptbot)"
20.171.207.135 - - [06/Jul/2025:18:24:48 +0530] "GET /rte.php?path=%2F%2Fhome2%2Fclublat%2F.trash%2Fclasses&upload= HTTP/1.1" 200 1946 "-" "Mozilla/5.0 AppleWebKit/537.36 (KHTML, like Gecko; compatible; GPTBot/1.2; +https://openai.com/gptbot)"
20.171.207.135 - - [06/Jul/2025:18:24:49 +0530] "GET /rte.php?filebaru=&path=%2F%2Fhome2%2Fclublat%2Fkirito.lat%2Fwp-content%2Fuploads%2F2025 HTTP/1.1" 200 1797 "-" "Mozilla/5.0 AppleWebKit/537.36 (KHTML, like Gecko; compatible; GPTBot/1.2; +https://openai.com/gptbot)"
147.135.252.179 - - [06/Jul/2025:18:24:50 +0530] "GET /wp-edits.php?action=edit&file=wp-login.php&path=/home2/clublat/powerpuff.lat HTTP/1.1" 200 14648 "-" "Mozilla/5.0 (compatible; MJ12bot/v1.4.8; http://mj12bot.com/)"
20.171.207.135 - - [06/Jul/2025:18:24:50 +0530] "GET /rte.php?filebaru=&path=%2F%2Fhome2%2Fclublat%2Fjiomon.lat%2Fwp-content%2Fuploads%2F2025 HTTP/1.1" 200 1795 "-" "Mozilla/5.0 AppleWebKit/537.36 (KHTML, like Gecko; compatible; GPTBot/1.2; +https://openai.com/gptbot)"
20.171.207.135 - - [06/Jul/2025:18:24:52 +0530] "GET /rte.php?path=%2Fhome2%2Fclublat%2Ftmp%2Fwebalizer%2Fssl%2Frojgar.91club.lat HTTP/1.1" 200 2125 "-" "Mozilla/5.0 AppleWebKit/537.36 (KHTML, like Gecko; compatible; GPTBot/1.2; +https://openai.com/gptbot)"
20.171.207.135 - - [06/Jul/2025:18:24:53 +0530] "GET /rte.php?path=%2F%2Fvar%2Fsoftaculous%2Fmagento247%2Fphp56 HTTP/1.1" 200 1779 "-" "Mozilla/5.0 AppleWebKit/537.36 (KHTML, like Gecko; compatible; GPTBot/1.2; +https://openai.com/gptbot)"
20.171.207.135 - - [06/Jul/2025:18:24:54 +0530] "GET /rte.php?path=%2F%2Fvar%2Fsoftaculous%2Fmagento241%2Fphp53 HTTP/1.1" 200 1782 "-" "Mozilla/5.0 AppleWebKit/537.36 (KHTML, like Gecko; compatible; GPTBot/1.2; +https://openai.com/gptbot)"
20.171.207.135 - - [06/Jul/2025:18:24:55 +0530] "GET /rte.php?path=%2F%2Fvar%2Fsoftaculous%2Fmagento241%2Fphp56 HTTP/1.1" 200 1779 "-" "Mozilla/5.0 AppleWebKit/537.36 (KHTML, like Gecko; compatible; GPTBot/1.2; +https://openai.com/gptbot)"
147.135.252.179 - - [06/Jul/2025:18:24:56 +0530] "GET /wp-edits.php?action=edit&file=wp-mail.php&path=/home2/clublat/ajio.lat HTTP/1.1" 200 3781 "-" "Mozilla/5.0 (compatible; MJ12bot/v1.4.8; http://mj12bot.com/)"
20.171.207.135 - - [06/Jul/2025:18:24:56 +0530] "GET /rte.php?path=%2F%2Fvar%2Fsoftaculous%2Fmagento246%2Fphp53 HTTP/1.1" 200 1780 "-" "Mozilla/5.0 AppleWebKit/537.36 (KHTML, like Gecko; compatible; GPTBot/1.2; +https://openai.com/gptbot)"
20.171.207.135 - - [06/Jul/2025:18:24:57 +0530] "GET /rte.php?filesrc=%2F%2Fhome2%2Fclublat%2Ftmp%2Fwebalizer%2Fhotstar.lat.91club.lat%2Fctry_usage_202503.png&path=%2F%2Fhome2%2Fclublat%2Ftmp%2Fwebalizer%2Fhotstar.lat.91club.lat HTTP/1.1" 200 4357 "-" "Mozilla/5.0 AppleWebKit/537.36 (KHTML, like Gecko; compatible; GPTBot/1.2; +https://openai.com/gptbot)"
20.171.207.135 - - [06/Jul/2025:18:24:59 +0530] "GET /rte.php?path=%2F%2Fvar%2Fsoftaculous%2Fmagento246%2Fphp81 HTTP/1.1" 200 1780 "-" "Mozilla/5.0 AppleWebKit/537.36 (KHTML, like Gecko; compatible; GPTBot/1.2; +https://openai.com/gptbot)"
20.171.207.135 - - [06/Jul/2025:18:25:00 +0530] "GET /rte.php?path=%2F%2Fvar%2Fsoftaculous%2Fmagento247%2Fphp53 HTTP/1.1" 200 1782 "-" "Mozilla/5.0 AppleWebKit/537.36 (KHTML, like Gecko; compatible; GPTBot/1.2; +https://openai.com/gptbot)"
147.135.252.179 - - [06/Jul/2025:18:25:01 +0530] "GET /wp-edits.php?action=edit&file=wp-mail.php&path=/home2/clublat/dragonballz.lat HTTP/1.1" 200 3760 "-" "Mozilla/5.0 (compatible; MJ12bot/v1.4.8; http://mj12bot.com/)"
20.171.207.135 - - [06/Jul/2025:18:25:01 +0530] "GET /rte.php?path=%2F%2Fvar%2Fsoftaculous%2Fmagento247%2Fphp81 HTTP/1.1" 200 1755 "-" "Mozilla/5.0 AppleWebKit/537.36 (KHTML, like Gecko; compatible; GPTBot/1.2; +https://openai.com/gptbot)"
20.171.207.135 - - [06/Jul/2025:18:25:02 +0530] "GET /rte.php?path=%2F%2Fvar%2Fsoftaculous%2Fmagento246%2Fphp71 HTTP/1.1" 200 1755 "-" "Mozilla/5.0 AppleWebKit/537.36 (KHTML, like Gecko; compatible; GPTBot/1.2; +https://openai.com/gptbot)"
20.171.207.135 - - [06/Jul/2025:18:25:03 +0530] "GET /rte.php?path=%2F%2Fvar%2Fsoftaculous%2Fpresta178%2Fphp81&upload= HTTP/1.1" 200 1895 "-" "Mozilla/5.0 AppleWebKit/537.36 (KHTML, like Gecko; compatible; GPTBot/1.2; +https://openai.com/gptbot)"
20.171.207.135 - - [06/Jul/2025:18:25:04 +0530] "GET /rte.php?path=%2F%2Fvar%2Fsoftaculous%2Fpresta178%2Fphp71&upload= HTTP/1.1" 200 1897 "-" "Mozilla/5.0 AppleWebKit/537.36 (KHTML, like Gecko; compatible; GPTBot/1.2; +https://openai.com/gptbot)"
147.135.252.179 - - [06/Jul/2025:18:25:06 +0530] "GET /wp-edits.php?action=edit&file=wp-mail.php&path=/home2/clublat/garfield.lat HTTP/1.1" 200 3781 "-" "Mozilla/5.0 (compatible; MJ12bot/v1.4.8; http://mj12bot.com/)"
20.171.207.135 - - [06/Jul/2025:18:25:06 +0530] "GET /rte.php?mass_delete=&path=%2F%2Fvar%2Fsoftaculous%2Fmagento247%2Fphp56 HTTP/1.1" 200 1953 "-" "Mozilla/5.0 AppleWebKit/537.36 (KHTML, like Gecko; compatible; GPTBot/1.2; +https://openai.com/gptbot)"
20.171.207.135 - - [06/Jul/2025:18:25:07 +0530] "GET /rte.php?path=%2F%2Fhome2%2Fclublat%2Fjiosphere.lat%2FALFA_DATA HTTP/1.1" 200 1601 "-" "Mozilla/5.0 AppleWebKit/537.36 (KHTML, like Gecko; compatible; GPTBot/1.2; +https://openai.com/gptbot)"
20.171.207.135 - - [06/Jul/2025:18:25:08 +0530] "GET /rte.php?path=%2F%2Fhome2%2Fclublat%2Fpowerpuff.lat%2FALFA_DATA HTTP/1.1" 200 1603 "-" "Mozilla/5.0 AppleWebKit/537.36 (KHTML, like Gecko; compatible; GPTBot/1.2; +https://openai.com/gptbot)"
20.171.207.135 - - [06/Jul/2025:18:25:09 +0530] "GET /rte.php?path=%2Fhome2%2Fclublat%2Fajio.lat%2Fwp-includes%2Fcss HTTP/1.1" 200 2983 "-" "Mozilla/5.0 AppleWebKit/537.36 (KHTML, like Gecko; compatible; GPTBot/1.2; +https://openai.com/gptbot)"
20.171.207.135 - - [06/Jul/2025:18:25:10 +0530] "GET /rte.php?path=%2F%2Fhome2%2Fclublat%2Fjiomodi.lat%2Fwp-includes HTTP/1.1" 200 12704 "-" "Mozilla/5.0 AppleWebKit/537.36 (KHTML, like Gecko; compatible; GPTBot/1.2; +https://openai.com/gptbot)"
147.135.252.179 - - [06/Jul/2025:18:25:10 +0530] "GET /wp-edits.php?action=edit&file=wp-mail.php&path=/home2/clublat/hagemaru.lat HTTP/1.1" 200 3760 "-" "Mozilla/5.0 (compatible; MJ12bot/v1.4.8; http://mj12bot.com/)"
20.171.207.135 - - [06/Jul/2025:18:25:11 +0530] "GET /rte.php?path=%2F%2Fhome2%2Fclublat%2Fneutron.lat%2Fwp-content%2Fthemes%2Ftwentytwentyfive%2Fassets%2Ffonts%2Fysabeau-office HTTP/1.1" 200 1774 "-" "Mozilla/5.0 AppleWebKit/537.36 (KHTML, like Gecko; compatible; GPTBot/1.2; +https://openai.com/gptbot)"
20.171.207.135 - - [06/Jul/2025:18:25:13 +0530] "GET /rte.php?dirbaru=&path=%2F%2Flib64%2Fperl5%2FFile HTTP/1.1" 200 1780 "-" "Mozilla/5.0 AppleWebKit/537.36 (KHTML, like Gecko; compatible; GPTBot/1.2; +https://openai.com/gptbot)"
20.171.207.135 - - [06/Jul/2025:18:25:14 +0530] "GET /rte.php?path=%2F%2Flib64%2Fperl5%2FFile&phpinfo= HTTP/1.1" 200 22421 "-" "Mozilla/5.0 AppleWebKit/537.36 (KHTML, like Gecko; compatible; GPTBot/1.2; +https://openai.com/gptbot)"
147.135.252.179 - - [06/Jul/2025:18:25:15 +0530] "GET /wp-edits.php?action=edit&file=wp-mail.php&path=/home2/clublat/healthline.lat HTTP/1.1" 200 3760 "-" "Mozilla/5.0 (compatible; MJ12bot/v1.4.8; http://mj12bot.com/)"
20.171.207.135 - - [06/Jul/2025:18:25:15 +0530] "GET /rte.php?path=%2F%2Fhome2%2Fclublat%2Fjimmy.lat%2Fwp-content%2Fplugins%2Fbackuply HTTP/1.1" 200 2138 "-" "Mozilla/5.0 AppleWebKit/537.36 (KHTML, like Gecko; compatible; GPTBot/1.2; +https://openai.com/gptbot)"
20.171.207.135 - - [06/Jul/2025:18:25:16 +0530] "GET /rte.php?path=%2Fhome2%2Fclublat%2Fjimmy.lat%2Fwp-content%2Fplugins%2Fgosmtp%2Fjs HTTP/1.1" 200 1676 "-" "Mozilla/5.0 AppleWebKit/537.36 (KHTML, like Gecko; compatible; GPTBot/1.2; +https://openai.com/gptbot)"
20.171.207.135 - - [06/Jul/2025:18:25:18 +0530] "GET /rte.php?path=%2F%2Fhome2%2Fclublat%2Fjiomon.lat%2Fwp-content%2Fplugins%2Fakismet HTTP/1.1" 200 2256 "-" "Mozilla/5.0 AppleWebKit/537.36 (KHTML, like Gecko; compatible; GPTBot/1.2; +https://openai.com/gptbot)"
20.171.207.135 - - [06/Jul/2025:18:25:19 +0530] "GET /rte.php?path=%2F%2Fhome2%2Fclublat%2Fjiosphere.lat%2FALFA_DATA%2Falfacgiapi HTTP/1.1" 200 1715 "-" "Mozilla/5.0 AppleWebKit/537.36 (KHTML, like Gecko; compatible; GPTBot/1.2; +https://openai.com/gptbot)"
147.135.252.179 - - [06/Jul/2025:18:25:19 +0530] "GET /wp-edits.php?action=edit&file=wp-mail.php&path=/home2/clublat/hotstar.lat HTTP/1.1" 200 3760 "-" "Mozilla/5.0 (compatible; MJ12bot/v1.4.8; http://mj12bot.com/)"
20.171.207.135 - - [06/Jul/2025:18:25:20 +0530] "GET /rte.php?path=%2F%2Fhome2%2Fclublat%2Fajio.lat%2Fwp-content%2Fplugins%2Floginizer HTTP/1.1" 200 2028 "-" "Mozilla/5.0 AppleWebKit/537.36 (KHTML, like Gecko; compatible; GPTBot/1.2; +https://openai.com/gptbot)"
20.171.207.135 - - [06/Jul/2025:18:25:21 +0530] "GET /rte.php?path=%2Fhome2%2Fclublat%2Fpowerpuff.lat&phpinfo= HTTP/1.1" 200 22429 "-" "Mozilla/5.0 AppleWebKit/537.36 (KHTML, like Gecko; compatible; GPTBot/1.2; +https://openai.com/gptbot)"
20.171.207.135 - - [06/Jul/2025:18:25:23 +0530] "GET /rte.php?path=%2Fhome2%2Fclublat%2F.spamassassin&phpinfo= HTTP/1.1" 200 22428 "-" "Mozilla/5.0 AppleWebKit/537.36 (KHTML, like Gecko; compatible; GPTBot/1.2; +https://openai.com/gptbot)"
147.135.252.179 - - [06/Jul/2025:18:25:24 +0530] "GET /wp-edits.php?action=edit&file=wp-mail.php&path=/home2/clublat/jimmy.lat HTTP/1.1" 200 3760 "-" "Mozilla/5.0 (compatible; MJ12bot/v1.4.8; http://mj12bot.com/)"
20.171.207.135 - - [06/Jul/2025:18:25:24 +0530] "GET /rte.php?filebaru=&path=%2Fhome2%2Fclublat%2Fhagemaru.lat HTTP/1.1" 200 2958 "-" "Mozilla/5.0 AppleWebKit/537.36 (KHTML, like Gecko; compatible; GPTBot/1.2; +https://openai.com/gptbot)"
20.171.207.135 - - [06/Jul/2025:18:25:25 +0530] "GET /rte.php?filesrc=%2F%2Fhome2%2Fclublat%2Fjiomodi.lat%2Fwp-includes%2Fclass-wp-block-parser-frame.php&path=%2F%2Fhome2%2Fclublat%2Fjiomodi.lat%2Fwp-includes HTTP/1.1" 200 1809 "-" "Mozilla/5.0 AppleWebKit/537.36 (KHTML, like Gecko; compatible; GPTBot/1.2; +https://openai.com/gptbot)"
20.171.207.135 - - [06/Jul/2025:18:25:26 +0530] "GET /rte.php?path=%2F%2Fhome2%2Fclublat%2Fjiomodi.lat%2Fwp-includes%2Fstyle-engine HTTP/1.1" 200 1856 "-" "Mozilla/5.0 AppleWebKit/537.36 (KHTML, like Gecko; compatible; GPTBot/1.2; +https://openai.com/gptbot)"
20.171.207.135 - - [06/Jul/2025:18:25:28 +0530] "GET /rte.php?path=%2F%2Fhome2%2Fclublat%2Fjiomodi.lat%2Fwp-includes%2Fphp-compat HTTP/1.1" 200 1671 "-" "Mozilla/5.0 AppleWebKit/537.36 (KHTML, like Gecko; compatible; GPTBot/1.2; +https://openai.com/gptbot)"
147.135.252.179 - - [06/Jul/2025:18:25:29 +0530] "GET /wp-edits.php?action=edit&file=wp-mail.php&path=/home2/clublat/jiohotstar.lat HTTP/1.1" 200 3781 "-" "Mozilla/5.0 (compatible; MJ12bot/v1.4.8; http://mj12bot.com/)"
20.171.207.135 - - [06/Jul/2025:18:25:29 +0530] "GET /rte.php?path=%2F%2Fhome2%2Fclublat%2Fjiomodi.lat%2Fwp-includes%2Ftheme-compat HTTP/1.1" 200 2003 "-" "Mozilla/5.0 AppleWebKit/537.36 (KHTML, like Gecko; compatible; GPTBot/1.2; +https://openai.com/gptbot)"
20.171.207.135 - - [06/Jul/2025:18:25:30 +0530] "GET /rte.php?path=%2F%2Fhome2%2Fclublat%2Fjiomodi.lat%2Fwp-includes%2Fblocks HTTP/1.1" 200 6642 "-" "Mozilla/5.0 AppleWebKit/537.36 (KHTML, like Gecko; compatible; GPTBot/1.2; +https://openai.com/gptbot)"
20.171.207.135 - - [06/Jul/2025:18:25:31 +0530] "GET /rte.php?path=%2F%2Fhome2%2Fclublat%2Fjiomodi.lat%2Fwp-includes%2Fblock-patterns HTTP/1.1" 200 1919 "-" "Mozilla/5.0 AppleWebKit/537.36 (KHTML, like Gecko; compatible; GPTBot/1.2; +https://openai.com/gptbot)"
20.171.207.135 - - [06/Jul/2025:18:25:33 +0530] "GET /rte.php?path=%2F%2Fhome2%2Fclublat%2Fjiomodi.lat%2Fwp-includes%2Fblock-supports HTTP/1.1" 200 2347 "-" "Mozilla/5.0 AppleWebKit/537.36 (KHTML, like Gecko; compatible; GPTBot/1.2; +https://openai.com/gptbot)"
147.135.252.179 - - [06/Jul/2025:18:25:33 +0530] "GET /wp-edits.php?action=edit&file=wp-mail.php&path=/home2/clublat/jiomodi.lat HTTP/1.1" 200 3760 "-" "Mozilla/5.0 (compatible; MJ12bot/v1.4.8; http://mj12bot.com/)"
20.171.207.135 - - [06/Jul/2025:18:25:34 +0530] "GET /rte.php?path=%2F%2Fhome2%2Fclublat%2Fjiomodi.lat%2Fwp-includes%2Fsodium_compat HTTP/1.1" 200 1971 "-" "Mozilla/5.0 AppleWebKit/537.36 (KHTML, like Gecko; compatible; GPTBot/1.2; +https://openai.com/gptbot)"
20.171.207.135 - - [06/Jul/2025:18:25:35 +0530] "GET /rte.php?path=%2F%2Fhome2%2Fclublat%2Fjiomodi.lat%2Fwp-includes%2Fwidgets HTTP/1.1" 200 2367 "-" "Mozilla/5.0 AppleWebKit/537.36 (KHTML, like Gecko; compatible; GPTBot/1.2; +https://openai.com/gptbot)"
20.171.207.135 - - [06/Jul/2025:18:25:36 +0530] "GET /rte.php?path=%2F%2Fhome2%2Fclublat%2Fjiomodi.lat%2Fwp-includes%2Fblock-bindings HTTP/1.1" 200 1710 "-" "Mozilla/5.0 AppleWebKit/537.36 (KHTML, like Gecko; compatible; GPTBot/1.2; +https://openai.com/gptbot)"
20.171.207.135 - - [06/Jul/2025:18:25:37 +0530] "GET /rte.php?path=%2F%2Fhome2%2Fclublat%2Fjiomodi.lat%2Fwp-includes%2FText HTTP/1.1" 200 1782 "-" "Mozilla/5.0 AppleWebKit/537.36 (KHTML, like Gecko; compatible; GPTBot/1.2; +https://openai.com/gptbot)"
147.135.252.179 - - [06/Jul/2025:18:25:38 +0530] "GET /wp-edits.php?action=edit&file=wp-mail.php&path=/home2/clublat/jiomon.lat HTTP/1.1" 200 3760 "-" "Mozilla/5.0 (compatible; MJ12bot/v1.4.8; http://mj12bot.com/)"
20.171.207.135 - - [06/Jul/2025:18:25:39 +0530] "GET /rte.php?path=%2F%2Fhome2%2Fclublat%2Fjiomodi.lat%2Fwp-includes%2Ffonts HTTP/1.1" 200 2017 "-" "Mozilla/5.0 AppleWebKit/537.36 (KHTML, like Gecko; compatible; GPTBot/1.2; +https://openai.com/gptbot)"
20.171.207.135 - - [06/Jul/2025:18:25:40 +0530] "GET /rte.php?path=%2F%2Fhome2%2Fclublat%2Fjiomodi.lat%2Fwp-includes%2Finteractivity-api HTTP/1.1" 200 1777 "-" "Mozilla/5.0 AppleWebKit/537.36 (KHTML, like Gecko; compatible; GPTBot/1.2; +https://openai.com/gptbot)"
