EVOLUTION-MANAGER
Edit File: ajio.lat.91club.lat-ssl_log
66.249.66.42 - - [06/Jul/2025:17:50:14 +0530] "GET /comment.php?shopdetail/37132500 HTTP/1.1" 200 23882 "-" "Mozilla/5.0 (Linux; Android 6.0.1; Nexus 5X Build/MMB29P) AppleWebKit/537.36 (KHTML, like Gecko) Chrome/137.0.7151.103 Mobile Safari/537.36 (compatible; Googlebot/2.1; +http://www.google.com/bot.html)"
66.249.66.41 - - [06/Jul/2025:17:52:45 +0530] "GET /comment.php?shopdetail/61884096 HTTP/1.1" 200 24327 "-" "Mozilla/5.0 (Linux; Android 6.0.1; Nexus 5X Build/MMB29P) AppleWebKit/537.36 (KHTML, like Gecko) Chrome/137.0.7151.103 Mobile Safari/537.36 (compatible; Googlebot/2.1; +http://www.google.com/bot.html)"
66.249.66.43 - - [06/Jul/2025:17:59:50 +0530] "GET /content.php?shopdetail/752015780 HTTP/1.1" 200 24825 "-" "Mozilla/5.0 (Linux; Android 6.0.1; Nexus 5X Build/MMB29P) AppleWebKit/537.36 (KHTML, like Gecko) Chrome/137.0.7151.103 Mobile Safari/537.36 (compatible; Googlebot/2.1; +http://www.google.com/bot.html)"
122.180.246.194 - - [06/Jul/2025:18:14:58 +0530] "POST /wp-cron.php?doing_wp_cron=1751805898.5450160503387451171875 HTTP/1.1" 200 0 "-" "WordPress/6.8.1; https://ajio.lat"
45.227.253.15 - - [06/Jul/2025:18:14:56 +0530] "GET /index.php/jk HTTP/1.1" 301 0 "-" "Mozilla/5.0 (Windows NT 6.2; WOW64) AppleWebKit/535.24 (KHTML, like Gecko) Chrome/82.0.1055.1 Safari/535.24"
66.249.66.41 - - [06/Jul/2025:17:49:40 +0530] "GET /comment.php?shopdetail/33522137 HTTP/1.1" 200 23590 "-" "Mozilla/5.0 (Linux; Android 6.0.1; Nexus 5X Build/MMB29P) AppleWebKit/537.36 (KHTML, like Gecko) Chrome/137.0.7151.103 Mobile Safari/537.36 (compatible; GoogleOther)"
17.241.227.131 - - [06/Jul/2025:17:54:10 +0530] "GET /robots.txt HTTP/1.1" 200 62 "-" "Mozilla/5.0 (Macintosh; Intel Mac OS X 10_15_7) AppleWebKit/605.1.15 (KHTML, like Gecko) Version/17.4 Safari/605.1.15 (Applebot/0.1; +http://www.apple.com/go/applebot)"
122.180.246.194 - - [06/Jul/2025:17:54:11 +0530] "POST /wp-cron.php?doing_wp_cron=1751804651.6973040103912353515625 HTTP/1.1" 200 0 "-" "WordPress/6.8.1; https://ajio.lat"
17.241.227.131 - - [06/Jul/2025:17:54:10 +0530] "GET / HTTP/1.1" 301 0 "-" "Mozilla/5.0 (Macintosh; Intel Mac OS X 10_15_7) AppleWebKit/605.1.15 (KHTML, like Gecko) Version/17.4 Safari/605.1.15 (Applebot/0.1; +http://www.apple.com/go/applebot)"
34.162.55.126 - - [06/Jul/2025:18:12:34 +0530] "GET /.git/config HTTP/1.1" 403 787 "-" "ct\xe2\x80\x91git\xe2\x80\x91scanner/0.4"
34.162.55.126 - - [06/Jul/2025:18:12:34 +0530] "GET /.git/HEAD HTTP/1.1" 403 787 "-" "ct\xe2\x80\x91git\xe2\x80\x91scanner/0.4"
45.227.253.15 - - [06/Jul/2025:18:14:59 +0530] "GET /jk HTTP/1.1" 404 13612 "https://ajio.lat/index.php/jk" "Mozilla/5.0 (Windows NT 6.2; WOW64) AppleWebKit/535.24 (KHTML, like Gecko) Chrome/82.0.1055.1 Safari/535.24"
66.249.66.41 - - [06/Jul/2025:18:36:13 +0530] "GET /content.php?shopdetail/5212423 HTTP/1.1" 200 25524 "-" "Mozilla/5.0 (Linux; Android 6.0.1; Nexus 5X Build/MMB29P) AppleWebKit/537.36 (KHTML, like Gecko) Chrome/137.0.7151.103 Mobile Safari/537.36 (compatible; GoogleOther)"
66.249.66.42 - - [06/Jul/2025:18:39:02 +0530] "GET /comment.php?shopdetail/13903247 HTTP/1.1" 200 24829 "-" "Mozilla/5.0 (Linux; Android 6.0.1; Nexus 5X Build/MMB29P) AppleWebKit/537.36 (KHTML, like Gecko) Chrome/137.0.7151.103 Mobile Safari/537.36 (compatible; Googlebot/2.1; +http://www.google.com/bot.html)"
66.249.66.43 - - [06/Jul/2025:18:34:40 +0530] "GET /comment.php?shopdetail/18644719 HTTP/1.1" 200 23688 "-" "Mozilla/5.0 (Linux; Android 6.0.1; Nexus 5X Build/MMB29P) AppleWebKit/537.36 (KHTML, like Gecko) Chrome/137.0.7151.103 Mobile Safari/537.36 (compatible; GoogleOther)"
66.249.66.43 - - [06/Jul/2025:18:41:51 +0530] "GET /content.php?shopdetail/87517590 HTTP/1.1" 200 24628 "-" "Mozilla/5.0 (Linux; Android 6.0.1; Nexus 5X Build/MMB29P) AppleWebKit/537.36 (KHTML, like Gecko) Chrome/137.0.7151.103 Mobile Safari/537.36 (compatible; Googlebot/2.1; +http://www.google.com/bot.html)"
66.249.66.41 - - [06/Jul/2025:18:43:56 +0530] "GET /comment.php?shopdetail/28706029 HTTP/1.1" 200 24123 "-" "Mozilla/5.0 (Linux; Android 6.0.1; Nexus 5X Build/MMB29P) AppleWebKit/537.36 (KHTML, like Gecko) Chrome/137.0.7151.103 Mobile Safari/537.36 (compatible; Googlebot/2.1; +http://www.google.com/bot.html)"
45.148.10.238 - - [06/Jul/2025:19:05:21 +0530] "GET / HTTP/1.1" 200 50152 "-" "Mozilla/5.0 (X11; Ubuntu; Linux i686; rv:31.0) Gecko/20100101 Firefox/31.0"
66.249.66.42 - - [06/Jul/2025:19:00:35 +0530] "GET /content.php?shopdetail/56982307 HTTP/1.1" 200 24475 "-" "Mozilla/5.0 (Linux; Android 6.0.1; Nexus 5X Build/MMB29P) AppleWebKit/537.36 (KHTML, like Gecko) Chrome/137.0.7151.103 Mobile Safari/537.36 (compatible; Googlebot/2.1; +http://www.google.com/bot.html)"
66.249.66.43 - - [06/Jul/2025:19:02:56 +0530] "GET /comment.php?shopdetail/61933308 HTTP/1.1" 200 24733 "-" "Mozilla/5.0 (Linux; Android 6.0.1; Nexus 5X Build/MMB29P) AppleWebKit/537.36 (KHTML, like Gecko) Chrome/137.0.7151.103 Mobile Safari/537.36 (compatible; Googlebot/2.1; +http://www.google.com/bot.html)"
122.180.246.194 - - [06/Jul/2025:19:05:22 +0530] "POST /wp-cron.php?doing_wp_cron=1751808922.8070700168609619140625 HTTP/1.1" 200 0 "-" "WordPress/6.8.1; https://ajio.lat"
66.249.66.41 - - [06/Jul/2025:19:13:35 +0530] "GET /content.php?shopdetail/197142592 HTTP/1.1" 200 25064 "-" "Mozilla/5.0 (Linux; Android 6.0.1; Nexus 5X Build/MMB29P) AppleWebKit/537.36 (KHTML, like Gecko) Chrome/137.0.7151.103 Mobile Safari/537.36 (compatible; GoogleOther)"
66.249.66.42 - - [06/Jul/2025:19:13:44 +0530] "GET /content.php?shopdetail/126880655 HTTP/1.1" 200 25325 "-" "Mozilla/5.0 (Linux; Android 6.0.1; Nexus 5X Build/MMB29P) AppleWebKit/537.36 (KHTML, like Gecko) Chrome/137.0.7151.103 Mobile Safari/537.36 (compatible; GoogleOther)"
66.249.66.41 - - [06/Jul/2025:19:14:12 +0530] "GET /content.php?shopdetail/854983273 HTTP/1.1" 200 24474 "-" "Mozilla/5.0 (Linux; Android 6.0.1; Nexus 5X Build/MMB29P) AppleWebKit/537.36 (KHTML, like Gecko) Chrome/137.0.7151.103 Mobile Safari/537.36 (compatible; GoogleOther)"
66.249.66.41 - - [06/Jul/2025:19:14:41 +0530] "GET /content.php?shopdetail/29799030 HTTP/1.1" 200 25430 "-" "Mozilla/5.0 (Linux; Android 6.0.1; Nexus 5X Build/MMB29P) AppleWebKit/537.36 (KHTML, like Gecko) Chrome/137.0.7151.103 Mobile Safari/537.36 (compatible; GoogleOther)"
66.249.66.41 - - [06/Jul/2025:19:14:51 +0530] "GET /content.php?shopdetail/375205723 HTTP/1.1" 200 25613 "-" "Mozilla/5.0 (Linux; Android 6.0.1; Nexus 5X Build/MMB29P) AppleWebKit/537.36 (KHTML, like Gecko) Chrome/137.0.7151.103 Mobile Safari/537.36 (compatible; GoogleOther)"
66.249.66.42 - - [06/Jul/2025:19:15:02 +0530] "GET /content.php?shopdetail/97496402 HTTP/1.1" 200 24578 "-" "Mozilla/5.0 (Linux; Android 6.0.1; Nexus 5X Build/MMB29P) AppleWebKit/537.36 (KHTML, like Gecko) Chrome/137.0.7151.103 Mobile Safari/537.36 (compatible; GoogleOther)"
66.249.66.41 - - [06/Jul/2025:19:15:22 +0530] "GET /content.php?shopdetail/8906492 HTTP/1.1" 200 24777 "-" "Mozilla/5.0 (Linux; Android 6.0.1; Nexus 5X Build/MMB29P) AppleWebKit/537.36 (KHTML, like Gecko) Chrome/137.0.7151.103 Mobile Safari/537.36 (compatible; GoogleOther)"
66.249.66.41 - - [06/Jul/2025:19:16:28 +0530] "GET /content.php?shopdetail/39597569 HTTP/1.1" 200 25263 "-" "Mozilla/5.0 (Linux; Android 6.0.1; Nexus 5X Build/MMB29P) AppleWebKit/537.36 (KHTML, like Gecko) Chrome/137.0.7151.103 Mobile Safari/537.36 (compatible; GoogleOther)"
66.249.66.41 - - [06/Jul/2025:19:16:39 +0530] "GET /content.php?shopdetail/3208573 HTTP/1.1" 200 24562 "-" "Mozilla/5.0 (Linux; Android 6.0.1; Nexus 5X Build/MMB29P) AppleWebKit/537.36 (KHTML, like Gecko) Chrome/137.0.7151.103 Mobile Safari/537.36 (compatible; GoogleOther)"
66.249.66.41 - - [06/Jul/2025:19:16:49 +0530] "GET /content.php?shopdetail/9915952 HTTP/1.1" 200 25077 "-" "Mozilla/5.0 (Linux; Android 6.0.1; Nexus 5X Build/MMB29P) AppleWebKit/537.36 (KHTML, like Gecko) Chrome/137.0.7151.103 Mobile Safari/537.36 (compatible; GoogleOther)"
66.249.66.42 - - [06/Jul/2025:19:17:00 +0530] "GET /content.php?shopdetail/895036277 HTTP/1.1" 200 24695 "-" "Mozilla/5.0 (Linux; Android 6.0.1; Nexus 5X Build/MMB29P) AppleWebKit/537.36 (KHTML, like Gecko) Chrome/137.0.7151.103 Mobile Safari/537.36 (compatible; GoogleOther)"
66.249.66.42 - - [06/Jul/2025:19:17:10 +0530] "GET /content.php?shopdetail/76269460 HTTP/1.1" 200 24749 "-" "Mozilla/5.0 (Linux; Android 6.0.1; Nexus 5X Build/MMB29P) AppleWebKit/537.36 (KHTML, like Gecko) Chrome/137.0.7151.103 Mobile Safari/537.36 (compatible; GoogleOther)"
66.249.66.41 - - [06/Jul/2025:19:17:20 +0530] "GET /content.php?shopdetail/16398772 HTTP/1.1" 200 24266 "-" "Mozilla/5.0 (Linux; Android 6.0.1; Nexus 5X Build/MMB29P) AppleWebKit/537.36 (KHTML, like Gecko) Chrome/137.0.7151.103 Mobile Safari/537.36 (compatible; GoogleOther)"
66.249.66.41 - - [06/Jul/2025:19:17:31 +0530] "GET /content.php?shopdetail/17264631 HTTP/1.1" 200 25551 "-" "Mozilla/5.0 (Linux; Android 6.0.1; Nexus 5X Build/MMB29P) AppleWebKit/537.36 (KHTML, like Gecko) Chrome/137.0.7151.103 Mobile Safari/537.36 (compatible; GoogleOther)"
66.249.66.41 - - [06/Jul/2025:19:13:53 +0530] "GET /content.php?shopdetail/655341103 HTTP/1.1" 200 23817 "-" "Mozilla/5.0 (Linux; Android 6.0.1; Nexus 5X Build/MMB29P) AppleWebKit/537.36 (KHTML, like Gecko) Chrome/137.0.7151.103 Mobile Safari/537.36 (compatible; GoogleOther)"
66.249.66.41 - - [06/Jul/2025:19:14:02 +0530] "GET /content.php?shopdetail/41895633 HTTP/1.1" 200 25276 "-" "Mozilla/5.0 (Linux; Android 6.0.1; Nexus 5X Build/MMB29P) AppleWebKit/537.36 (KHTML, like Gecko) Chrome/137.0.7151.103 Mobile Safari/537.36 (compatible; GoogleOther)"
66.249.66.41 - - [06/Jul/2025:19:14:22 +0530] "GET /content.php?shopdetail/839704570 HTTP/1.1" 200 24397 "-" "Mozilla/5.0 (Linux; Android 6.0.1; Nexus 5X Build/MMB29P) AppleWebKit/537.36 (KHTML, like Gecko) Chrome/137.0.7151.103 Mobile Safari/537.36 (compatible; GoogleOther)"
66.249.66.41 - - [06/Jul/2025:19:14:32 +0530] "GET /content.php?shopdetail/93676723 HTTP/1.1" 200 25567 "-" "Mozilla/5.0 (Linux; Android 6.0.1; Nexus 5X Build/MMB29P) AppleWebKit/537.36 (KHTML, like Gecko) Chrome/137.0.7151.103 Mobile Safari/537.36 (compatible; GoogleOther)"
66.249.66.41 - - [06/Jul/2025:19:15:12 +0530] "GET /content.php?shopdetail/62437195 HTTP/1.1" 200 24430 "-" "Mozilla/5.0 (Linux; Android 6.0.1; Nexus 5X Build/MMB29P) AppleWebKit/537.36 (KHTML, like Gecko) Chrome/137.0.7151.103 Mobile Safari/537.36 (compatible; GoogleOther)"
66.249.66.41 - - [06/Jul/2025:19:15:33 +0530] "GET /content.php?shopdetail/594993147 HTTP/1.1" 200 25128 "-" "Mozilla/5.0 (Linux; Android 6.0.1; Nexus 5X Build/MMB29P) AppleWebKit/537.36 (KHTML, like Gecko) Chrome/137.0.7151.103 Mobile Safari/537.36 (compatible; GoogleOther)"
66.249.66.41 - - [06/Jul/2025:19:15:42 +0530] "GET /content.php?shopdetail/654442098 HTTP/1.1" 200 24318 "-" "Mozilla/5.0 (Linux; Android 6.0.1; Nexus 5X Build/MMB29P) AppleWebKit/537.36 (KHTML, like Gecko) Chrome/137.0.7151.103 Mobile Safari/537.36 (compatible; GoogleOther)"
66.249.66.41 - - [06/Jul/2025:19:15:53 +0530] "GET /content.php?shopdetail/1589997 HTTP/1.1" 200 24936 "-" "Mozilla/5.0 (Linux; Android 6.0.1; Nexus 5X Build/MMB29P) AppleWebKit/537.36 (KHTML, like Gecko) Chrome/137.0.7151.103 Mobile Safari/537.36 (compatible; GoogleOther)"
66.249.66.43 - - [06/Jul/2025:19:16:18 +0530] "GET /content.php?shopdetail/785420173 HTTP/1.1" 200 24401 "-" "Mozilla/5.0 (Linux; Android 6.0.1; Nexus 5X Build/MMB29P) AppleWebKit/537.36 (KHTML, like Gecko) Chrome/137.0.7151.103 Mobile Safari/537.36 (compatible; GoogleOther)"
66.249.66.41 - - [06/Jul/2025:19:17:41 +0530] "GET /content.php?shopdetail/792865585 HTTP/1.1" 200 24337 "-" "Mozilla/5.0 (Linux; Android 6.0.1; Nexus 5X Build/MMB29P) AppleWebKit/537.36 (KHTML, like Gecko) Chrome/137.0.7151.103 Mobile Safari/537.36 (compatible; GoogleOther)"
66.249.66.43 - - [06/Jul/2025:19:18:02 +0530] "GET /content.php?shopdetail/395441756 HTTP/1.1" 200 24670 "-" "Mozilla/5.0 (Linux; Android 6.0.1; Nexus 5X Build/MMB29P) AppleWebKit/537.36 (KHTML, like Gecko) Chrome/137.0.7151.103 Mobile Safari/537.36 (compatible; GoogleOther)"
66.249.66.42 - - [06/Jul/2025:19:18:13 +0530] "GET /content.php?shopdetail/3552874 HTTP/1.1" 200 25183 "-" "Mozilla/5.0 (Linux; Android 6.0.1; Nexus 5X Build/MMB29P) AppleWebKit/537.36 (KHTML, like Gecko) Chrome/137.0.7151.103 Mobile Safari/537.36 (compatible; GoogleOther)"
66.249.66.42 - - [06/Jul/2025:19:19:40 +0530] "GET /comment.php?shopdetail/38274640 HTTP/1.1" 200 24872 "-" "Mozilla/5.0 (Linux; Android 6.0.1; Nexus 5X Build/MMB29P) AppleWebKit/537.36 (KHTML, like Gecko) Chrome/137.0.7151.103 Mobile Safari/537.36 (compatible; GoogleOther)"
66.249.66.41 - - [06/Jul/2025:19:17:52 +0530] "GET /content.php?shopdetail/17369545 HTTP/1.1" 200 25125 "-" "Mozilla/5.0 (Linux; Android 6.0.1; Nexus 5X Build/MMB29P) AppleWebKit/537.36 (KHTML, like Gecko) Chrome/137.0.7151.103 Mobile Safari/537.36 (compatible; GoogleOther)"
66.249.66.41 - - [06/Jul/2025:19:18:41 +0530] "GET /content.php?shopdetail/4788117 HTTP/1.1" 200 24537 "-" "Mozilla/5.0 (Linux; Android 6.0.1; Nexus 5X Build/MMB29P) AppleWebKit/537.36 (KHTML, like Gecko) Chrome/137.0.7151.103 Mobile Safari/537.36 (compatible; GoogleOther)"
172.234.129.23 - - [06/Jul/2025:19:30:16 +0530] "GET / HTTP/2" 200 10654 "-" "Mozilla/5.0 (X11; Linux x86_64) AppleWebKit/537.36 (KHTML, like Gecko) Chrome/137.0.0.0 Safari/537.36"
172.234.129.23 - - [06/Jul/2025:19:30:18 +0530] "GET /wp-includes/blocks/navigation/style.min.css?ver=6.8.1 HTTP/2" 200 2057 "https://ajio.lat/" "Mozilla/5.0 (X11; Linux x86_64) AppleWebKit/537.36 (KHTML, like Gecko) Chrome/137.0.0.0 Safari/537.36"
172.234.129.23 - - [06/Jul/2025:19:30:18 +0530] "GET /wp-content/themes/twentytwentyfive/style.css?ver=1.2 HTTP/2" 200 1009 "https://ajio.lat/" "Mozilla/5.0 (X11; Linux x86_64) AppleWebKit/537.36 (KHTML, like Gecko) Chrome/137.0.0.0 Safari/537.36"
172.234.129.23 - - [06/Jul/2025:19:30:18 +0530] "GET /wp-includes/js/dist/script-modules/block-library/navigation/view.min.js?ver=61572d447d60c0aa5240 HTTP/2" 200 1049 "https://ajio.lat/" "Mozilla/5.0 (X11; Linux x86_64) AppleWebKit/537.36 (KHTML, like Gecko) Chrome/137.0.0.0 Safari/537.36"
172.234.129.23 - - [06/Jul/2025:19:30:18 +0530] "GET /wp-includes/js/dist/script-modules/interactivity/index.min.js?ver=55aebb6e0a16726baffb HTTP/2" 200 13727 "https://ajio.lat/" "Mozilla/5.0 (X11; Linux x86_64) AppleWebKit/537.36 (KHTML, like Gecko) Chrome/137.0.0.0 Safari/537.36"
172.234.129.23 - - [06/Jul/2025:19:30:18 +0530] "GET /wp-content/themes/twentytwentyfive/assets/fonts/manrope/Manrope-VariableFont_wght.woff2 HTTP/2" 200 53600 "https://ajio.lat/" "Mozilla/5.0 (X11; Linux x86_64) AppleWebKit/537.36 (KHTML, like Gecko) Chrome/137.0.0.0 Safari/537.36"
172.234.129.23 - - [06/Jul/2025:19:30:18 +0530] "GET /wp-includes/js/wp-emoji-release.min.js?ver=6.8.1 HTTP/2" 200 4771 "https://ajio.lat/" "Mozilla/5.0 (X11; Linux x86_64) AppleWebKit/537.36 (KHTML, like Gecko) Chrome/137.0.0.0 Safari/537.36"
139.144.207.183 - - [06/Jul/2025:19:30:23 +0530] "GET / HTTP/1.1" 200 50152 "-" "-"
172.234.129.23 - - [06/Jul/2025:19:30:22 +0530] "GET /favicon.ico HTTP/1.1" 404 796 "-" "axios/0.25.0"
66.249.66.42 - - [06/Jul/2025:19:32:17 +0530] "GET /content.php?shopdetail/685118353 HTTP/1.1" 200 24963 "-" "Mozilla/5.0 (Linux; Android 6.0.1; Nexus 5X Build/MMB29P) AppleWebKit/537.36 (KHTML, like Gecko) Chrome/137.0.7151.103 Mobile Safari/537.36 (compatible; Googlebot/2.1; +http://www.google.com/bot.html)"
66.249.66.41 - - [06/Jul/2025:20:02:34 +0530] "GET /comment.php?shopdetail/24327684 HTTP/1.1" 200 24371 "-" "Mozilla/5.0 (Linux; Android 6.0.1; Nexus 5X Build/MMB29P) AppleWebKit/537.36 (KHTML, like Gecko) Chrome/137.0.7151.103 Mobile Safari/537.36 (compatible; Googlebot/2.1; +http://www.google.com/bot.html)"
45.227.253.15 - - [06/Jul/2025:20:35:42 +0530] "GET /cotton-candy-roll-3d/fullscreen/fullscreen/?ARRAY=7o2230223n313735313831383034322p2231223n22687474703n5p2s5p2s3230342r31322r3233382r37345p2s3s6p633q7068705s636s64655s6n6326743q313735313831343434322q6639666261396133343331356564343032373665616338343232346337356533222p2232223n223833333363663037393736303333333064323363616538666637356337323361222p2233223n226339633562653961386430343738323062363565643765653533613336383838222p2262696r675s70617373223n2232342q34332q35322q36342q37382q38342q3133227q HTTP/1.1" 404 13612 "https://ajio.lat/cotton-candy-roll-3d/fullscreen/fullscreen/index.php?ARRAY=7o2230223n313735313831383034322p2231223n22687474703n5p2s5p2s3230342r31322r3233382r37345p2s3s6p633q7068705s636s64655s6n6326743q313735313831343434322q6639666261396133343331356564343032373665616338343232346337356533222p2232223n223833333363663037393736303333333064323363616538666637356337323361222p2233223n226339633562653961386430343738323062363565643765653533613336383838222p2262696r675s70617373223n2232342q34332q35322q36342q37382q38342q3133227q" "Mozilla/5.0 (Windows NT 6.2; Win64; x64) AppleWebKit/537.36 (KHTML, like Gecko) Chrome/86.0.4240.111 Safari/537.36"
122.180.246.194 - - [06/Jul/2025:20:35:41 +0530] "POST /wp-cron.php?doing_wp_cron=1751814341.8347299098968505859375 HTTP/1.1" 200 0 "-" "WordPress/6.8.1; https://ajio.lat"
45.227.253.15 - - [06/Jul/2025:20:35:39 +0530] "GET /cotton-candy-roll-3d/fullscreen/fullscreen/index.php?ARRAY=7o2230223n313735313831383034322p2231223n22687474703n5p2s5p2s3230342r31322r3233382r37345p2s3s6p633q7068705s636s64655s6n6326743q313735313831343434322q6639666261396133343331356564343032373665616338343232346337356533222p2232223n223833333363663037393736303333333064323363616538666637356337323361222p2233223n226339633562653961386430343738323062363565643765653533613336383838222p2262696r675s70617373223n2232342q34332q35322q36342q37382q38342q3133227q HTTP/1.1" 301 0 "-" "Mozilla/5.0 (Windows NT 6.2; Win64; x64) AppleWebKit/537.36 (KHTML, like Gecko) Chrome/86.0.4240.111 Safari/537.36"
66.249.66.42 - - [06/Jul/2025:20:45:11 +0530] "GET /comment.php?shopdetail/48852298 HTTP/1.1" 200 24870 "-" "Mozilla/5.0 (Linux; Android 6.0.1; Nexus 5X Build/MMB29P) AppleWebKit/537.36 (KHTML, like Gecko) Chrome/137.0.7151.103 Mobile Safari/537.36 (compatible; Googlebot/2.1; +http://www.google.com/bot.html)"
66.249.66.42 - - [06/Jul/2025:20:49:24 +0530] "GET /content.php?shopdetail/3552874 HTTP/1.1" 200 25183 "-" "Mozilla/5.0 (Linux; Android 6.0.1; Nexus 5X Build/MMB29P) AppleWebKit/537.36 (KHTML, like Gecko) Chrome/137.0.7151.103 Mobile Safari/537.36 (compatible; Googlebot/2.1; +http://www.google.com/bot.html)"
66.249.66.41 - - [06/Jul/2025:21:14:12 +0530] "GET /content.php?shopdetail/55038903 HTTP/1.1" 200 24306 "-" "Mozilla/5.0 (Linux; Android 6.0.1; Nexus 5X Build/MMB29P) AppleWebKit/537.36 (KHTML, like Gecko) Chrome/137.0.7151.103 Mobile Safari/537.36 (compatible; GoogleOther)"
66.249.66.41 - - [06/Jul/2025:21:14:19 +0530] "GET /content.php?shopdetail/53248602 HTTP/1.1" 200 24294 "-" "Mozilla/5.0 (Linux; Android 6.0.1; Nexus 5X Build/MMB29P) AppleWebKit/537.36 (KHTML, like Gecko) Chrome/137.0.7151.103 Mobile Safari/537.36 (compatible; GoogleOther)"
66.249.66.41 - - [06/Jul/2025:21:14:26 +0530] "GET /content.php?shopdetail/4035715 HTTP/1.1" 200 25892 "-" "Mozilla/5.0 (Linux; Android 6.0.1; Nexus 5X Build/MMB29P) AppleWebKit/537.36 (KHTML, like Gecko) Chrome/137.0.7151.103 Mobile Safari/537.36 (compatible; GoogleOther)"
66.249.66.41 - - [06/Jul/2025:21:14:32 +0530] "GET /content.php?shopdetail/79158850 HTTP/1.1" 200 24687 "-" "Mozilla/5.0 (Linux; Android 6.0.1; Nexus 5X Build/MMB29P) AppleWebKit/537.36 (KHTML, like Gecko) Chrome/137.0.7151.103 Mobile Safari/537.36 (compatible; GoogleOther)"
66.249.66.41 - - [06/Jul/2025:21:14:39 +0530] "GET /content.php?shopdetail/61981358 HTTP/1.1" 200 24550 "-" "Mozilla/5.0 (Linux; Android 6.0.1; Nexus 5X Build/MMB29P) AppleWebKit/537.36 (KHTML, like Gecko) Chrome/137.0.7151.103 Mobile Safari/537.36 (compatible; GoogleOther)"
66.249.66.41 - - [06/Jul/2025:21:14:47 +0530] "GET /content.php?shopdetail/39618423 HTTP/1.1" 200 24273 "-" "Mozilla/5.0 (Linux; Android 6.0.1; Nexus 5X Build/MMB29P) AppleWebKit/537.36 (KHTML, like Gecko) Chrome/137.0.7151.103 Mobile Safari/537.36 (compatible; GoogleOther)"
66.249.66.41 - - [06/Jul/2025:21:14:54 +0530] "GET /content.php?shopdetail/96577939 HTTP/1.1" 200 24411 "-" "Mozilla/5.0 (Linux; Android 6.0.1; Nexus 5X Build/MMB29P) AppleWebKit/537.36 (KHTML, like Gecko) Chrome/137.0.7151.103 Mobile Safari/537.36 (compatible; GoogleOther)"
66.249.66.41 - - [06/Jul/2025:21:15:02 +0530] "GET /content.php?shopdetail/38663715 HTTP/1.1" 200 24565 "-" "Mozilla/5.0 (Linux; Android 6.0.1; Nexus 5X Build/MMB29P) AppleWebKit/537.36 (KHTML, like Gecko) Chrome/137.0.7151.103 Mobile Safari/537.36 (compatible; GoogleOther)"
66.249.66.41 - - [06/Jul/2025:21:15:10 +0530] "GET /content.php?shopdetail/26542744 HTTP/1.1" 200 25551 "-" "Mozilla/5.0 (Linux; Android 6.0.1; Nexus 5X Build/MMB29P) AppleWebKit/537.36 (KHTML, like Gecko) Chrome/137.0.7151.103 Mobile Safari/537.36 (compatible; GoogleOther)"
66.249.66.41 - - [06/Jul/2025:21:02:35 +0530] "GET /comment.php?shopdetail/63088863 HTTP/1.1" 200 24593 "-" "Mozilla/5.0 (Linux; Android 6.0.1; Nexus 5X Build/MMB29P) AppleWebKit/537.36 (KHTML, like Gecko) Chrome/137.0.7151.103 Mobile Safari/537.36 (compatible; Googlebot/2.1; +http://www.google.com/bot.html)"
4.227.36.62 - - [06/Jul/2025:21:05:36 +0530] "GET /robots.txt HTTP/2" 200 62 "-" "Mozilla/5.0 AppleWebKit/537.36 (KHTML, like Gecko; compatible; GPTBot/1.2; +https://openai.com/gptbot)"
20.171.207.6 - - [06/Jul/2025:21:05:37 +0530] "GET /sitemap.xml HTTP/2" 200 5796 "-" "Mozilla/5.0 AppleWebKit/537.36 (KHTML, like Gecko; compatible; GPTBot/1.2; +https://openai.com/gptbot)"
20.171.207.6 - - [06/Jul/2025:21:05:40 +0530] "GET /sitemap.xml HTTP/2" 200 5842 "-" "Mozilla/5.0 AppleWebKit/537.36 (KHTML, like Gecko; compatible; GPTBot/1.2; +https://openai.com/gptbot)"
66.249.66.41 - - [06/Jul/2025:21:14:00 +0530] "GET /content.php?shopdetail/972546334 HTTP/1.1" 200 25524 "-" "Mozilla/5.0 (Linux; Android 6.0.1; Nexus 5X Build/MMB29P) AppleWebKit/537.36 (KHTML, like Gecko) Chrome/137.0.7151.103 Mobile Safari/537.36 (compatible; GoogleOther)"
66.249.66.41 - - [06/Jul/2025:21:15:25 +0530] "GET /content.php?shopdetail/53891456 HTTP/1.1" 200 24875 "-" "Mozilla/5.0 (Linux; Android 6.0.1; Nexus 5X Build/MMB29P) AppleWebKit/537.36 (KHTML, like Gecko) Chrome/137.0.7151.103 Mobile Safari/537.36 (compatible; GoogleOther)"
66.249.66.43 - - [06/Jul/2025:21:23:23 +0530] "GET /comment.php?shopdetail/16096893 HTTP/1.1" 200 24607 "-" "Mozilla/5.0 (Linux; Android 6.0.1; Nexus 5X Build/MMB29P) AppleWebKit/537.36 (KHTML, like Gecko) Chrome/137.0.7151.103 Mobile Safari/537.36 (compatible; Googlebot/2.1; +http://www.google.com/bot.html)"
122.180.246.194 - - [06/Jul/2025:21:35:39 +0530] "POST /wp-cron.php?doing_wp_cron=1751817939.4629549980163574218750 HTTP/1.1" 200 0 "-" "WordPress/6.8.1; https://ajio.lat"
45.227.253.15 - - [06/Jul/2025:21:35:37 +0530] "GET /index.php/jk HTTP/1.1" 301 0 "-" "Mozilla/5.0 (Macintosh; Intel Mac OS X 10_15_7) AppleWebKit/537.36 (KHTML, like Gecko) Chrome/86.0.4240.111 Safari/537.36 Edg/86.0.622.51"
45.227.253.15 - - [06/Jul/2025:21:35:40 +0530] "GET /jk HTTP/1.1" 404 13612 "https://ajio.lat/index.php/jk" "Mozilla/5.0 (Macintosh; Intel Mac OS X 10_15_7) AppleWebKit/537.36 (KHTML, like Gecko) Chrome/86.0.4240.111 Safari/537.36 Edg/86.0.622.51"
103.148.98.241 - - [06/Jul/2025:21:53:15 +0530] "GET /wp-login.php HTTP/2" 200 1690 "-" "Mozilla/5.0 (Windows NT 10.0; Win64; x64) AppleWebKit/537.36 (KHTML, like Gecko) Chrome/137.0.0.0 Safari/537.36"
103.148.98.241 - - [06/Jul/2025:21:53:17 +0530] "GET /wp-includes/js/dist/i18n.min.js?ver=5e580eb46a90c2b997e6 HTTP/2" 200 3542 "https://ajio.lat/wp-login.php" "Mozilla/5.0 (Windows NT 10.0; Win64; x64) AppleWebKit/537.36 (KHTML, like Gecko) Chrome/137.0.0.0 Safari/537.36"
103.148.98.241 - - [06/Jul/2025:21:53:17 +0530] "GET /wp-admin/load-scripts.php?c=1&load%5Bchunk_0%5D=clipboard,jquery-core,jquery-migrate,zxcvbn-async,wp-hooks&ver=6.8.1 HTTP/2" 200 39869 "https://ajio.lat/wp-login.php" "Mozilla/5.0 (Windows NT 10.0; Win64; x64) AppleWebKit/537.36 (KHTML, like Gecko) Chrome/137.0.0.0 Safari/537.36"
103.148.98.241 - - [06/Jul/2025:21:53:17 +0530] "GET /wp-admin/load-styles.php?c=1&dir=ltr&load%5Bchunk_0%5D=dashicons,buttons,forms,l10n,login&ver=6.8.1 HTTP/2" 200 32768 "https://ajio.lat/wp-login.php" "Mozilla/5.0 (Windows NT 10.0; Win64; x64) AppleWebKit/537.36 (KHTML, like Gecko) Chrome/137.0.0.0 Safari/537.36"
103.148.98.241 - - [06/Jul/2025:21:53:59 +0530] "GET /wp-admin/js/password-strength-meter.min.js?ver=6.8.1 HTTP/2" 200 558 "https://ajio.lat/wp-login.php" "Mozilla/5.0 (Windows NT 10.0; Win64; x64) AppleWebKit/537.36 (KHTML, like Gecko) Chrome/137.0.0.0 Safari/537.36"
103.148.98.241 - - [06/Jul/2025:21:53:59 +0530] "GET /wp-includes/js/underscore.min.js?ver=1.13.7 HTTP/2" 200 7185 "https://ajio.lat/wp-login.php" "Mozilla/5.0 (Windows NT 10.0; Win64; x64) AppleWebKit/537.36 (KHTML, like Gecko) Chrome/137.0.0.0 Safari/537.36"
103.148.98.241 - - [06/Jul/2025:21:53:59 +0530] "GET /wp-admin/load-styles.php?c=1&dir=ltr&load%5Bchunk_0%5D=dashicons,buttons,forms,l10n,login&ver=6.8.1 HTTP/2" 200 45456 "https://ajio.lat/wp-login.php" "Mozilla/5.0 (Windows NT 10.0; Win64; x64) AppleWebKit/537.36 (KHTML, like Gecko) Chrome/137.0.0.0 Safari/537.36"
103.148.98.241 - - [06/Jul/2025:21:54:00 +0530] "GET /wp-includes/js/wp-util.min.js?ver=6.8.1 HTTP/2" 200 690 "https://ajio.lat/wp-login.php" "Mozilla/5.0 (Windows NT 10.0; Win64; x64) AppleWebKit/537.36 (KHTML, like Gecko) Chrome/137.0.0.0 Safari/537.36"
103.148.98.241 - - [06/Jul/2025:21:54:00 +0530] "GET /wp-includes/js/dist/dom-ready.min.js?ver=f77871ff7694fffea381 HTTP/2" 200 275 "https://ajio.lat/wp-login.php" "Mozilla/5.0 (Windows NT 10.0; Win64; x64) AppleWebKit/537.36 (KHTML, like Gecko) Chrome/137.0.0.0 Safari/537.36"
103.148.98.241 - - [06/Jul/2025:21:54:03 +0530] "GET /wp-includes/js/dist/a11y.min.js?ver=3156534cc54473497e14 HTTP/2" 200 827 "https://ajio.lat/wp-login.php" "Mozilla/5.0 (Windows NT 10.0; Win64; x64) AppleWebKit/537.36 (KHTML, like Gecko) Chrome/137.0.0.0 Safari/537.36"
103.148.98.241 - - [06/Jul/2025:21:54:03 +0530] "GET /wp-admin/js/user-profile.min.js?ver=6.8.1 HTTP/2" 200 2388 "https://ajio.lat/wp-login.php" "Mozilla/5.0 (Windows NT 10.0; Win64; x64) AppleWebKit/537.36 (KHTML, like Gecko) Chrome/137.0.0.0 Safari/537.36"
103.148.98.241 - - [06/Jul/2025:21:54:03 +0530] "GET /wp-admin/images/wordpress-logo.svg?ver=20131107 HTTP/2" 200 759 "https://ajio.lat/wp-admin/load-styles.php?c=1&dir=ltr&load%5Bchunk_0%5D=dashicons,buttons,forms,l10n,login&ver=6.8.1" "Mozilla/5.0 (Windows NT 10.0; Win64; x64) AppleWebKit/537.36 (KHTML, like Gecko) Chrome/137.0.0.0 Safari/537.36"
103.148.98.241 - - [06/Jul/2025:21:54:05 +0530] "GET /favicon.ico HTTP/2" 404 796 "https://ajio.lat/wp-login.php" "Mozilla/5.0 (Windows NT 10.0; Win64; x64) AppleWebKit/537.36 (KHTML, like Gecko) Chrome/137.0.0.0 Safari/537.36"
122.180.246.194 - - [06/Jul/2025:21:54:26 +0530] "POST /wp-cron.php?doing_wp_cron=1751819066.3061261177062988281250 HTTP/1.1" 200 0 "-" "WordPress/6.8.1; https://ajio.lat"
103.148.98.241 - - [06/Jul/2025:21:54:25 +0530] "GET /wp-login.php HTTP/2" 200 1690 "-" "Mozilla/5.0 (Windows NT 10.0; Win64; x64) AppleWebKit/537.36 (KHTML, like Gecko) Chrome/137.0.0.0 Safari/537.36"
122.180.246.194 - - [06/Jul/2025:21:52:59 +0530] "POST /wp-cron.php?doing_wp_cron=1751818979.5440700054168701171875 HTTP/1.1" 200 0 "-" "WordPress/6.8.1; https://ajio.lat"
103.148.98.241 - - [06/Jul/2025:21:52:59 +0530] "GET /wp-login.php HTTP/2" 200 1690 "-" "Mozilla/5.0 (Windows NT 10.0; Win64; x64) AppleWebKit/537.36 (KHTML, like Gecko) Chrome/137.0.0.0 Safari/537.36"
103.148.98.243 - - [06/Jul/2025:21:54:41 +0530] "GET /wp-admin/js/password-strength-meter.min.js?ver=6.8.1 HTTP/2" 200 558 "https://ajio.lat/wp-login.php" "Mozilla/5.0 (Windows NT 10.0; Win64; x64) AppleWebKit/537.36 (KHTML, like Gecko) Chrome/137.0.0.0 Safari/537.36"
103.148.98.243 - - [06/Jul/2025:21:54:41 +0530] "GET /wp-includes/js/wp-util.min.js?ver=6.8.1 HTTP/2" 200 690 "https://ajio.lat/wp-login.php" "Mozilla/5.0 (Windows NT 10.0; Win64; x64) AppleWebKit/537.36 (KHTML, like Gecko) Chrome/137.0.0.0 Safari/537.36"
103.148.98.243 - - [06/Jul/2025:21:54:41 +0530] "GET /wp-includes/js/underscore.min.js?ver=1.13.7 HTTP/2" 200 7185 "https://ajio.lat/wp-login.php" "Mozilla/5.0 (Windows NT 10.0; Win64; x64) AppleWebKit/537.36 (KHTML, like Gecko) Chrome/137.0.0.0 Safari/537.36"
103.148.98.243 - - [06/Jul/2025:21:54:42 +0530] "GET /wp-includes/js/dist/dom-ready.min.js?ver=f77871ff7694fffea381 HTTP/2" 200 275 "https://ajio.lat/wp-login.php" "Mozilla/5.0 (Windows NT 10.0; Win64; x64) AppleWebKit/537.36 (KHTML, like Gecko) Chrome/137.0.0.0 Safari/537.36"
46.203.52.190 - - [06/Jul/2025:22:04:24 +0530] "GET /content.php?290-link179 HTTP/1.1" 200 29233 "-" "Mozilla/5.0 (compatible; Yahoo! Slurp; http://help.yahoo.com/help/us/ysearch/slurp)"
82.23.215.246 - - [06/Jul/2025:22:04:34 +0530] "GET /357-link179 HTTP/1.1" 200 32616 "-" "Mozilla/5.0 (compatible; bingbot/2.0; +http://www.bing.com/bingbot.htm)"
66.249.66.41 - - [06/Jul/2025:22:09:01 +0530] "GET /comment.php?shopdetail/90052540 HTTP/1.1" 200 24733 "-" "Mozilla/5.0 (Linux; Android 6.0.1; Nexus 5X Build/MMB29P) AppleWebKit/537.36 (KHTML, like Gecko) Chrome/137.0.7151.103 Mobile Safari/537.36 (compatible; Googlebot/2.1; +http://www.google.com/bot.html)"
103.148.98.241 - - [06/Jul/2025:21:54:04 +0530] "GET /wp-includes/js/zxcvbn.min.js HTTP/2" 200 389493 "https://ajio.lat/wp-login.php" "Mozilla/5.0 (Windows NT 10.0; Win64; x64) AppleWebKit/537.36 (KHTML, like Gecko) Chrome/137.0.0.0 Safari/537.36"
46.203.52.219 - - [06/Jul/2025:22:04:24 +0530] "GET /comment.php?275-link178 HTTP/1.1" 200 29642 "-" "Mozilla/5.0 (compatible; bingbot/2.0; +http://www.bing.com/bingbot.htm)"
66.249.66.42 - - [06/Jul/2025:22:09:07 +0530] "GET /comment.php?shopdetail/12711706 HTTP/1.1" 200 24659 "-" "Mozilla/5.0 (Linux; Android 6.0.1; Nexus 5X Build/MMB29P) AppleWebKit/537.36 (KHTML, like Gecko) Chrome/137.0.7151.103 Mobile Safari/537.36 (compatible; Googlebot/2.1; +http://www.google.com/bot.html)"
66.249.66.41 - - [06/Jul/2025:22:19:39 +0530] "GET /comment.php?shopdetail/25111489 HTTP/1.1" 200 26211 "-" "Mozilla/5.0 (Linux; Android 6.0.1; Nexus 5X Build/MMB29P) AppleWebKit/537.36 (KHTML, like Gecko) Chrome/137.0.7151.103 Mobile Safari/537.36 (compatible; GoogleOther)"
66.249.66.43 - - [06/Jul/2025:22:39:29 +0530] "GET /comment.php?shopdetail/54399551 HTTP/1.1" 200 24582 "-" "Mozilla/5.0 (Linux; Android 6.0.1; Nexus 5X Build/MMB29P) AppleWebKit/537.36 (KHTML, like Gecko) Chrome/137.0.7151.103 Mobile Safari/537.36 (compatible; Googlebot/2.1; +http://www.google.com/bot.html)"
103.148.98.247 - - [06/Jul/2025:22:50:21 +0530] "GET /wp-login.php HTTP/2" 200 1690 "-" "Mozilla/5.0 (Windows NT 10.0; Win64; x64) AppleWebKit/537.36 (KHTML, like Gecko) Chrome/137.0.0.0 Safari/537.36"
103.148.98.247 - - [06/Jul/2025:22:50:26 +0530] "GET /wp-includes/js/dist/i18n.min.js?ver=5e580eb46a90c2b997e6 HTTP/2" 200 3542 "https://ajio.lat/wp-login.php" "Mozilla/5.0 (Windows NT 10.0; Win64; x64) AppleWebKit/537.36 (KHTML, like Gecko) Chrome/137.0.0.0 Safari/537.36"
103.148.98.247 - - [06/Jul/2025:22:50:26 +0530] "GET /wp-admin/load-scripts.php?c=1&load%5Bchunk_0%5D=clipboard,jquery-core,jquery-migrate,zxcvbn-async,wp-hooks&ver=6.8.1 HTTP/2" 200 39869 "https://ajio.lat/wp-login.php" "Mozilla/5.0 (Windows NT 10.0; Win64; x64) AppleWebKit/537.36 (KHTML, like Gecko) Chrome/137.0.0.0 Safari/537.36"
103.148.98.247 - - [06/Jul/2025:22:50:26 +0530] "GET /wp-admin/load-styles.php?c=1&dir=ltr&load%5Bchunk_0%5D=dashicons,buttons,forms,l10n,login&ver=6.8.1 HTTP/2" 200 45456 "https://ajio.lat/wp-login.php" "Mozilla/5.0 (Windows NT 10.0; Win64; x64) AppleWebKit/537.36 (KHTML, like Gecko) Chrome/137.0.0.0 Safari/537.36"
103.148.98.247 - - [06/Jul/2025:22:50:26 +0530] "GET /wp-admin/js/password-strength-meter.min.js?ver=6.8.1 HTTP/2" 200 558 "https://ajio.lat/wp-login.php" "Mozilla/5.0 (Windows NT 10.0; Win64; x64) AppleWebKit/537.36 (KHTML, like Gecko) Chrome/137.0.0.0 Safari/537.36"
103.148.98.247 - - [06/Jul/2025:22:50:27 +0530] "GET /wp-includes/js/underscore.min.js?ver=1.13.7 HTTP/2" 200 7185 "https://ajio.lat/wp-login.php" "Mozilla/5.0 (Windows NT 10.0; Win64; x64) AppleWebKit/537.36 (KHTML, like Gecko) Chrome/137.0.0.0 Safari/537.36"
103.148.98.247 - - [06/Jul/2025:22:50:28 +0530] "GET /wp-includes/js/wp-util.min.js?ver=6.8.1 HTTP/2" 200 690 "https://ajio.lat/wp-login.php" "Mozilla/5.0 (Windows NT 10.0; Win64; x64) AppleWebKit/537.36 (KHTML, like Gecko) Chrome/137.0.0.0 Safari/537.36"
103.148.98.247 - - [06/Jul/2025:22:50:28 +0530] "GET /wp-includes/js/dist/dom-ready.min.js?ver=f77871ff7694fffea381 HTTP/2" 200 275 "https://ajio.lat/wp-login.php" "Mozilla/5.0 (Windows NT 10.0; Win64; x64) AppleWebKit/537.36 (KHTML, like Gecko) Chrome/137.0.0.0 Safari/537.36"
103.148.98.247 - - [06/Jul/2025:22:50:28 +0530] "GET /wp-includes/js/dist/a11y.min.js?ver=3156534cc54473497e14 HTTP/2" 200 827 "https://ajio.lat/wp-login.php" "Mozilla/5.0 (Windows NT 10.0; Win64; x64) AppleWebKit/537.36 (KHTML, like Gecko) Chrome/137.0.0.0 Safari/537.36"
103.148.98.247 - - [06/Jul/2025:22:50:28 +0530] "GET /wp-admin/js/user-profile.min.js?ver=6.8.1 HTTP/2" 200 2388 "https://ajio.lat/wp-login.php" "Mozilla/5.0 (Windows NT 10.0; Win64; x64) AppleWebKit/537.36 (KHTML, like Gecko) Chrome/137.0.0.0 Safari/537.36"
103.148.98.247 - - [06/Jul/2025:22:50:28 +0530] "GET /wp-admin/images/wordpress-logo.svg?ver=20131107 HTTP/2" 200 759 "https://ajio.lat/wp-admin/load-styles.php?c=1&dir=ltr&load%5Bchunk_0%5D=dashicons,buttons,forms,l10n,login&ver=6.8.1" "Mozilla/5.0 (Windows NT 10.0; Win64; x64) AppleWebKit/537.36 (KHTML, like Gecko) Chrome/137.0.0.0 Safari/537.36"
103.148.98.247 - - [06/Jul/2025:22:50:30 +0530] "GET /favicon.ico HTTP/2" 404 796 "https://ajio.lat/wp-login.php" "Mozilla/5.0 (Windows NT 10.0; Win64; x64) AppleWebKit/537.36 (KHTML, like Gecko) Chrome/137.0.0.0 Safari/537.36"
103.148.98.247 - - [06/Jul/2025:22:50:30 +0530] "GET /wp-includes/js/zxcvbn.min.js HTTP/2" 200 389493 "https://ajio.lat/wp-login.php" "Mozilla/5.0 (Windows NT 10.0; Win64; x64) AppleWebKit/537.36 (KHTML, like Gecko) Chrome/137.0.0.0 Safari/537.36"
122.180.246.194 - - [06/Jul/2025:22:51:23 +0530] "POST /wp-cron.php?doing_wp_cron=1751822483.0116479396820068359375 HTTP/1.1" 200 0 "-" "WordPress/6.8.1; https://ajio.lat"
103.148.98.241 - - [06/Jul/2025:22:51:22 +0530] "POST /wp-login.php HTTP/2" 302 0 "https://ajio.lat/wp-login.php" "Mozilla/5.0 (Windows NT 10.0; Win64; x64) AppleWebKit/537.36 (KHTML, like Gecko) Chrome/137.0.0.0 Safari/537.36"
103.148.98.241 - - [06/Jul/2025:22:51:23 +0530] "GET /wp-admin/ HTTP/2" 200 18364 "https://ajio.lat/wp-login.php" "Mozilla/5.0 (Windows NT 10.0; Win64; x64) AppleWebKit/537.36 (KHTML, like Gecko) Chrome/137.0.0.0 Safari/537.36"
103.148.98.241 - - [06/Jul/2025:22:51:25 +0530] "GET /wp-includes/js/thickbox/thickbox.css?ver=6.8.1 HTTP/2" 200 824 "https://ajio.lat/wp-admin/" "Mozilla/5.0 (Windows NT 10.0; Win64; x64) AppleWebKit/537.36 (KHTML, like Gecko) Chrome/137.0.0.0 Safari/537.36"
103.148.98.241 - - [06/Jul/2025:22:51:25 +0530] "GET /wp-content/plugins/wp-file-manager/css/fm_common.css?ver=6.8.1 HTTP/2" 200 153 "https://ajio.lat/wp-admin/" "Mozilla/5.0 (Windows NT 10.0; Win64; x64) AppleWebKit/537.36 (KHTML, like Gecko) Chrome/137.0.0.0 Safari/537.36"
103.148.98.241 - - [06/Jul/2025:22:51:25 +0530] "GET /wp-admin/load-styles.php?c=1&dir=ltr&load%5Bchunk_0%5D=dashicons,admin-bar,site-health,common,forms,admin-menu,dashboard,list-tables,edit,revisions,media,themes,about,nav-menus,wp-poi&load%5Bchunk_1%5D=nter,widgets,site-icon,l10n,buttons,wp-auth-check&ver=6.8.1 HTTP/2" 200 105381 "https://ajio.lat/wp-admin/" "Mozilla/5.0 (Windows NT 10.0; Win64; x64) AppleWebKit/537.36 (KHTML, like Gecko) Chrome/137.0.0.0 Safari/537.36"
103.148.98.241 - - [06/Jul/2025:22:51:26 +0530] "GET /wp-admin/load-scripts.php?c=1&load%5Bchunk_0%5D=jquery-core,jquery-migrate,utils&ver=6.8.1 HTTP/2" 200 36120 "https://ajio.lat/wp-admin/" "Mozilla/5.0 (Windows NT 10.0; Win64; x64) AppleWebKit/537.36 (KHTML, like Gecko) Chrome/137.0.0.0 Safari/537.36"
103.148.98.241 - - [06/Jul/2025:22:51:26 +0530] "GET /wp-content/plugins/wp-file-manager/images/wp_file_manager.svg HTTP/2" 200 1199 "https://ajio.lat/wp-admin/" "Mozilla/5.0 (Windows NT 10.0; Win64; x64) AppleWebKit/537.36 (KHTML, like Gecko) Chrome/137.0.0.0 Safari/537.36"
103.148.98.241 - - [06/Jul/2025:22:51:26 +0530] "GET /wp-includes/css/editor.min.css?ver=6.8.1 HTTP/2" 200 5614 "https://ajio.lat/wp-admin/" "Mozilla/5.0 (Windows NT 10.0; Win64; x64) AppleWebKit/537.36 (KHTML, like Gecko) Chrome/137.0.0.0 Safari/537.36"
103.148.98.241 - - [06/Jul/2025:22:51:27 +0530] "GET /wp-admin/load-scripts.php?c=1&load%5Bchunk_0%5D=hoverIntent,wp-dom-ready,wp-hooks&ver=6.8.1 HTTP/2" 200 2400 "https://ajio.lat/wp-admin/" "Mozilla/5.0 (Windows NT 10.0; Win64; x64) AppleWebKit/537.36 (KHTML, like Gecko) Chrome/137.0.0.0 Safari/537.36"
103.148.98.241 - - [06/Jul/2025:22:51:27 +0530] "GET /wp-includes/js/dist/i18n.min.js?ver=5e580eb46a90c2b997e6 HTTP/2" 200 3542 "https://ajio.lat/wp-admin/" "Mozilla/5.0 (Windows NT 10.0; Win64; x64) AppleWebKit/537.36 (KHTML, like Gecko) Chrome/137.0.0.0 Safari/537.36"
103.148.98.241 - - [06/Jul/2025:22:51:27 +0530] "GET /wp-includes/js/dist/a11y.min.js?ver=3156534cc54473497e14 HTTP/2" 200 827 "https://ajio.lat/wp-admin/" "Mozilla/5.0 (Windows NT 10.0; Win64; x64) AppleWebKit/537.36 (KHTML, like Gecko) Chrome/137.0.0.0 Safari/537.36"
103.148.98.241 - - [06/Jul/2025:22:51:27 +0530] "GET /wp-admin/js/common.min.js?ver=6.8.1 HTTP/2" 200 7463 "https://ajio.lat/wp-admin/" "Mozilla/5.0 (Windows NT 10.0; Win64; x64) AppleWebKit/537.36 (KHTML, like Gecko) Chrome/137.0.0.0 Safari/537.36"
103.148.98.241 - - [06/Jul/2025:22:51:28 +0530] "GET /wp-includes/js/hoverintent-js.min.js?ver=2.2.1 HTTP/2" 200 665 "https://ajio.lat/wp-admin/" "Mozilla/5.0 (Windows NT 10.0; Win64; x64) AppleWebKit/537.36 (KHTML, like Gecko) Chrome/137.0.0.0 Safari/537.36"
103.148.98.241 - - [06/Jul/2025:22:51:28 +0530] "GET /wp-includes/js/admin-bar.min.js?ver=6.8.1 HTTP/2" 200 1223 "https://ajio.lat/wp-admin/" "Mozilla/5.0 (Windows NT 10.0; Win64; x64) AppleWebKit/537.36 (KHTML, like Gecko) Chrome/137.0.0.0 Safari/537.36"
103.148.98.241 - - [06/Jul/2025:22:51:28 +0530] "GET /wp-includes/js/clipboard.min.js?ver=2.0.11 HTTP/2" 200 2989 "https://ajio.lat/wp-admin/" "Mozilla/5.0 (Windows NT 10.0; Win64; x64) AppleWebKit/537.36 (KHTML, like Gecko) Chrome/137.0.0.0 Safari/537.36"
103.148.98.241 - - [06/Jul/2025:22:51:28 +0530] "GET /wp-includes/js/api-request.min.js?ver=6.8.1 HTTP/2" 200 530 "https://ajio.lat/wp-admin/" "Mozilla/5.0 (Windows NT 10.0; Win64; x64) AppleWebKit/537.36 (KHTML, like Gecko) Chrome/137.0.0.0 Safari/537.36"
103.148.98.241 - - [06/Jul/2025:22:51:28 +0530] "GET /wp-includes/js/dist/vendor/wp-polyfill.min.js?ver=3.15.0 HTTP/2" 200 14134 "https://ajio.lat/wp-admin/" "Mozilla/5.0 (Windows NT 10.0; Win64; x64) AppleWebKit/537.36 (KHTML, like Gecko) Chrome/137.0.0.0 Safari/537.36"
103.148.98.241 - - [06/Jul/2025:22:51:28 +0530] "GET /wp-includes/js/dist/url.min.js?ver=6bf93e90403a1eec6501 HTTP/2" 200 3615 "https://ajio.lat/wp-admin/" "Mozilla/5.0 (Windows NT 10.0; Win64; x64) AppleWebKit/537.36 (KHTML, like Gecko) Chrome/137.0.0.0 Safari/537.36"
103.148.98.241 - - [06/Jul/2025:22:51:28 +0530] "GET /wp-admin/js/site-health.min.js?ver=6.8.1 HTTP/2" 200 2019 "https://ajio.lat/wp-admin/" "Mozilla/5.0 (Windows NT 10.0; Win64; x64) AppleWebKit/537.36 (KHTML, like Gecko) Chrome/137.0.0.0 Safari/537.36"
103.148.98.241 - - [06/Jul/2025:22:51:28 +0530] "GET /wp-includes/js/wp-ajax-response.min.js?ver=6.8.1 HTTP/2" 200 1006 "https://ajio.lat/wp-admin/" "Mozilla/5.0 (Windows NT 10.0; Win64; x64) AppleWebKit/537.36 (KHTML, like Gecko) Chrome/137.0.0.0 Safari/537.36"
103.148.98.241 - - [06/Jul/2025:22:51:28 +0530] "GET /wp-includes/js/jquery/jquery.color.min.js?ver=3.0.0 HTTP/2" 200 2641 "https://ajio.lat/wp-admin/" "Mozilla/5.0 (Windows NT 10.0; Win64; x64) AppleWebKit/537.36 (KHTML, like Gecko) Chrome/137.0.0.0 Safari/537.36"
103.148.98.241 - - [06/Jul/2025:22:51:28 +0530] "GET /wp-includes/js/wp-lists.min.js?ver=6.8.1 HTTP/2" 200 2359 "https://ajio.lat/wp-admin/" "Mozilla/5.0 (Windows NT 10.0; Win64; x64) AppleWebKit/537.36 (KHTML, like Gecko) Chrome/137.0.0.0 Safari/537.36"
103.148.98.241 - - [06/Jul/2025:22:51:28 +0530] "GET /wp-includes/js/quicktags.min.js?ver=6.8.1 HTTP/2" 200 3331 "https://ajio.lat/wp-admin/" "Mozilla/5.0 (Windows NT 10.0; Win64; x64) AppleWebKit/537.36 (KHTML, like Gecko) Chrome/137.0.0.0 Safari/537.36"
103.148.98.241 - - [06/Jul/2025:22:51:28 +0530] "GET /wp-includes/js/jquery/jquery.query.js?ver=2.2.3 HTTP/2" 200 1534 "https://ajio.lat/wp-admin/" "Mozilla/5.0 (Windows NT 10.0; Win64; x64) AppleWebKit/537.36 (KHTML, like Gecko) Chrome/137.0.0.0 Safari/537.36"
103.148.98.241 - - [06/Jul/2025:22:51:28 +0530] "GET /wp-admin/js/edit-comments.min.js?ver=6.8.1 HTTP/2" 200 4930 "https://ajio.lat/wp-admin/" "Mozilla/5.0 (Windows NT 10.0; Win64; x64) AppleWebKit/537.36 (KHTML, like Gecko) Chrome/137.0.0.0 Safari/537.36"
103.148.98.241 - - [06/Jul/2025:22:51:28 +0530] "GET /wp-includes/js/jquery/ui/mouse.min.js?ver=1.13.3 HTTP/2" 200 1012 "https://ajio.lat/wp-admin/" "Mozilla/5.0 (Windows NT 10.0; Win64; x64) AppleWebKit/537.36 (KHTML, like Gecko) Chrome/137.0.0.0 Safari/537.36"
103.148.98.241 - - [06/Jul/2025:22:51:28 +0530] "GET /wp-includes/js/jquery/ui/core.min.js?ver=1.13.3 HTTP/2" 200 6812 "https://ajio.lat/wp-admin/" "Mozilla/5.0 (Windows NT 10.0; Win64; x64) AppleWebKit/537.36 (KHTML, like Gecko) Chrome/137.0.0.0 Safari/537.36"
103.148.98.241 - - [06/Jul/2025:22:51:28 +0530] "GET /wp-includes/js/jquery/ui/sortable.min.js?ver=1.13.3 HTTP/2" 200 6358 "https://ajio.lat/wp-admin/" "Mozilla/5.0 (Windows NT 10.0; Win64; x64) AppleWebKit/537.36 (KHTML, like Gecko) Chrome/137.0.0.0 Safari/537.36"
103.148.98.241 - - [06/Jul/2025:22:51:28 +0530] "GET /wp-admin/js/postbox.min.js?ver=6.8.1 HTTP/2" 200 2066 "https://ajio.lat/wp-admin/" "Mozilla/5.0 (Windows NT 10.0; Win64; x64) AppleWebKit/537.36 (KHTML, like Gecko) Chrome/137.0.0.0 Safari/537.36"
103.148.98.241 - - [06/Jul/2025:22:51:28 +0530] "GET /wp-includes/js/dist/vendor/moment.min.js?ver=2.30.1 HTTP/2" 200 18383 "https://ajio.lat/wp-admin/" "Mozilla/5.0 (Windows NT 10.0; Win64; x64) AppleWebKit/537.36 (KHTML, like Gecko) Chrome/137.0.0.0 Safari/537.36"
103.148.98.241 - - [06/Jul/2025:22:51:28 +0530] "GET /wp-includes/js/dist/deprecated.min.js?ver=e1f84915c5e8ae38964c HTTP/2" 200 409 "https://ajio.lat/wp-admin/" "Mozilla/5.0 (Windows NT 10.0; Win64; x64) AppleWebKit/537.36 (KHTML, like Gecko) Chrome/137.0.0.0 Safari/537.36"
103.148.98.241 - - [06/Jul/2025:22:51:28 +0530] "GET /wp-includes/js/dist/date.min.js?ver=85ff222add187a4e358f HTTP/2" 200 36205 "https://ajio.lat/wp-admin/" "Mozilla/5.0 (Windows NT 10.0; Win64; x64) AppleWebKit/537.36 (KHTML, like Gecko) Chrome/137.0.0.0 Safari/537.36"
103.148.98.241 - - [06/Jul/2025:22:51:29 +0530] "GET /wp-admin/js/dashboard.min.js?ver=6.8.1 HTTP/2" 200 2859 "https://ajio.lat/wp-admin/" "Mozilla/5.0 (Windows NT 10.0; Win64; x64) AppleWebKit/537.36 (KHTML, like Gecko) Chrome/137.0.0.0 Safari/537.36"
103.148.98.241 - - [06/Jul/2025:22:51:29 +0530] "GET /wp-includes/js/thickbox/thickbox.js?ver=3.1-20121105 HTTP/2" 200 4013 "https://ajio.lat/wp-admin/" "Mozilla/5.0 (Windows NT 10.0; Win64; x64) AppleWebKit/537.36 (KHTML, like Gecko) Chrome/137.0.0.0 Safari/537.36"
103.148.98.241 - - [06/Jul/2025:22:51:29 +0530] "GET /wp-admin/js/plugin-install.min.js?ver=6.8.1 HTTP/2" 200 903 "https://ajio.lat/wp-admin/" "Mozilla/5.0 (Windows NT 10.0; Win64; x64) AppleWebKit/537.36 (KHTML, like Gecko) Chrome/137.0.0.0 Safari/537.36"
103.148.98.241 - - [06/Jul/2025:22:51:29 +0530] "GET /wp-includes/js/wp-sanitize.min.js?ver=6.8.1 HTTP/2" 200 236 "https://ajio.lat/wp-admin/" "Mozilla/5.0 (Windows NT 10.0; Win64; x64) AppleWebKit/537.36 (KHTML, like Gecko) Chrome/137.0.0.0 Safari/537.36"
103.148.98.241 - - [06/Jul/2025:22:51:29 +0530] "GET /wp-admin/js/updates.min.js?ver=6.8.1 HTTP/2" 200 9904 "https://ajio.lat/wp-admin/" "Mozilla/5.0 (Windows NT 10.0; Win64; x64) AppleWebKit/537.36 (KHTML, like Gecko) Chrome/137.0.0.0 Safari/537.36"
103.148.98.241 - - [06/Jul/2025:22:51:29 +0530] "GET /wp-includes/js/shortcode.min.js?ver=6.8.1 HTTP/2" 200 1078 "https://ajio.lat/wp-admin/" "Mozilla/5.0 (Windows NT 10.0; Win64; x64) AppleWebKit/537.36 (KHTML, like Gecko) Chrome/137.0.0.0 Safari/537.36"
103.148.98.241 - - [06/Jul/2025:22:51:29 +0530] "GET /wp-admin/js/media-upload.min.js?ver=6.8.1 HTTP/2" 200 540 "https://ajio.lat/wp-admin/" "Mozilla/5.0 (Windows NT 10.0; Win64; x64) AppleWebKit/537.36 (KHTML, like Gecko) Chrome/137.0.0.0 Safari/537.36"
103.148.98.241 - - [06/Jul/2025:22:51:29 +0530] "GET /wp-admin/js/svg-painter.js?ver=6.8.1 HTTP/2" 200 1111 "https://ajio.lat/wp-admin/" "Mozilla/5.0 (Windows NT 10.0; Win64; x64) AppleWebKit/537.36 (KHTML, like Gecko) Chrome/137.0.0.0 Safari/537.36"
103.148.98.241 - - [06/Jul/2025:22:51:29 +0530] "GET /wp-includes/js/heartbeat.min.js?ver=6.8.1 HTTP/2" 200 1947 "https://ajio.lat/wp-admin/" "Mozilla/5.0 (Windows NT 10.0; Win64; x64) AppleWebKit/537.36 (KHTML, like Gecko) Chrome/137.0.0.0 Safari/537.36"
103.148.98.241 - - [06/Jul/2025:22:51:29 +0530] "GET /wp-includes/js/wp-auth-check.min.js?ver=6.8.1 HTTP/2" 200 691 "https://ajio.lat/wp-admin/" "Mozilla/5.0 (Windows NT 10.0; Win64; x64) AppleWebKit/537.36 (KHTML, like Gecko) Chrome/137.0.0.0 Safari/537.36"
103.148.98.241 - - [06/Jul/2025:22:51:29 +0530] "GET /wp-includes/js/wplink.min.js?ver=6.8.1 HTTP/2" 200 3693 "https://ajio.lat/wp-admin/" "Mozilla/5.0 (Windows NT 10.0; Win64; x64) AppleWebKit/537.36 (KHTML, like Gecko) Chrome/137.0.0.0 Safari/537.36"
103.148.98.241 - - [06/Jul/2025:22:51:29 +0530] "GET /wp-includes/js/jquery/ui/menu.min.js?ver=1.13.3 HTTP/2" 200 2917 "https://ajio.lat/wp-admin/" "Mozilla/5.0 (Windows NT 10.0; Win64; x64) AppleWebKit/537.36 (KHTML, like Gecko) Chrome/137.0.0.0 Safari/537.36"
103.148.98.241 - - [06/Jul/2025:22:51:29 +0530] "GET /wp-includes/js/jquery/ui/autocomplete.min.js?ver=1.13.3 HTTP/2" 200 2715 "https://ajio.lat/wp-admin/" "Mozilla/5.0 (Windows NT 10.0; Win64; x64) AppleWebKit/537.36 (KHTML, like Gecko) Chrome/137.0.0.0 Safari/537.36"
103.148.98.241 - - [06/Jul/2025:22:51:30 +0530] "GET /wp-includes/js/wp-emoji-release.min.js?ver=6.8.1 HTTP/2" 200 4771 "https://ajio.lat/wp-admin/" "Mozilla/5.0 (Windows NT 10.0; Win64; x64) AppleWebKit/537.36 (KHTML, like Gecko) Chrome/137.0.0.0 Safari/537.36"
103.148.98.241 - - [06/Jul/2025:22:51:30 +0530] "GET /wp-includes/js/thickbox/loadingAnimation.gif HTTP/2" 200 15238 "https://ajio.lat/wp-admin/" "Mozilla/5.0 (Windows NT 10.0; Win64; x64) AppleWebKit/537.36 (KHTML, like Gecko) Chrome/137.0.0.0 Safari/537.36"
103.148.98.241 - - [06/Jul/2025:22:51:30 +0530] "GET /favicon.ico HTTP/2" 404 796 "https://ajio.lat/wp-admin/" "Mozilla/5.0 (Windows NT 10.0; Win64; x64) AppleWebKit/537.36 (KHTML, like Gecko) Chrome/137.0.0.0 Safari/537.36"
103.148.98.241 - - [06/Jul/2025:22:51:30 +0530] "POST /wp-admin/admin-ajax.php HTTP/2" 200 290 "https://ajio.lat/wp-admin/" "Mozilla/5.0 (Windows NT 10.0; Win64; x64) AppleWebKit/537.36 (KHTML, like Gecko) Chrome/137.0.0.0 Safari/537.36"
103.148.98.241 - - [06/Jul/2025:22:51:30 +0530] "GET /wp-admin/admin-ajax.php?action=dashboard-widgets&widget=dashboard_primary&pagenow=dashboard HTTP/2" 200 395 "https://ajio.lat/wp-admin/" "Mozilla/5.0 (Windows NT 10.0; Win64; x64) AppleWebKit/537.36 (KHTML, like Gecko) Chrome/137.0.0.0 Safari/537.36"
122.180.246.194 - - [06/Jul/2025:22:57:33 +0530] "POST /wp-cron.php?doing_wp_cron=1751822853.1087720394134521484375 HTTP/1.1" 200 0 "-" "WordPress/6.8.1; https://ajio.lat"
103.148.98.241 - - [06/Jul/2025:22:53:30 +0530] "POST /wp-admin/admin-ajax.php HTTP/2" 200 51 "https://ajio.lat/wp-admin/" "Mozilla/5.0 (Windows NT 10.0; Win64; x64) AppleWebKit/537.36 (KHTML, like Gecko) Chrome/137.0.0.0 Safari/537.36"
122.180.246.194 - - [06/Jul/2025:22:55:32 +0530] "POST /wp-cron.php?doing_wp_cron=1751822732.1951770782470703125000 HTTP/1.1" 200 0 "-" "WordPress/6.8.1; https://ajio.lat"
103.148.98.241 - - [06/Jul/2025:22:55:31 +0530] "POST /wp-admin/admin-ajax.php HTTP/2" 200 51 "https://ajio.lat/wp-admin/" "Mozilla/5.0 (Windows NT 10.0; Win64; x64) AppleWebKit/537.36 (KHTML, like Gecko) Chrome/137.0.0.0 Safari/537.36"
103.148.98.241 - - [06/Jul/2025:22:57:32 +0530] "POST /wp-admin/admin-ajax.php HTTP/2" 200 51 "https://ajio.lat/wp-admin/" "Mozilla/5.0 (Windows NT 10.0; Win64; x64) AppleWebKit/537.36 (KHTML, like Gecko) Chrome/137.0.0.0 Safari/537.36"
122.180.246.194 - - [06/Jul/2025:22:59:34 +0530] "POST /wp-cron.php?doing_wp_cron=1751822974.1040229797363281250000 HTTP/1.1" 200 0 "-" "WordPress/6.8.1; https://ajio.lat"
103.148.98.241 - - [06/Jul/2025:23:02:34 +0530] "POST /wp-admin/admin-ajax.php HTTP/2" 200 51 "https://ajio.lat/wp-admin/" "Mozilla/5.0 (Windows NT 10.0; Win64; x64) AppleWebKit/537.36 (KHTML, like Gecko) Chrome/137.0.0.0 Safari/537.36"
103.148.98.241 - - [06/Jul/2025:23:02:35 +0530] "GET /wp-admin/load-styles.php?c=1&dir=ltr&load%5Bchunk_0%5D=dashicons,admin-bar,common,forms,admin-menu,dashboard,list-tables,edit,revisions,media,themes,about,nav-menus,wp-pointer,widgets&load%5Bchunk_1%5D=,site-icon,l10n,buttons,wp-auth-check&ver=6.8.1 HTTP/2" 200 104237 "https://ajio.lat/wp-admin/plugin-install.php" "Mozilla/5.0 (Windows NT 10.0; Win64; x64) AppleWebKit/537.36 (KHTML, like Gecko) Chrome/137.0.0.0 Safari/537.36"
103.148.98.241 - - [06/Jul/2025:23:02:33 +0530] "GET /wp-admin/plugin-install.php HTTP/2" 200 14638 "https://ajio.lat/wp-admin/" "Mozilla/5.0 (Windows NT 10.0; Win64; x64) AppleWebKit/537.36 (KHTML, like Gecko) Chrome/137.0.0.0 Safari/537.36"
