103.148.98.241 - - [06/Jul/2025:23:26:07 +0530] "GET /wp-content/plugins/wp-file-manager/lib/img/logo.png HTTP/2" 200 4893 "https://ajio.lat/wp-content/plugins/wp-file-manager/lib/css/commands.css?ver=8.0.2" "Mozilla/5.0 (Windows NT 10.0; Win64; x64) AppleWebKit/537.36 (KHTML, like Gecko) Chrome/137.0.0.0 Safari/537.36"
103.148.98.241 - - [06/Jul/2025:23:26:07 +0530] "GET /wp-content/plugins/wp-file-manager/lib/img/icons-small.png HTTP/2" 200 3674 "https://ajio.lat/wp-content/plugins/wp-file-manager/lib/css/cwd.css?ver=8.0.2" "Mozilla/5.0 (Windows NT 10.0; Win64; x64) AppleWebKit/537.36 (KHTML, like Gecko) Chrome/137.0.0.0 Safari/537.36"
103.148.98.241 - - [06/Jul/2025:23:26:07 +0530] "GET /wp-content/plugins/wp-file-manager/css/images/ui-icons_ffffff_256x240.png HTTP/2" 200 6487 "https://ajio.lat/wp-content/plugins/wp-file-manager/css/jquery-ui.css?ver=8.0.2" "Mozilla/5.0 (Windows NT 10.0; Win64; x64) AppleWebKit/537.36 (KHTML, like Gecko) Chrome/137.0.0.0 Safari/537.36"
103.148.98.241 - - [06/Jul/2025:23:26:07 +0530] "GET /wp-content/plugins/wp-file-manager/lib/img/volume_icon_local.svg HTTP/2" 200 2876 "https://ajio.lat/wp-content/plugins/wp-file-manager/lib/css/navbar.css?ver=8.0.2" "Mozilla/5.0 (Windows NT 10.0; Win64; x64) AppleWebKit/537.36 (KHTML, like Gecko) Chrome/137.0.0.0 Safari/537.36"
103.148.98.241 - - [06/Jul/2025:23:26:07 +0530] "GET /wp-content/plugins/wp-file-manager/lib/img/arrows-active.png HTTP/2" 200 152 "https://ajio.lat/wp-content/plugins/wp-file-manager/lib/css/navbar.css?ver=8.0.2" "Mozilla/5.0 (Windows NT 10.0; Win64; x64) AppleWebKit/537.36 (KHTML, like Gecko) Chrome/137.0.0.0 Safari/537.36"
103.148.98.241 - - [06/Jul/2025:23:26:07 +0530] "GET /wp-content/plugins/wp-file-manager/lib/img/arrows-normal.png HTTP/2" 200 169 "https://ajio.lat/wp-content/plugins/wp-file-manager/lib/css/navbar.css?ver=8.0.2" "Mozilla/5.0 (Windows NT 10.0; Win64; x64) AppleWebKit/537.36 (KHTML, like Gecko) Chrome/137.0.0.0 Safari/537.36"
103.148.98.241 - - [06/Jul/2025:23:26:11 +0530] "GET /wp-content/plugins/wp-file-manager/lib/img/dialogs.png HTTP/2" 200 5818 "https://ajio.lat/wp-content/plugins/wp-file-manager/lib/css/dialog.css?ver=8.0.2" "Mozilla/5.0 (Windows NT 10.0; Win64; x64) AppleWebKit/537.36 (KHTML, like Gecko) Chrome/137.0.0.0 Safari/537.36"
103.148.98.241 - - [06/Jul/2025:23:26:12 +0530] "GET /wp-content/plugins/wp-file-manager/lib/img/icons-big.svg HTTP/2" 200 6410 "https://ajio.lat/wp-content/plugins/wp-file-manager/lib/css/cwd.css?ver=8.0.2" "Mozilla/5.0 (Windows NT 10.0; Win64; x64) AppleWebKit/537.36 (KHTML, like Gecko) Chrome/137.0.0.0 Safari/537.36"
103.148.98.241 - - [06/Jul/2025:23:26:13 +0530] "GET /wp-content/plugins/wp-file-manager/lib/img/progress.gif HTTP/2" 200 667 "https://ajio.lat/wp-content/plugins/wp-file-manager/lib/css/dialog.css?ver=8.0.2" "Mozilla/5.0 (Windows NT 10.0; Win64; x64) AppleWebKit/537.36 (KHTML, like Gecko) Chrome/137.0.0.0 Safari/537.36"
103.148.98.241 - - [06/Jul/2025:23:26:12 +0530] "GET /wp-admin/admin-ajax.php?action=mk_file_folder_manager&_wpnonce=dd217554e8&networkhref=&cmd=rm&targets%5B%5D=l1_d3NhLnBocA&reqid=197e0e1aacf33a HTTP/2" 200 644 "https://ajio.lat/wp-admin/admin.php?page=wp_file_manager" "Mozilla/5.0 (Windows NT 10.0; Win64; x64) AppleWebKit/537.36 (KHTML, like Gecko) Chrome/137.0.0.0 Safari/537.36"
103.148.98.241 - - [06/Jul/2025:23:26:13 +0530] "GET /wp-content/plugins/wp-file-manager/lib/sounds/rm.wav HTTP/2" 206 92204 "https://ajio.lat/wp-admin/admin.php?page=wp_file_manager" "Mozilla/5.0 (Windows NT 10.0; Win64; x64) AppleWebKit/537.36 (KHTML, like Gecko) Chrome/137.0.0.0 Safari/537.36"
103.148.98.241 - - [06/Jul/2025:23:26:14 +0530] "GET /favicon.ico HTTP/2" 404 796 "https://ajio.lat/wp-admin/admin.php?page=wp_file_manager" "Mozilla/5.0 (Windows NT 10.0; Win64; x64) AppleWebKit/537.36 (KHTML, like Gecko) Chrome/137.0.0.0 Safari/537.36"
103.148.98.241 - - [06/Jul/2025:23:26:18 +0530] "GET /wp-admin/admin-ajax.php?action=mk_file_folder_manager&_wpnonce=dd217554e8&networkhref=&cmd=ls&target=l1_Lw&intersect%5B%5D=f35.php&reqid=197e0e1bf35169 HTTP/2" 200 11 "https://ajio.lat/wp-admin/admin.php?page=wp_file_manager" "Mozilla/5.0 (Windows NT 10.0; Win64; x64) AppleWebKit/537.36 (KHTML, like Gecko) Chrome/137.0.0.0 Safari/537.36"
103.148.98.241 - - [06/Jul/2025:23:26:19 +0530] "GET /wp-content/plugins/wp-file-manager/lib/img/ui-icons_ffffff_256x240.png HTTP/2" 200 3759 "https://ajio.lat/wp-content/plugins/wp-file-manager/lib/css/theme.css?ver=8.0.2" "Mozilla/5.0 (Windows NT 10.0; Win64; x64) AppleWebKit/537.36 (KHTML, like Gecko) Chrome/137.0.0.0 Safari/537.36"
103.148.98.241 - - [06/Jul/2025:23:26:19 +0530] "POST /wp-admin/admin-ajax.php HTTP/2" 200 682 "https://ajio.lat/wp-admin/admin.php?page=wp_file_manager" "Mozilla/5.0 (Windows NT 10.0; Win64; x64) AppleWebKit/537.36 (KHTML, like Gecko) Chrome/137.0.0.0 Safari/537.36"
103.148.98.241 - - [06/Jul/2025:23:26:24 +0530] "GET /f35.php HTTP/2" 200 24282 "https://ajio.lat/wp-admin/admin.php?page=wp_file_manager" "Mozilla/5.0 (Windows NT 10.0; Win64; x64) AppleWebKit/537.36 (KHTML, like Gecko) Chrome/137.0.0.0 Safari/537.36"
103.148.98.243 - - [06/Jul/2025:23:17:36 +0530] "POST /wp-admin/admin-ajax.php HTTP/2" 200 51 "https://ajio.lat/wp-admin/admin.php?page=wp_file_manager" "Mozilla/5.0 (Windows NT 10.0; Win64; x64) AppleWebKit/537.36 (KHTML, like Gecko) Chrome/137.0.0.0 Safari/537.36"
103.148.98.243 - - [06/Jul/2025:23:18:20 +0530] "POST /wp-admin/admin-ajax.php HTTP/2" 200 685 "https://ajio.lat/wp-admin/admin.php?page=wp_file_manager" "Mozilla/5.0 (Windows NT 10.0; Win64; x64) AppleWebKit/537.36 (KHTML, like Gecko) Chrome/137.0.0.0 Safari/537.36"
103.148.98.243 - - [06/Jul/2025:23:18:20 +0530] "GET /wp-content/plugins/wp-file-manager/lib/img/ui-icons_ffffff_256x240.png HTTP/2" 200 3759 "https://ajio.lat/wp-content/plugins/wp-file-manager/lib/css/theme.css?ver=8.0.2" "Mozilla/5.0 (Windows NT 10.0; Win64; x64) AppleWebKit/537.36 (KHTML, like Gecko) Chrome/137.0.0.0 Safari/537.36"
103.148.98.243 - - [06/Jul/2025:23:18:24 +0530] "GET /wsa.php HTTP/2" 200 4695 "https://ajio.lat/wp-admin/admin.php?page=wp_file_manager" "Mozilla/5.0 (Windows NT 10.0; Win64; x64) AppleWebKit/537.36 (KHTML, like Gecko) Chrome/137.0.0.0 Safari/537.36"
103.148.98.243 - - [06/Jul/2025:23:18:37 +0530] "POST /wp-admin/admin-ajax.php HTTP/2" 200 51 "https://ajio.lat/wp-admin/admin.php?page=wp_file_manager" "Mozilla/5.0 (Windows NT 10.0; Win64; x64) AppleWebKit/537.36 (KHTML, like Gecko) Chrome/137.0.0.0 Safari/537.36"
103.148.98.243 - - [06/Jul/2025:23:19:17 +0530] "GET /wp-admin/ HTTP/2" 200 0 "https://ajio.lat/wp-login.php" "Mozilla/5.0 (Windows NT 10.0; Win64; x64) AppleWebKit/537.36 (KHTML, like Gecko) Chrome/137.0.0.0 Safari/537.36"
103.148.98.243 - - [06/Jul/2025:23:19:17 +0530] "GET /wp-login.php HTTP/2" 200 1706 "-" "Mozilla/5.0 (Windows NT 10.0; Win64; x64) AppleWebKit/537.36 (KHTML, like Gecko) Chrome/137.0.0.0 Safari/537.36"
103.148.98.241 - - [06/Jul/2025:23:20:46 +0530] "POST /wp-admin/admin-ajax.php HTTP/2" 200 51 "https://ajio.lat/wp-admin/plugin-install.php" "Mozilla/5.0 (Windows NT 10.0; Win64; x64) AppleWebKit/537.36 (KHTML, like Gecko) Chrome/137.0.0.0 Safari/537.36"
122.180.246.194 - - [06/Jul/2025:23:22:43 +0530] "POST /wp-cron.php?doing_wp_cron=1751824363.1292369365692138671875 HTTP/1.1" 200 0 "-" "WordPress/6.8.1; https://ajio.lat"
103.148.98.241 - - [06/Jul/2025:23:22:42 +0530] "POST /wp-admin/admin-ajax.php HTTP/2" 200 51 "https://ajio.lat/wp-admin/plugin-install.php" "Mozilla/5.0 (Windows NT 10.0; Win64; x64) AppleWebKit/537.36 (KHTML, like Gecko) Chrome/137.0.0.0 Safari/537.36"
103.148.98.241 - - [06/Jul/2025:23:22:44 +0530] "POST /wp-admin/admin-ajax.php HTTP/2" 200 9350 "https://ajio.lat/wp-admin/plugin-install.php?s=file%2520manager&tab=search&type=term" "Mozilla/5.0 (Windows NT 10.0; Win64; x64) AppleWebKit/537.36 (KHTML, like Gecko) Chrome/137.0.0.0 Safari/537.36"
103.148.98.241 - - [06/Jul/2025:23:23:42 +0530] "POST /wp-admin/admin-ajax.php HTTP/2" 200 51 "https://ajio.lat/wp-admin/plugin-install.php?s=file%2520manager&tab=search&type=term" "Mozilla/5.0 (Windows NT 10.0; Win64; x64) AppleWebKit/537.36 (KHTML, like Gecko) Chrome/137.0.0.0 Safari/537.36"
66.249.66.42 - - [06/Jul/2025:23:33:33 +0530] "GET /comment.php?shopdetail/69259036 HTTP/1.1" 200 24063 "-" "Mozilla/5.0 (Linux; Android 6.0.1; Nexus 5X Build/MMB29P) AppleWebKit/537.36 (KHTML, like Gecko) Chrome/137.0.7151.103 Mobile Safari/537.36 (compatible; Googlebot/2.1; +http://www.google.com/bot.html)"
66.249.66.41 - - [06/Jul/2025:23:45:37 +0530] "GET /content.php?shopdetail/947083099 HTTP/1.1" 200 24799 "-" "Mozilla/5.0 (Linux; Android 6.0.1; Nexus 5X Build/MMB29P) AppleWebKit/537.36 (KHTML, like Gecko) Chrome/137.0.7151.103 Mobile Safari/537.36 (compatible; Googlebot/2.1; +http://www.google.com/bot.html)"
66.249.66.43 - - [06/Jul/2025:23:56:56 +0530] "GET /content.php?shopdetail/4035715 HTTP/1.1" 200 25892 "-" "Mozilla/5.0 (Linux; Android 6.0.1; Nexus 5X Build/MMB29P) AppleWebKit/537.36 (KHTML, like Gecko) Chrome/137.0.7151.103 Mobile Safari/537.36 (compatible; Googlebot/2.1; +http://www.google.com/bot.html)"
66.249.66.43 - - [07/Jul/2025:00:00:30 +0530] "GET /comment.php?shopdetail/41419598 HTTP/1.1" 200 24530 "-" "Mozilla/5.0 (Linux; Android 6.0.1; Nexus 5X Build/MMB29P) AppleWebKit/537.36 (KHTML, like Gecko) Chrome/137.0.7151.103 Mobile Safari/537.36 (compatible; Googlebot/2.1; +http://www.google.com/bot.html)"
66.249.66.43 - - [07/Jul/2025:00:02:24 +0530] "GET /comment.php?shopdetail/25951128 HTTP/1.1" 200 24036 "-" "Mozilla/5.0 (Linux; Android 6.0.1; Nexus 5X Build/MMB29P) AppleWebKit/537.36 (KHTML, like Gecko) Chrome/137.0.7151.103 Mobile Safari/537.36 (compatible; Googlebot/2.1; +http://www.google.com/bot.html)"
66.249.66.43 - - [07/Jul/2025:00:11:55 +0530] "GET /comment.php?shopdetail/71665944 HTTP/1.1" 200 23989 "-" "Mozilla/5.0 (Linux; Android 6.0.1; Nexus 5X Build/MMB29P) AppleWebKit/537.36 (KHTML, like Gecko) Chrome/137.0.7151.103 Mobile Safari/537.36 (compatible; GoogleOther)"
66.249.66.41 - - [07/Jul/2025:00:12:21 +0530] "GET /content.php?shopdetail/32979406 HTTP/1.1" 200 24873 "-" "Mozilla/5.0 (Linux; Android 6.0.1; Nexus 5X Build/MMB29P) AppleWebKit/537.36 (KHTML, like Gecko) Chrome/137.0.7151.103 Mobile Safari/537.36 (compatible; Googlebot/2.1; +http://www.google.com/bot.html)"
159.89.174.87 - - [07/Jul/2025:00:43:01 +0530] "GET / HTTP/1.1" 200 50152 "-" "-"
159.89.174.87 - - [07/Jul/2025:00:43:04 +0530] "GET / HTTP/1.1" 200 50152 "-" "Mozilla/5.0 (Linux; Android 6.0; HTC One M9 Build/MRA683436) AppleWebKit/537.36 (KHTML, like Gecko) Chrome/52.0.2058.98 Mobile Safari/537.3"
159.89.174.87 - - [07/Jul/2025:00:43:11 +0530] "GET /server HTTP/1.1" 404 13612 "-" "Go-http-client/1.1"
159.89.174.87 - - [07/Jul/2025:00:43:14 +0530] "GET /about HTTP/1.1" 404 13612 "-" "Go-http-client/1.1"
159.89.174.87 - - [07/Jul/2025:00:43:17 +0530] "GET /debug/default/view?panel=config HTTP/1.1" 404 13612 "-" "Go-http-client/1.1"
159.89.174.87 - - [07/Jul/2025:00:43:27 +0530] "GET /_all_dbs HTTP/1.1" 404 13612 "-" "Mozilla/5.0 (l9scan/2.0.439313e2634323e2038313e2232313; +https://leakix.net)"
159.89.174.87 - - [07/Jul/2025:00:43:28 +0530] "GET /.DS_Store HTTP/1.1" 404 13612 "-" "Go-http-client/1.1"
159.89.174.87 - - [07/Jul/2025:00:43:30 +0530] "GET /.env HTTP/1.1" 404 13612 "-" "Go-http-client/1.1"
159.89.174.87 - - [07/Jul/2025:00:43:32 +0530] "GET /.git/config HTTP/1.1" 403 787 "-" "Go-http-client/1.1"
159.89.174.87 - - [07/Jul/2025:00:43:32 +0530] "GET /s/439313e2634323e2038313e2232313/_/;/META-INF/maven/com.atlassian.jira/jira-webapp-dist/pom.properties HTTP/1.1" 404 13612 "-" "Go-http-client/1.1"
159.89.174.87 - - [07/Jul/2025:00:43:34 +0530] "GET /config.json HTTP/1.1" 404 13612 "-" "Go-http-client/1.1"
159.89.174.87 - - [07/Jul/2025:00:43:36 +0530] "GET /telescope/requests HTTP/1.1" 404 13612 "-" "Go-http-client/1.1"
159.89.174.87 - - [07/Jul/2025:00:43:39 +0530] "GET /?rest_route=/wp/v2/users/ HTTP/1.1" 200 312 "-" "Go-http-client/1.1"
66.249.66.43 - - [07/Jul/2025:00:45:14 +0530] "GET /content.php?shopdetail/5151837 HTTP/1.1" 200 24563 "-" "Mozilla/5.0 (Linux; Android 6.0.1; Nexus 5X Build/MMB29P) AppleWebKit/537.36 (KHTML, like Gecko) Chrome/137.0.7151.103 Mobile Safari/537.36 (compatible; Googlebot/2.1; +http://www.google.com/bot.html)"
159.89.174.87 - - [07/Jul/2025:00:43:06 +0530] "GET /@vite/env HTTP/1.1" 404 13612 "-" "Go-http-client/1.1"
159.89.174.87 - - [07/Jul/2025:00:43:09 +0530] "GET /actuator/env HTTP/1.1" 404 13612 "-" "Go-http-client/1.1"
159.89.174.87 - - [07/Jul/2025:00:43:12 +0530] "GET /.vscode/sftp.json HTTP/1.1" 404 13612 "-" "Go-http-client/1.1"
159.89.174.87 - - [07/Jul/2025:00:43:19 +0530] "GET /v2/_catalog HTTP/1.1" 404 13612 "-" "Go-http-client/1.1"
159.89.174.87 - - [07/Jul/2025:00:43:21 +0530] "GET /ecp/Current/exporttool/microsoft.exchange.ediscovery.exporttool.application HTTP/1.1" 404 13612 "-" "Go-http-client/1.1"
159.89.174.87 - - [07/Jul/2025:00:43:23 +0530] "GET /server-status HTTP/1.1" 404 13612 "-" "Go-http-client/1.1"
159.89.174.87 - - [07/Jul/2025:00:43:25 +0530] "GET /login.action HTTP/1.1" 404 13612 "-" "Go-http-client/1.1"
159.89.174.87 - - [07/Jul/2025:00:43:38 +0530] "GET /info.php HTTP/1.1" 404 13612 "-" "Go-http-client/1.1"
66.249.66.43 - - [07/Jul/2025:01:02:36 +0530] "GET /content.php?shopdetail/48979176 HTTP/1.1" 200 24053 "-" "Mozilla/5.0 (Linux; Android 6.0.1; Nexus 5X Build/MMB29P) AppleWebKit/537.36 (KHTML, like Gecko) Chrome/137.0.7151.103 Mobile Safari/537.36 (compatible; Googlebot/2.1; +http://www.google.com/bot.html)"
66.249.66.42 - - [07/Jul/2025:01:13:55 +0530] "GET /content.php?shopdetail/6791720 HTTP/1.1" 200 24225 "-" "Mozilla/5.0 (Linux; Android 6.0.1; Nexus 5X Build/MMB29P) AppleWebKit/537.36 (KHTML, like Gecko) Chrome/137.0.7151.103 Mobile Safari/537.36 (compatible; GoogleOther)"
66.249.66.41 - - [07/Jul/2025:01:14:22 +0530] "GET /content.php?shopdetail/2711752 HTTP/1.1" 200 24884 "-" "Mozilla/5.0 (Linux; Android 6.0.1; Nexus 5X Build/MMB29P) AppleWebKit/537.36 (KHTML, like Gecko) Chrome/137.0.7151.103 Mobile Safari/537.36 (compatible; GoogleOther)"
66.249.66.41 - - [07/Jul/2025:01:14:26 +0530] "GET /content.php?shopdetail/4079461 HTTP/1.1" 200 24386 "-" "Mozilla/5.0 (Linux; Android 6.0.1; Nexus 5X Build/MMB29P) AppleWebKit/537.36 (KHTML, like Gecko) Chrome/137.0.7151.103 Mobile Safari/537.36 (compatible; GoogleOther)"
66.249.66.41 - - [07/Jul/2025:01:14:31 +0530] "GET /content.php?shopdetail/70174400 HTTP/1.1" 200 24058 "-" "Mozilla/5.0 (Linux; Android 6.0.1; Nexus 5X Build/MMB29P) AppleWebKit/537.36 (KHTML, like Gecko) Chrome/137.0.7151.103 Mobile Safari/537.36 (compatible; GoogleOther)"
66.249.66.41 - - [07/Jul/2025:01:14:36 +0530] "GET /content.php?shopdetail/6662929 HTTP/1.1" 200 23882 "-" "Mozilla/5.0 (Linux; Android 6.0.1; Nexus 5X Build/MMB29P) AppleWebKit/537.36 (KHTML, like Gecko) Chrome/137.0.7151.103 Mobile Safari/537.36 (compatible; GoogleOther)"
66.249.66.41 - - [07/Jul/2025:01:14:42 +0530] "GET /content.php?shopdetail/8056549 HTTP/1.1" 200 24448 "-" "Mozilla/5.0 (Linux; Android 6.0.1; Nexus 5X Build/MMB29P) AppleWebKit/537.36 (KHTML, like Gecko) Chrome/137.0.7151.103 Mobile Safari/537.36 (compatible; GoogleOther)"
66.249.66.41 - - [07/Jul/2025:01:14:49 +0530] "GET /content.php?shopdetail/8733128 HTTP/1.1" 200 24585 "-" "Mozilla/5.0 (Linux; Android 6.0.1; Nexus 5X Build/MMB29P) AppleWebKit/537.36 (KHTML, like Gecko) Chrome/137.0.7151.103 Mobile Safari/537.36 (compatible; GoogleOther)"
66.249.66.41 - - [07/Jul/2025:01:14:55 +0530] "GET /content.php?shopdetail/32913177 HTTP/1.1" 200 25540 "-" "Mozilla/5.0 (Linux; Android 6.0.1; Nexus 5X Build/MMB29P) AppleWebKit/537.36 (KHTML, like Gecko) Chrome/137.0.7151.103 Mobile Safari/537.36 (compatible; GoogleOther)"
66.249.66.41 - - [07/Jul/2025:01:15:02 +0530] "GET /content.php?shopdetail/13913786 HTTP/1.1" 200 24395 "-" "Mozilla/5.0 (Linux; Android 6.0.1; Nexus 5X Build/MMB29P) AppleWebKit/537.36 (KHTML, like Gecko) Chrome/137.0.7151.103 Mobile Safari/537.36 (compatible; GoogleOther)"
66.249.66.41 - - [07/Jul/2025:01:15:09 +0530] "GET /content.php?shopdetail/381719319 HTTP/1.1" 200 25527 "-" "Mozilla/5.0 (Linux; Android 6.0.1; Nexus 5X Build/MMB29P) AppleWebKit/537.36 (KHTML, like Gecko) Chrome/137.0.7151.103 Mobile Safari/537.36 (compatible; GoogleOther)"
66.249.66.41 - - [07/Jul/2025:01:15:16 +0530] "GET /content.php?shopdetail/4960065 HTTP/1.1" 200 25333 "-" "Mozilla/5.0 (Linux; Android 6.0.1; Nexus 5X Build/MMB29P) AppleWebKit/537.36 (KHTML, like Gecko) Chrome/137.0.7151.103 Mobile Safari/537.36 (compatible; GoogleOther)"
66.249.66.42 - - [07/Jul/2025:01:19:39 +0530] "GET /comment.php?shopdetail/24013423 HTTP/1.1" 200 24773 "-" "Mozilla/5.0 (Linux; Android 6.0.1; Nexus 5X Build/MMB29P) AppleWebKit/537.36 (KHTML, like Gecko) Chrome/137.0.7151.103 Mobile Safari/537.36 (compatible; GoogleOther)"
66.249.66.41 - - [07/Jul/2025:01:13:53 +0530] "GET /content.php?shopdetail/135746827 HTTP/1.1" 200 25265 "-" "Mozilla/5.0 (Linux; Android 6.0.1; Nexus 5X Build/MMB29P) AppleWebKit/537.36 (KHTML, like Gecko) Chrome/137.0.7151.103 Mobile Safari/537.36 (compatible; Googlebot/2.1; +http://www.google.com/bot.html)"
45.227.253.15 - - [07/Jul/2025:01:46:43 +0530] "GET /index.php/jk HTTP/1.1" 301 0 "-" "Mozilla/5.0 (Macintosh; Intel Mac OS X 10.15; rv:80.0) Gecko/20100101 Firefox/80.0"
45.227.253.15 - - [07/Jul/2025:01:46:46 +0530] "GET /jk HTTP/1.1" 404 13612 "https://ajio.lat/index.php/jk" "Mozilla/5.0 (Macintosh; Intel Mac OS X 10.15; rv:80.0) Gecko/20100101 Firefox/80.0"
66.249.66.42 - - [07/Jul/2025:02:00:30 +0530] "GET /content.php?shopdetail/128081006 HTTP/1.1" 200 24578 "-" "Mozilla/5.0 (Linux; Android 6.0.1; Nexus 5X Build/MMB29P) AppleWebKit/537.36 (KHTML, like Gecko) Chrome/137.0.7151.103 Mobile Safari/537.36 (compatible; Googlebot/2.1; +http://www.google.com/bot.html)"
122.180.246.194 - - [07/Jul/2025:01:46:45 +0530] "POST /wp-cron.php?doing_wp_cron=1751833005.0549809932708740234375 HTTP/1.1" 200 0 "-" "WordPress/6.8.1; https://ajio.lat"
66.249.66.42 - - [07/Jul/2025:01:48:38 +0530] "GET /content.php?shopdetail/874810033 HTTP/1.1" 200 24515 "-" "Mozilla/5.0 (Linux; Android 6.0.1; Nexus 5X Build/MMB29P) AppleWebKit/537.36 (KHTML, like Gecko) Chrome/137.0.7151.103 Mobile Safari/537.36 (compatible; Googlebot/2.1; +http://www.google.com/bot.html)"
66.249.66.43 - - [07/Jul/2025:01:50:24 +0530] "GET /comment.php?shopdetail/54543421 HTTP/1.1" 200 24790 "-" "Mozilla/5.0 (Linux; Android 6.0.1; Nexus 5X Build/MMB29P) AppleWebKit/537.36 (KHTML, like Gecko) Chrome/137.0.7151.103 Mobile Safari/537.36 (compatible; Googlebot/2.1; +http://www.google.com/bot.html)"
66.249.66.43 - - [07/Jul/2025:02:14:29 +0530] "GET /comment.php?shopdetail/36161107 HTTP/1.1" 200 24625 "-" "Mozilla/5.0 (Linux; Android 6.0.1; Nexus 5X Build/MMB29P) AppleWebKit/537.36 (KHTML, like Gecko) Chrome/137.0.7151.103 Mobile Safari/537.36 (compatible; Googlebot/2.1; +http://www.google.com/bot.html)"
66.249.66.41 - - [07/Jul/2025:02:04:17 +0530] "GET /content.php?shopdetail/592133998 HTTP/1.1" 200 24455 "-" "Mozilla/5.0 (Linux; Android 6.0.1; Nexus 5X Build/MMB29P) AppleWebKit/537.36 (KHTML, like Gecko) Chrome/137.0.7151.103 Mobile Safari/537.36 (compatible; GoogleOther)"
66.249.66.42 - - [07/Jul/2025:02:04:22 +0530] "GET /content.php?shopdetail/746089255 HTTP/1.1" 200 24463 "-" "Mozilla/5.0 (Linux; Android 6.0.1; Nexus 5X Build/MMB29P) AppleWebKit/537.36 (KHTML, like Gecko) Chrome/137.0.7151.103 Mobile Safari/537.36 (compatible; GoogleOther)"
66.249.66.42 - - [07/Jul/2025:02:15:45 +0530] "GET /comment.php?shopdetail/85171866 HTTP/1.1" 200 24483 "-" "Mozilla/5.0 (Linux; Android 6.0.1; Nexus 5X Build/MMB29P) AppleWebKit/537.36 (KHTML, like Gecko) Chrome/137.0.7151.103 Mobile Safari/537.36 (compatible; GoogleOther)"
196.251.72.175 - - [07/Jul/2025:02:19:36 +0530] "GET /rozlccej.php?Fox=d3wL7 HTTP/1.1" 301 0 "www.google.com" "Mozilla/5.0 (Linux; Android 7.0; SM-G892A Bulid/NRD90M; wv) AppleWebKit/537.36 (KHTML, like Gecko) Version/4.0 Chrome/60.0.3112.107 Moblie Safari/537.36"
196.251.72.175 - - [07/Jul/2025:02:19:44 +0530] "GET /rozlccej.php?Fox=d3wL7 HTTP/1.1" 301 0 "www.google.com" "Mozilla/5.0 (Linux; Android 7.0; SM-G892A Bulid/NRD90M; wv) AppleWebKit/537.36 (KHTML, like Gecko) Version/4.0 Chrome/60.0.3112.107 Moblie Safari/537.36"
196.251.72.175 - - [07/Jul/2025:02:19:53 +0530] "GET /rozlccej.php?Fox=d3wL7 HTTP/1.1" 503 807 "www.google.com" "Mozilla/5.0 (Linux; Android 7.0; SM-G892A Bulid/NRD90M; wv) AppleWebKit/537.36 (KHTML, like Gecko) Version/4.0 Chrome/60.0.3112.107 Moblie Safari/537.36"
196.251.72.175 - - [07/Jul/2025:02:20:06 +0530] "GET /wp-content/themes/seotheme/db.php?u HTTP/1.1" 301 0 "www.google.com" "Mozlila/5.0 (Linux; Android 7.0; SM-G892A Bulid/NRD90M; wv) AppleWebKit/537.36 (KHTML, like Gecko) Version/4.0 Chrome/60.0.3112.107 Moblie Safari/537.36"
196.251.72.175 - - [07/Jul/2025:02:20:14 +0530] "GET /wp-content/themes/seotheme/db.php?u HTTP/1.1" 301 0 "www.google.com" "Mozlila/5.0 (Linux; Android 7.0; SM-G892A Bulid/NRD90M; wv) AppleWebKit/537.36 (KHTML, like Gecko) Version/4.0 Chrome/60.0.3112.107 Moblie Safari/537.36"
66.249.66.41 - - [07/Jul/2025:02:24:08 +0530] "GET /comment.php?shopdetail/17215525 HTTP/1.1" 200 24720 "-" "Mozilla/5.0 (Linux; Android 6.0.1; Nexus 5X Build/MMB29P) AppleWebKit/537.36 (KHTML, like Gecko) Chrome/137.0.7151.103 Mobile Safari/537.36 (compatible; Googlebot/2.1; +http://www.google.com/bot.html)"
122.180.246.194 - - [07/Jul/2025:02:33:35 +0530] "POST /wp-cron.php?doing_wp_cron=1751835814.7661299705505371093750 HTTP/1.1" 200 0 "-" "WordPress/6.8.1; https://ajio.lat"
196.251.83.232 - - [07/Jul/2025:02:33:51 +0530] "GET /.env HTTP/1.1" 404 13612 "-" "Python/3.8 aiohttp/3.10.11"
103.187.94.242 - - [07/Jul/2025:02:33:55 +0530] "GET /xmlrpc.php HTTP/1.1" 405 62 "-" "Python/3.13 aiohttp/3.11.18"
196.251.83.232 - - [07/Jul/2025:02:33:58 +0530] "GET /.git/config HTTP/1.1" 403 787 "-" "Python/3.8 aiohttp/3.10.11"
103.187.94.242 - - [07/Jul/2025:02:33:56 +0530] "GET /wp-json/wp/v2/users HTTP/1.1" 200 312 "-" "Python/3.13 aiohttp/3.11.18"
103.187.94.242 - - [07/Jul/2025:02:33:58 +0530] "POST /xmlrpc.php HTTP/1.1" 200 210 "-" "Mozilla/5.0 (Windows NT 11.0; Win64; x64) AppleWebKit/537.36 (KHTML, like Gecko) Chrome/121.0.0.0 Safari/537.36"
196.251.83.232 - - [07/Jul/2025:02:33:58 +0530] "GET /backend/.env HTTP/1.1" 404 13612 "-" "Python/3.8 aiohttp/3.10.11"
196.251.83.232 - - [07/Jul/2025:02:34:06 +0530] "GET /wp-includes/js/dist/script-modules/block-library/navigation/view.min.js?ver=61572d447d60c0aa5240 HTTP/1.1" 200 1153 "-" "Python/3.8 aiohttp/3.10.11"
196.251.83.232 - - [07/Jul/2025:02:34:12 +0530] "GET /config.json HTTP/1.1" 404 13612 "-" "Python/3.8 aiohttp/3.10.11"
196.251.83.232 - - [07/Jul/2025:02:34:18 +0530] "GET /config.js HTTP/1.1" 404 13612 "-" "Python/3.8 aiohttp/3.10.11"
196.251.83.232 - - [07/Jul/2025:02:34:21 +0530] "GET /aws-config.js HTTP/1.1" 404 13612 "-" "Python/3.8 aiohttp/3.10.11"
196.251.83.232 - - [07/Jul/2025:02:34:24 +0530] "GET /aws.config.js HTTP/1.1" 404 13612 "-" "Python/3.8 aiohttp/3.10.11"
196.251.72.175 - - [07/Jul/2025:02:19:41 +0530] "GET /wp-content/themes/seotheme/db.php?u HTTP/1.1" 301 0 "www.google.com" "Mozlila/5.0 (Linux; Android 7.0; SM-G892A Bulid/NRD90M; wv) AppleWebKit/537.36 (KHTML, like Gecko) Version/4.0 Chrome/60.0.3112.107 Moblie Safari/537.36"
196.251.72.175 - - [07/Jul/2025:02:19:49 +0530] "GET /wp-content/themes/seotheme/db.php?u HTTP/1.1" 503 807 "www.google.com" "Mozlila/5.0 (Linux; Android 7.0; SM-G892A Bulid/NRD90M; wv) AppleWebKit/537.36 (KHTML, like Gecko) Version/4.0 Chrome/60.0.3112.107 Moblie Safari/537.36"
196.251.72.175 - - [07/Jul/2025:02:19:57 +0530] "GET /wp-content/themes/seotheme/db.php?u HTTP/1.1" 301 0 "www.google.com" "Mozlila/5.0 (Linux; Android 7.0; SM-G892A Bulid/NRD90M; wv) AppleWebKit/537.36 (KHTML, like Gecko) Version/4.0 Chrome/60.0.3112.107 Moblie Safari/537.36"
196.251.72.175 - - [07/Jul/2025:02:20:01 +0530] "GET /rozlccej.php?Fox=d3wL7 HTTP/1.1" 503 807 "www.google.com" "Mozilla/5.0 (Linux; Android 7.0; SM-G892A Bulid/NRD90M; wv) AppleWebKit/537.36 (KHTML, like Gecko) Version/4.0 Chrome/60.0.3112.107 Moblie Safari/537.36"
196.251.72.175 - - [07/Jul/2025:02:20:09 +0530] "GET /rozlccej.php?Fox=d3wL7 HTTP/1.1" 301 0 "www.google.com" "Mozilla/5.0 (Linux; Android 7.0; SM-G892A Bulid/NRD90M; wv) AppleWebKit/537.36 (KHTML, like Gecko) Version/4.0 Chrome/60.0.3112.107 Moblie Safari/537.36"
66.249.66.43 - - [07/Jul/2025:02:30:45 +0530] "GET /comment.php?shopdetail/62281626 HTTP/1.1" 200 23814 "-" "Mozilla/5.0 (Linux; Android 6.0.1; Nexus 5X Build/MMB29P) AppleWebKit/537.36 (KHTML, like Gecko) Chrome/137.0.7151.103 Mobile Safari/537.36 (compatible; GoogleOther)"
196.251.83.232 - - [07/Jul/2025:02:33:30 +0530] "GET / HTTP/1.1" 200 12064 "-" "Python/3.8 aiohttp/3.10.11"
196.251.83.232 - - [07/Jul/2025:02:33:53 +0530] "GET /%22https:/ajio.lat/wp-includes/js/dist/script-modules/block-library/navigation/view.min.js?ver=61572d447d60c0aa5240%22 HTTP/1.1" 404 13612 "-" "Python/3.8 aiohttp/3.10.11"
196.251.83.232 - - [07/Jul/2025:02:34:01 +0530] "GET /admin/.env HTTP/1.1" 404 13612 "-" "Python/3.8 aiohttp/3.10.11"
196.251.83.232 - - [07/Jul/2025:02:34:03 +0530] "GET /core/.env HTTP/1.1" 404 13612 "-" "Python/3.8 aiohttp/3.10.11"
196.251.83.232 - - [07/Jul/2025:02:34:05 +0530] "GET /.env.bak HTTP/1.1" 404 13612 "-" "Python/3.8 aiohttp/3.10.11"
196.251.83.232 - - [07/Jul/2025:02:34:09 +0530] "GET /.git/logs/HEAD HTTP/1.1" 403 787 "-" "Python/3.8 aiohttp/3.10.11"
196.251.83.232 - - [07/Jul/2025:02:34:09 +0530] "GET /wp-config.php HTTP/1.1" 200 0 "-" "Python/3.8 aiohttp/3.10.11"
196.251.83.232 - - [07/Jul/2025:02:34:10 +0530] "GET /.gitlab-ci.yml HTTP/1.1" 404 13612 "-" "Python/3.8 aiohttp/3.10.11"
103.187.94.242 - - [07/Jul/2025:02:34:11 +0530] "POST /xmlrpc.php HTTP/1.1" 200 210 "-" "Mozilla/5.0 (Windows NT 11.0; Win64; x64) AppleWebKit/537.36 (KHTML, like Gecko) Chrome/121.0.0.0 Safari/537.36"
103.187.94.242 - - [07/Jul/2025:02:34:12 +0530] "POST /xmlrpc.php HTTP/1.1" 200 266 "-" "Mozilla/5.0 (Windows NT 11.0; Win64; x64) AppleWebKit/537.36 (KHTML, like Gecko) Chrome/121.0.0.0 Safari/537.36"
68.183.245.101 - - [07/Jul/2025:02:46:48 +0530] "GET / HTTP/2" 301 0 "-" "Mozilla/5.0 (iPhone; CPU iPhone OS 18_1_1 like Mac OS X) AppleWebKit/605.1.15 (KHTML, like Gecko) Version/18.1.1 Mobile/15E148 Safari/604.1"
190.196.168.128 - - [07/Jul/2025:02:46:49 +0530] "GET / HTTP/1.1" 301 0 "-" "Mozilla/5.0 (iPhone; CPU iPhone OS 18_1_1 like Mac OS X) AppleWebKit/605.1.15 (KHTML, like Gecko) Version/18.1.1 Mobile/15E148 Safari/604.1"
85.190.230.25 - - [07/Jul/2025:02:46:49 +0530] "GET / HTTP/2" 301 0 "-" "Mozilla/5.0 (Windows NT 10.0; Win64; x64) AppleWebKit/537.36 (KHTML, like Gecko) Chrome/132.0.0.0 Safari/537.36 Edg/132.0.0.0"
68.183.245.101 - - [07/Jul/2025:02:46:51 +0530] "GET / HTTP/2" 200 12064 "https://www.ajio.lat/" "Mozilla/5.0 (iPhone; CPU iPhone OS 18_1_1 like Mac OS X) AppleWebKit/605.1.15 (KHTML, like Gecko) Version/18.1.1 Mobile/15E148 Safari/604.1"
85.190.230.25 - - [07/Jul/2025:02:46:52 +0530] "GET / HTTP/2" 200 12064 "https://www.ajio.lat/" "Mozilla/5.0 (Windows NT 10.0; Win64; x64) AppleWebKit/537.36 (KHTML, like Gecko) Chrome/132.0.0.0 Safari/537.36 Edg/132.0.0.0"
122.180.246.194 - - [07/Jul/2025:02:47:03 +0530] "POST /wp-cron.php?doing_wp_cron=1751836623.7086958885192871093750 HTTP/1.1" 200 0 "-" "WordPress/6.8.1; https://ajio.lat"
165.231.253.249 - - [07/Jul/2025:02:47:05 +0530] "GET /favicon.ico HTTP/1.1" 404 796 "-" "Mozilla/5.0 (Windows NT 10.0; Win64; x64) AppleWebKit/537.36 (KHTML, like Gecko) Chrome/132.0.0.0 Safari/537.36 Edg/132.0.0.0"
68.183.245.101 - - [07/Jul/2025:02:48:19 +0530] "GET /favicon.ico HTTP/1.1" 404 796 "-" "Mozilla/5.0 (iPhone; CPU iPhone OS 18_1_1 like Mac OS X) AppleWebKit/605.1.15 (KHTML, like Gecko) Version/18.1.1 Mobile/15E148 Safari/604.1"
66.249.66.42 - - [07/Jul/2025:02:49:41 +0530] "GET /comment.php?shopdetail/84875000 HTTP/1.1" 200 23964 "-" "Mozilla/5.0 (Linux; Android 6.0.1; Nexus 5X Build/MMB29P) AppleWebKit/537.36 (KHTML, like Gecko) Chrome/137.0.7151.103 Mobile Safari/537.36 (compatible; GoogleOther)"
122.180.246.194 - - [07/Jul/2025:02:50:28 +0530] "POST /wp-cron.php?doing_wp_cron=1751836828.6331439018249511718750 HTTP/1.1" 200 0 "-" "WordPress/6.8.1; https://ajio.lat"
68.183.245.101 - - [07/Jul/2025:02:50:27 +0530] "GET / HTTP/2" 200 10661 "-" "Mozilla/5.0 (iPhone; CPU iPhone OS 18_1_1 like Mac OS X) AppleWebKit/605.1.15 (KHTML, like Gecko) Version/18.1.1 Mobile/15E148 Safari/604.1"
68.183.245.101 - - [07/Jul/2025:02:50:28 +0530] "GET /wp-includes/blocks/navigation/style.min.css?ver=6.8.1 HTTP/2" 200 2057 "https://ajio.lat/" "Mozilla/5.0 (iPhone; CPU iPhone OS 18_1_1 like Mac OS X) AppleWebKit/605.1.15 (KHTML, like Gecko) Version/18.1.1 Mobile/15E148 Safari/604.1"
68.183.245.101 - - [07/Jul/2025:02:50:28 +0530] "GET /wp-content/themes/twentytwentyfive/style.css?ver=1.2 HTTP/2" 200 1009 "https://ajio.lat/" "Mozilla/5.0 (iPhone; CPU iPhone OS 18_1_1 like Mac OS X) AppleWebKit/605.1.15 (KHTML, like Gecko) Version/18.1.1 Mobile/15E148 Safari/604.1"
68.183.245.101 - - [07/Jul/2025:02:50:29 +0530] "GET /wp-includes/js/dist/script-modules/block-library/navigation/view.min.js?ver=61572d447d60c0aa5240 HTTP/2" 200 1049 "https://ajio.lat/" "Mozilla/5.0 (iPhone; CPU iPhone OS 18_1_1 like Mac OS X) AppleWebKit/605.1.15 (KHTML, like Gecko) Version/18.1.1 Mobile/15E148 Safari/604.1"
68.183.245.101 - - [07/Jul/2025:02:50:29 +0530] "GET /wp-includes/js/dist/script-modules/interactivity/index.min.js?ver=55aebb6e0a16726baffb HTTP/2" 200 13727 "-" "Mozilla/5.0 (iPhone; CPU iPhone OS 18_1_1 like Mac OS X) AppleWebKit/605.1.15 (KHTML, like Gecko) Version/18.1.1 Mobile/15E148 Safari/604.1"
68.183.245.101 - - [07/Jul/2025:02:50:29 +0530] "GET /wp-content/themes/twentytwentyfive/assets/fonts/manrope/Manrope-VariableFont_wght.woff2 HTTP/2" 200 53600 "https://ajio.lat/" "Mozilla/5.0 (iPhone; CPU iPhone OS 18_1_1 like Mac OS X) AppleWebKit/605.1.15 (KHTML, like Gecko) Version/18.1.1 Mobile/15E148 Safari/604.1"
68.183.245.101 - - [07/Jul/2025:02:50:29 +0530] "GET /wp-includes/js/wp-emoji-release.min.js?ver=6.8.1 HTTP/2" 200 4771 "https://ajio.lat/" "Mozilla/5.0 (iPhone; CPU iPhone OS 18_1_1 like Mac OS X) AppleWebKit/605.1.15 (KHTML, like Gecko) Version/18.1.1 Mobile/15E148 Safari/604.1"
68.183.245.101 - - [07/Jul/2025:02:50:29 +0530] "GET /favicon.ico HTTP/2" 404 796 "https://ajio.lat/" "Mozilla/5.0 (iPhone; CPU iPhone OS 18_1_1 like Mac OS X) AppleWebKit/605.1.15 (KHTML, like Gecko) Version/18.1.1 Mobile/15E148 Safari/604.1"
66.249.66.41 - - [07/Jul/2025:02:51:06 +0530] "GET /comment.php?shopdetail/41822939 HTTP/1.1" 200 24466 "-" "Mozilla/5.0 (Linux; Android 6.0.1; Nexus 5X Build/MMB29P) AppleWebKit/537.36 (KHTML, like Gecko) Chrome/137.0.7151.103 Mobile Safari/537.36 (compatible; Googlebot/2.1; +http://www.google.com/bot.html)"
68.183.245.101 - - [07/Jul/2025:02:52:06 +0530] "GET / HTTP/2" 200 10654 "https://www.ajio.lat/" "Mozilla/5.0 (iPhone; CPU iPhone OS 18_1_1 like Mac OS X) AppleWebKit/605.1.15 (KHTML, like Gecko) Version/18.1.1 Mobile/15E148 Safari/604.1"
68.183.245.101 - - [07/Jul/2025:02:52:07 +0530] "GET /wp-includes/blocks/navigation/style.min.css?ver=6.8.1 HTTP/2" 200 2057 "https://ajio.lat/" "Mozilla/5.0 (iPhone; CPU iPhone OS 18_1_1 like Mac OS X) AppleWebKit/605.1.15 (KHTML, like Gecko) Version/18.1.1 Mobile/15E148 Safari/604.1"
68.183.245.101 - - [07/Jul/2025:02:52:07 +0530] "GET /wp-content/themes/twentytwentyfive/style.css?ver=1.2 HTTP/2" 200 1009 "https://ajio.lat/" "Mozilla/5.0 (iPhone; CPU iPhone OS 18_1_1 like Mac OS X) AppleWebKit/605.1.15 (KHTML, like Gecko) Version/18.1.1 Mobile/15E148 Safari/604.1"
68.183.245.101 - - [07/Jul/2025:02:52:07 +0530] "GET /wp-includes/js/dist/script-modules/block-library/navigation/view.min.js?ver=61572d447d60c0aa5240 HTTP/2" 200 1049 "https://ajio.lat/" "Mozilla/5.0 (iPhone; CPU iPhone OS 18_1_1 like Mac OS X) AppleWebKit/605.1.15 (KHTML, like Gecko) Version/18.1.1 Mobile/15E148 Safari/604.1"
68.183.245.101 - - [07/Jul/2025:02:52:07 +0530] "GET /wp-includes/js/dist/script-modules/interactivity/index.min.js?ver=55aebb6e0a16726baffb HTTP/2" 200 13727 "https://ajio.lat/" "Mozilla/5.0 (iPhone; CPU iPhone OS 18_1_1 like Mac OS X) AppleWebKit/605.1.15 (KHTML, like Gecko) Version/18.1.1 Mobile/15E148 Safari/604.1"
68.183.245.101 - - [07/Jul/2025:02:52:08 +0530] "GET /wp-content/themes/twentytwentyfive/assets/fonts/manrope/Manrope-VariableFont_wght.woff2 HTTP/2" 200 53600 "https://ajio.lat/" "Mozilla/5.0 (iPhone; CPU iPhone OS 18_1_1 like Mac OS X) AppleWebKit/605.1.15 (KHTML, like Gecko) Version/18.1.1 Mobile/15E148 Safari/604.1"
68.183.245.101 - - [07/Jul/2025:02:52:08 +0530] "GET /wp-includes/js/wp-emoji-release.min.js?ver=6.8.1 HTTP/2" 200 4771 "https://ajio.lat/" "Mozilla/5.0 (iPhone; CPU iPhone OS 18_1_1 like Mac OS X) AppleWebKit/605.1.15 (KHTML, like Gecko) Version/18.1.1 Mobile/15E148 Safari/604.1"
68.183.245.101 - - [07/Jul/2025:02:52:09 +0530] "GET /favicon.ico HTTP/2" 404 796 "https://ajio.lat/" "Mozilla/5.0 (iPhone; CPU iPhone OS 18_1_1 like Mac OS X) AppleWebKit/605.1.15 (KHTML, like Gecko) Version/18.1.1 Mobile/15E148 Safari/604.1"
68.183.245.101 - - [07/Jul/2025:02:52:14 +0530] "GET / HTTP/2" 200 10654 "https://ajio.lat/" "Mozilla/5.0 (iPhone; CPU iPhone OS 18_1_1 like Mac OS X) AppleWebKit/605.1.15 (KHTML, like Gecko) Version/18.1.1 Mobile/15E148 Safari/604.1"
68.183.245.101 - - [07/Jul/2025:02:52:15 +0530] "GET / HTTP/2" 200 10654 "-" "Mozilla/5.0 (iPhone; CPU iPhone OS 18_1_1 like Mac OS X) AppleWebKit/605.1.15 (KHTML, like Gecko) Version/18.1.1 Mobile/15E148 Safari/604.1"
68.183.245.101 - - [07/Jul/2025:02:52:17 +0530] "GET /2025/07/04/hello-world/ HTTP/2" 200 13522 "https://ajio.lat/" "Mozilla/5.0 (iPhone; CPU iPhone OS 18_1_1 like Mac OS X) AppleWebKit/605.1.15 (KHTML, like Gecko) Version/18.1.1 Mobile/15E148 Safari/604.1"
68.183.245.101 - - [07/Jul/2025:02:52:18 +0530] "GET /wp-includes/css/dist/block-library/common.min.css?ver=6.8.1 HTTP/2" 200 956 "https://ajio.lat/2025/07/04/hello-world/" "Mozilla/5.0 (iPhone; CPU iPhone OS 18_1_1 like Mac OS X) AppleWebKit/605.1.15 (KHTML, like Gecko) Version/18.1.1 Mobile/15E148 Safari/604.1"
68.183.245.101 - - [07/Jul/2025:02:52:18 +0530] "GET /wp-includes/js/comment-reply.min.js?ver=6.8.1 HTTP/2" 200 1247 "https://ajio.lat/2025/07/04/hello-world/" "Mozilla/5.0 (iPhone; CPU iPhone OS 18_1_1 like Mac OS X) AppleWebKit/605.1.15 (KHTML, like Gecko) Version/18.1.1 Mobile/15E148 Safari/604.1"
68.183.245.101 - - [07/Jul/2025:02:52:22 +0530] "POST /wp-comments-post.php HTTP/2" 200 991 "https://ajio.lat/2025/07/04/hello-world/" "Mozilla/5.0 (iPhone; CPU iPhone OS 18_1_1 like Mac OS X) AppleWebKit/605.1.15 (KHTML, like Gecko) Version/18.1.1 Mobile/15E148 Safari/604.1"
165.231.253.249 - - [07/Jul/2025:02:46:49 +0530] "GET / HTTP/1.1" 301 0 "-" "Mozilla/5.0 (Windows NT 10.0; Win64; x64) AppleWebKit/537.36 (KHTML, like Gecko) Chrome/132.0.0.0 Safari/537.36 Edg/132.0.0.0"
165.231.253.249 - - [07/Jul/2025:02:47:02 +0530] "GET / HTTP/1.1" 301 0 "-" "Mozilla/5.0 (iPhone; CPU iPhone OS 18_0_1 like Mac OS X) AppleWebKit/605.1.15 (KHTML, like Gecko) Version/18.0.1 Mobile/15E148 Safari/604.1"
66.249.66.41 - - [07/Jul/2025:02:53:32 +0530] "GET /content.php?shopdetail/145911677 HTTP/1.1" 200 23884 "-" "Mozilla/5.0 (Linux; Android 6.0.1; Nexus 5X Build/MMB29P) AppleWebKit/537.36 (KHTML, like Gecko) Chrome/137.0.7151.103 Mobile Safari/537.36 (compatible; Googlebot/2.1; +http://www.google.com/bot.html)"
52.169.48.87 - - [07/Jul/2025:03:07:31 +0530] "GET /wp-login.php HTTP/1.1" 200 4337 "-" "-"
66.249.66.42 - - [07/Jul/2025:03:13:36 +0530] "GET /content.php?shopdetail/983601176 HTTP/1.1" 200 24276 "-" "Mozilla/5.0 (Linux; Android 6.0.1; Nexus 5X Build/MMB29P) AppleWebKit/537.36 (KHTML, like Gecko) Chrome/137.0.7151.103 Mobile Safari/537.36 (compatible; GoogleOther)"
66.249.66.41 - - [07/Jul/2025:03:13:45 +0530] "GET /content.php?shopdetail/9757930 HTTP/1.1" 200 24813 "-" "Mozilla/5.0 (Linux; Android 6.0.1; Nexus 5X Build/MMB29P) AppleWebKit/537.36 (KHTML, like Gecko) Chrome/137.0.7151.103 Mobile Safari/537.36 (compatible; GoogleOther)"
66.249.66.41 - - [07/Jul/2025:03:13:52 +0530] "GET /content.php?shopdetail/53821605 HTTP/1.1" 200 24820 "-" "Mozilla/5.0 (Linux; Android 6.0.1; Nexus 5X Build/MMB29P) AppleWebKit/537.36 (KHTML, like Gecko) Chrome/137.0.7151.103 Mobile Safari/537.36 (compatible; GoogleOther)"
66.249.66.41 - - [07/Jul/2025:03:13:58 +0530] "GET /content.php?shopdetail/8246537 HTTP/1.1" 200 24139 "-" "Mozilla/5.0 (Linux; Android 6.0.1; Nexus 5X Build/MMB29P) AppleWebKit/537.36 (KHTML, like Gecko) Chrome/137.0.7151.103 Mobile Safari/537.36 (compatible; GoogleOther)"
66.249.66.41 - - [07/Jul/2025:03:14:03 +0530] "GET /content.php?shopdetail/71811648 HTTP/1.1" 200 25234 "-" "Mozilla/5.0 (Linux; Android 6.0.1; Nexus 5X Build/MMB29P) AppleWebKit/537.36 (KHTML, like Gecko) Chrome/137.0.7151.103 Mobile Safari/537.36 (compatible; GoogleOther)"
66.249.66.41 - - [07/Jul/2025:03:14:09 +0530] "GET /content.php?shopdetail/298964675 HTTP/1.1" 200 25447 "-" "Mozilla/5.0 (Linux; Android 6.0.1; Nexus 5X Build/MMB29P) AppleWebKit/537.36 (KHTML, like Gecko) Chrome/137.0.7151.103 Mobile Safari/537.36 (compatible; GoogleOther)"
66.249.66.41 - - [07/Jul/2025:03:14:16 +0530] "GET /content.php?shopdetail/469819771 HTTP/1.1" 200 24788 "-" "Mozilla/5.0 (Linux; Android 6.0.1; Nexus 5X Build/MMB29P) AppleWebKit/537.36 (KHTML, like Gecko) Chrome/137.0.7151.103 Mobile Safari/537.36 (compatible; GoogleOther)"
66.249.66.41 - - [07/Jul/2025:03:17:51 +0530] "GET /content.php?shopdetail/765790719 HTTP/1.1" 200 24562 "-" "Mozilla/5.0 (Linux; Android 6.0.1; Nexus 5X Build/MMB29P) AppleWebKit/537.36 (KHTML, like Gecko) Chrome/137.0.7151.103 Mobile Safari/537.36 (compatible; Googlebot/2.1; +http://www.google.com/bot.html)"
66.249.66.42 - - [07/Jul/2025:03:13:49 +0530] "GET /content.php?shopdetail/2792384 HTTP/1.1" 200 24338 "-" "Mozilla/5.0 (Linux; Android 6.0.1; Nexus 5X Build/MMB29P) AppleWebKit/537.36 (KHTML, like Gecko) Chrome/137.0.7151.103 Mobile Safari/537.36 (compatible; GoogleOther)"
66.249.66.41 - - [07/Jul/2025:03:14:35 +0530] "GET /content.php?shopdetail/5078491 HTTP/1.1" 200 25439 "-" "Mozilla/5.0 (Linux; Android 6.0.1; Nexus 5X Build/MMB29P) AppleWebKit/537.36 (KHTML, like Gecko) Chrome/137.0.7151.103 Mobile Safari/537.36 (compatible; GoogleOther)"
66.249.66.42 - - [07/Jul/2025:03:19:41 +0530] "GET /comment.php?shopdetail/61556403 HTTP/1.1" 200 24766 "-" "Mozilla/5.0 (Linux; Android 6.0.1; Nexus 5X Build/MMB29P) AppleWebKit/537.36 (KHTML, like Gecko) Chrome/137.0.7151.103 Mobile Safari/537.36 (compatible; GoogleOther)"
66.249.66.43 - - [07/Jul/2025:03:26:25 +0530] "GET /content.php?shopdetail/417861148 HTTP/1.1" 200 24889 "-" "Mozilla/5.0 (Linux; Android 6.0.1; Nexus 5X Build/MMB29P) AppleWebKit/537.36 (KHTML, like Gecko) Chrome/137.0.7151.103 Mobile Safari/537.36 (compatible; Googlebot/2.1; +http://www.google.com/bot.html)"
122.180.246.194 - - [07/Jul/2025:03:32:09 +0530] "POST /wp-cron.php?doing_wp_cron=1751839329.1088368892669677734375 HTTP/1.1" 200 0 "-" "WordPress/6.8.1; https://ajio.lat"
45.227.253.15 - - [07/Jul/2025:03:32:04 +0530] "GET /bubble-pirates-mania/fullscreen/fullscreen/index.php?ARRAY=7o2230223n313735313834333032362p2231223n22687474703n5p2s5p2s3230342r31322r3233382r37345p2s3s6p633q7068705s636s64655s6n6326743q313735313833393432362q6666396431336637323462333463376630613531633139623662616163343261222p2232223n226537336461366262636563306362333562653738393662373965396265326432222p2233223n226230376262633334336536623734656638363437613834613434343538353437222p2262696r675s70617373223n2232352q34302q35392q36332q38302q38362q3136227q HTTP/1.1" 301 0 "-" "Mozilla/5.0 (iPhone; CPU iPhone OS 10_3 like Mac OS X) AppleWebKit/605.1.15 (KHTML, like Gecko) Version/10.0.4 Mobile/15E148 Safari/604.1"
45.227.253.15 - - [07/Jul/2025:03:32:10 +0530] "GET /bubble-pirates-mania/fullscreen/fullscreen/?ARRAY=7o2230223n313735313834333032362p2231223n22687474703n5p2s5p2s3230342r31322r3233382r37345p2s3s6p633q7068705s636s64655s6n6326743q313735313833393432362q6666396431336637323462333463376630613531633139623662616163343261222p2232223n226537336461366262636563306362333562653738393662373965396265326432222p2233223n226230376262633334336536623734656638363437613834613434343538353437222p2262696r675s70617373223n2232352q34302q35392q36332q38302q38362q3136227q HTTP/1.1" 404 13612 "https://ajio.lat/bubble-pirates-mania/fullscreen/fullscreen/index.php?ARRAY=7o2230223n313735313834333032362p2231223n22687474703n5p2s5p2s3230342r31322r3233382r37345p2s3s6p633q7068705s636s64655s6n6326743q313735313833393432362q6666396431336637323462333463376630613531633139623662616163343261222p2232223n226537336461366262636563306362333562653738393662373965396265326432222p2233223n226230376262633334336536623734656638363437613834613434343538353437222p2262696r675s70617373223n2232352q34302q35392q36332q38302q38362q3136227q" "Mozilla/5.0 (iPhone; CPU iPhone OS 10_3 like Mac OS X) AppleWebKit/605.1.15 (KHTML, like Gecko) Version/10.0.4 Mobile/15E148 Safari/604.1"
66.249.66.43 - - [07/Jul/2025:03:49:40 +0530] "GET /comment.php?shopdetail/42969154 HTTP/1.1" 200 24837 "-" "Mozilla/5.0 (Linux; Android 6.0.1; Nexus 5X Build/MMB29P) AppleWebKit/537.36 (KHTML, like Gecko) Chrome/137.0.7151.103 Mobile Safari/537.36 (compatible; GoogleOther)"
103.28.116.126 - - [07/Jul/2025:04:15:14 +0530] "GET /akc.php HTTP/2" 302 0 "-" "Mozilla/5.0 (Windows NT 10.0; Win64; x64) AppleWebKit/537.36 (KHTML, like Gecko) Chrome/138.0.0.0 Safari/537.36"
103.28.116.126 - - [07/Jul/2025:04:15:14 +0530] "GET /akc.php?p= HTTP/2" 200 12556 "-" "Mozilla/5.0 (Windows NT 10.0; Win64; x64) AppleWebKit/537.36 (KHTML, like Gecko) Chrome/138.0.0.0 Safari/537.36"
103.28.116.126 - - [07/Jul/2025:04:15:16 +0530] "GET /akc.php?img=favicon HTTP/2" 200 568 "https://ajio.lat/akc.php?p=" "Mozilla/5.0 (Windows NT 10.0; Win64; x64) AppleWebKit/537.36 (KHTML, like Gecko) Chrome/138.0.0.0 Safari/537.36"
66.249.66.41 - - [07/Jul/2025:04:25:42 +0530] "GET /comment.php?shopdetail/27125222 HTTP/1.1" 200 24422 "-" "Mozilla/5.0 (Linux; Android 6.0.1; Nexus 5X Build/MMB29P) AppleWebKit/537.36 (KHTML, like Gecko) Chrome/137.0.7151.103 Mobile Safari/537.36 (compatible; GoogleOther)"
66.249.66.41 - - [07/Jul/2025:04:19:24 +0530] "GET /comment.php?shopdetail/66072920 HTTP/1.1" 200 24845 "-" "Mozilla/5.0 (Linux; Android 6.0.1; Nexus 5X Build/MMB29P) AppleWebKit/537.36 (KHTML, like Gecko) Chrome/137.0.7151.103 Mobile Safari/537.36 (compatible; Googlebot/2.1; +http://www.google.com/bot.html)"
66.249.66.41 - - [07/Jul/2025:04:30:45 +0530] "GET /content.php?shopdetail/977302024 HTTP/1.1" 200 24733 "-" "Mozilla/5.0 (Linux; Android 6.0.1; Nexus 5X Build/MMB29P) AppleWebKit/537.36 (KHTML, like Gecko) Chrome/137.0.7151.103 Mobile Safari/537.36 (compatible; Googlebot/2.1; +http://www.google.com/bot.html)"
66.249.66.42 - - [07/Jul/2025:05:00:27 +0530] "GET /content.php?shopdetail/68430491 HTTP/1.1" 200 25186 "-" "Mozilla/5.0 (Linux; Android 6.0.1; Nexus 5X Build/MMB29P) AppleWebKit/537.36 (KHTML, like Gecko) Chrome/137.0.7151.103 Mobile Safari/537.36 (compatible; GoogleOther)"
66.249.66.42 - - [07/Jul/2025:05:01:01 +0530] "GET /content.php?shopdetail/25909948 HTTP/1.1" 200 24927 "-" "Mozilla/5.0 (Linux; Android 6.0.1; Nexus 5X Build/MMB29P) AppleWebKit/537.36 (KHTML, like Gecko) Chrome/137.0.7151.103 Mobile Safari/537.36 (compatible; GoogleOther)"
66.249.66.42 - - [07/Jul/2025:05:01:07 +0530] "GET /content.php?shopdetail/895289225 HTTP/1.1" 200 25838 "-" "Mozilla/5.0 (Linux; Android 6.0.1; Nexus 5X Build/MMB29P) AppleWebKit/537.36 (KHTML, like Gecko) Chrome/137.0.7151.103 Mobile Safari/537.36 (compatible; GoogleOther)"
66.249.66.41 - - [07/Jul/2025:05:01:40 +0530] "GET /comment.php?shopdetail/42566845 HTTP/1.1" 200 24165 "-" "Mozilla/5.0 (Linux; Android 6.0.1; Nexus 5X Build/MMB29P) AppleWebKit/537.36 (KHTML, like Gecko) Chrome/137.0.7151.103 Mobile Safari/537.36 (compatible; GoogleOther)"
66.249.66.42 - - [07/Jul/2025:05:00:45 +0530] "GET /content.php?shopdetail/8983306 HTTP/1.1" 200 24764 "-" "Mozilla/5.0 (Linux; Android 6.0.1; Nexus 5X Build/MMB29P) AppleWebKit/537.36 (KHTML, like Gecko) Chrome/137.0.7151.103 Mobile Safari/537.36 (compatible; GoogleOther)"
66.249.66.41 - - [07/Jul/2025:05:00:52 +0530] "GET /content.php?shopdetail/3761640 HTTP/1.1" 200 24280 "-" "Mozilla/5.0 (Linux; Android 6.0.1; Nexus 5X Build/MMB29P) AppleWebKit/537.36 (KHTML, like Gecko) Chrome/137.0.7151.103 Mobile Safari/537.36 (compatible; GoogleOther)"
66.249.66.42 - - [07/Jul/2025:05:15:30 +0530] "GET /comment.php?shopdetail/34617657 HTTP/1.1" 200 23934 "-" "Mozilla/5.0 (Linux; Android 6.0.1; Nexus 5X Build/MMB29P) AppleWebKit/537.36 (KHTML, like Gecko) Chrome/137.0.7151.103 Mobile Safari/537.36 (compatible; Googlebot/2.1; +http://www.google.com/bot.html)"
103.122.142.236 - - [07/Jul/2025:05:21:56 +0530] "GET /alfa.php HTTP/2" 200 37486 "-" "Mozilla/5.0 (Windows NT 10.0; Win64; x64) AppleWebKit/537.36 (KHTML, like Gecko) Chrome/137.0.0.0 Safari/537.36"
103.122.142.236 - - [07/Jul/2025:05:22:12 +0530] "POST /alfa.php HTTP/2" 200 5552 "https://ajio.lat/alfa.php" "Mozilla/5.0 (Windows NT 10.0; Win64; x64) AppleWebKit/537.36 (KHTML, like Gecko) Chrome/137.0.0.0 Safari/537.36"
122.180.246.194 - - [07/Jul/2025:05:22:12 +0530] "POST //ALFA_DATA/alfacgiapi/perl.alfa HTTP/2" 200 72 "-" "Mozilla/5.0 (Macintosh; Intel Mac OS X 10_14_6) AppleWebKit/537.36 (KHTML, like Gecko) Chrome/83.0.4103.61 Safari/537.36)"
103.122.142.236 - - [07/Jul/2025:05:22:12 +0530] "POST /alfa.php HTTP/2" 200 69 "https://ajio.lat/alfa.php" "Mozilla/5.0 (Windows NT 10.0; Win64; x64) AppleWebKit/537.36 (KHTML, like Gecko) Chrome/137.0.0.0 Safari/537.36"
66.249.66.41 - - [07/Jul/2025:05:22:12 +0530] "GET /content.php?shopdetail/7742827 HTTP/1.1" 200 25098 "-" "Mozilla/5.0 (Linux; Android 6.0.1; Nexus 5X Build/MMB29P) AppleWebKit/537.36 (KHTML, like Gecko) Chrome/137.0.7151.103 Mobile Safari/537.36 (compatible; Googlebot/2.1; +http://www.google.com/bot.html)"
103.122.142.236 - - [07/Jul/2025:05:22:12 +0530] "POST /alfa.php HTTP/2" 200 3661 "https://ajio.lat/alfa.php" "Mozilla/5.0 (Windows NT 10.0; Win64; x64) AppleWebKit/537.36 (KHTML, like Gecko) Chrome/137.0.0.0 Safari/537.36"
122.180.246.194 - - [07/Jul/2025:05:22:17 +0530] "POST //ALFA_DATA/alfacgiapi/perl.alfa HTTP/2" 200 469 "-" "Mozilla/5.0 (Macintosh; Intel Mac OS X 10_14_6) AppleWebKit/537.36 (KHTML, like Gecko) Chrome/83.0.4103.61 Safari/537.36)"
103.122.142.236 - - [07/Jul/2025:05:22:12 +0530] "POST /alfa.php HTTP/2" 200 254 "https://ajio.lat/alfa.php" "Mozilla/5.0 (Windows NT 10.0; Win64; x64) AppleWebKit/537.36 (KHTML, like Gecko) Chrome/137.0.0.0 Safari/537.36"
45.227.253.15 - - [07/Jul/2025:05:07:48 +0530] "GET /index.php/jk HTTP/1.1" 301 0 "-" "Mozilla/5.0 (Windows NT 6.2; Win64; x64) AppleWebKit/537.36 (KHTML, like Gecko) Chrome/86.0.4240.111 Safari/537.36"
45.227.253.15 - - [07/Jul/2025:05:07:50 +0530] "GET /jk HTTP/1.1" 404 13612 "https://ajio.lat/index.php/jk" "Mozilla/5.0 (Windows NT 6.2; Win64; x64) AppleWebKit/537.36 (KHTML, like Gecko) Chrome/86.0.4240.111 Safari/537.36"
66.249.66.42 - - [07/Jul/2025:05:22:18 +0530] "GET /content.php?shopdetail/536911137 HTTP/1.1" 200 25419 "-" "Mozilla/5.0 (Linux; Android 6.0.1; Nexus 5X Build/MMB29P) AppleWebKit/537.36 (KHTML, like Gecko) Chrome/137.0.7151.103 Mobile Safari/537.36 (compatible; GoogleOther)"
66.249.66.41 - - [07/Jul/2025:05:22:25 +0530] "GET /content.php?shopdetail/64435486 HTTP/1.1" 200 25299 "-" "Mozilla/5.0 (Linux; Android 6.0.1; Nexus 5X Build/MMB29P) AppleWebKit/537.36 (KHTML, like Gecko) Chrome/137.0.7151.103 Mobile Safari/537.36 (compatible; GoogleOther)"
66.249.66.41 - - [07/Jul/2025:05:22:30 +0530] "GET /content.php?shopdetail/524828328 HTTP/1.1" 200 24920 "-" "Mozilla/5.0 (Linux; Android 6.0.1; Nexus 5X Build/MMB29P) AppleWebKit/537.36 (KHTML, like Gecko) Chrome/137.0.7151.103 Mobile Safari/537.36 (compatible; GoogleOther)"
66.249.66.41 - - [07/Jul/2025:05:22:37 +0530] "GET /content.php?shopdetail/436902637 HTTP/1.1" 200 24359 "-" "Mozilla/5.0 (Linux; Android 6.0.1; Nexus 5X Build/MMB29P) AppleWebKit/537.36 (KHTML, like Gecko) Chrome/137.0.7151.103 Mobile Safari/537.36 (compatible; GoogleOther)"
66.249.66.41 - - [07/Jul/2025:05:22:44 +0530] "GET /content.php?shopdetail/4322157 HTTP/1.1" 200 24988 "-" "Mozilla/5.0 (Linux; Android 6.0.1; Nexus 5X Build/MMB29P) AppleWebKit/537.36 (KHTML, like Gecko) Chrome/137.0.7151.103 Mobile Safari/537.36 (compatible; GoogleOther)"
66.249.66.41 - - [07/Jul/2025:05:22:50 +0530] "GET /content.php?shopdetail/1544581 HTTP/1.1" 200 25704 "-" "Mozilla/5.0 (Linux; Android 6.0.1; Nexus 5X Build/MMB29P) AppleWebKit/537.36 (KHTML, like Gecko) Chrome/137.0.7151.103 Mobile Safari/537.36 (compatible; GoogleOther)"
66.249.66.41 - - [07/Jul/2025:05:24:24 +0530] "GET /content.php?shopdetail/5242463 HTTP/1.1" 200 25413 "-" "Mozilla/5.0 (Linux; Android 6.0.1; Nexus 5X Build/MMB29P) AppleWebKit/537.36 (KHTML, like Gecko) Chrome/137.0.7151.103 Mobile Safari/537.36 (compatible; GoogleOther)"
66.249.66.41 - - [07/Jul/2025:05:24:32 +0530] "GET /content.php?shopdetail/124041735 HTTP/1.1" 200 24423 "-" "Mozilla/5.0 (Linux; Android 6.0.1; Nexus 5X Build/MMB29P) AppleWebKit/537.36 (KHTML, like Gecko) Chrome/137.0.7151.103 Mobile Safari/537.36 (compatible; GoogleOther)"
66.249.66.41 - - [07/Jul/2025:05:24:41 +0530] "GET /content.php?shopdetail/9943966 HTTP/1.1" 200 24660 "-" "Mozilla/5.0 (Linux; Android 6.0.1; Nexus 5X Build/MMB29P) AppleWebKit/537.36 (KHTML, like Gecko) Chrome/137.0.7151.103 Mobile Safari/537.36 (compatible; GoogleOther)"
103.28.116.24 - - [07/Jul/2025:05:25:24 +0530] "GET /lc.php HTTP/2" 200 6730 "-" "Mozilla/5.0 (Windows NT 10.0; Win64; x64) AppleWebKit/537.36 (KHTML, like Gecko) Chrome/137.0.0.0 Safari/537.36"
