103.28.116.24 - - [07/Jul/2025:05:26:15 +0530] "GET / HTTP/2" 200 0 "-" "Mozilla/5.0 (Windows NT 10.0; Win64; x64) AppleWebKit/537.36 (KHTML, like Gecko) Chrome/137.0.0.0 Safari/537.36"
103.28.116.24 - - [07/Jul/2025:05:26:24 +0530] "GET / HTTP/2" 200 10661 "-" "Mozilla/5.0 (Windows NT 10.0; Win64; x64) AppleWebKit/537.36 (KHTML, like Gecko) Chrome/137.0.0.0 Safari/537.36"
103.28.116.24 - - [07/Jul/2025:05:26:26 +0530] "GET /wp-includes/blocks/navigation/style.min.css?ver=6.8.1 HTTP/2" 200 2057 "https://ajio.lat/" "Mozilla/5.0 (Windows NT 10.0; Win64; x64) AppleWebKit/537.36 (KHTML, like Gecko) Chrome/137.0.0.0 Safari/537.36"
103.28.116.24 - - [07/Jul/2025:05:26:27 +0530] "GET /wp-content/themes/twentytwentyfive/style.css?ver=1.2 HTTP/2" 200 1009 "https://ajio.lat/" "Mozilla/5.0 (Windows NT 10.0; Win64; x64) AppleWebKit/537.36 (KHTML, like Gecko) Chrome/137.0.0.0 Safari/537.36"
103.28.116.24 - - [07/Jul/2025:05:26:27 +0530] "GET /wp-includes/js/dist/script-modules/block-library/navigation/view.min.js?ver=61572d447d60c0aa5240 HTTP/2" 200 1049 "https://ajio.lat/" "Mozilla/5.0 (Windows NT 10.0; Win64; x64) AppleWebKit/537.36 (KHTML, like Gecko) Chrome/137.0.0.0 Safari/537.36"
103.28.116.24 - - [07/Jul/2025:05:26:27 +0530] "GET /wp-includes/js/dist/script-modules/interactivity/index.min.js?ver=55aebb6e0a16726baffb HTTP/2" 200 13727 "-" "Mozilla/5.0 (Windows NT 10.0; Win64; x64) AppleWebKit/537.36 (KHTML, like Gecko) Chrome/137.0.0.0 Safari/537.36"
103.28.116.24 - - [07/Jul/2025:05:26:27 +0530] "GET /wp-includes/js/wp-emoji-release.min.js?ver=6.8.1 HTTP/2" 200 4771 "https://ajio.lat/" "Mozilla/5.0 (Windows NT 10.0; Win64; x64) AppleWebKit/537.36 (KHTML, like Gecko) Chrome/137.0.0.0 Safari/537.36"
103.28.116.24 - - [07/Jul/2025:05:26:27 +0530] "GET /wp-content/themes/twentytwentyfive/assets/fonts/manrope/Manrope-VariableFont_wght.woff2 HTTP/2" 200 53600 "https://ajio.lat/" "Mozilla/5.0 (Windows NT 10.0; Win64; x64) AppleWebKit/537.36 (KHTML, like Gecko) Chrome/137.0.0.0 Safari/537.36"
103.28.116.24 - - [07/Jul/2025:05:26:29 +0530] "GET /favicon.ico HTTP/2" 404 796 "https://ajio.lat/" "Mozilla/5.0 (Windows NT 10.0; Win64; x64) AppleWebKit/537.36 (KHTML, like Gecko) Chrome/137.0.0.0 Safari/537.36"
66.249.66.41 - - [07/Jul/2025:05:22:57 +0530] "GET /content.php?shopdetail/6085220 HTTP/1.1" 200 24972 "-" "Mozilla/5.0 (Linux; Android 6.0.1; Nexus 5X Build/MMB29P) AppleWebKit/537.36 (KHTML, like Gecko) Chrome/137.0.7151.103 Mobile Safari/537.36 (compatible; GoogleOther)"
66.249.66.41 - - [07/Jul/2025:05:23:04 +0530] "GET /content.php?shopdetail/629034483 HTTP/1.1" 200 25241 "-" "Mozilla/5.0 (Linux; Android 6.0.1; Nexus 5X Build/MMB29P) AppleWebKit/537.36 (KHTML, like Gecko) Chrome/137.0.7151.103 Mobile Safari/537.36 (compatible; GoogleOther)"
66.249.66.41 - - [07/Jul/2025:05:23:11 +0530] "GET /content.php?shopdetail/213507912 HTTP/1.1" 200 24007 "-" "Mozilla/5.0 (Linux; Android 6.0.1; Nexus 5X Build/MMB29P) AppleWebKit/537.36 (KHTML, like Gecko) Chrome/137.0.7151.103 Mobile Safari/537.36 (compatible; GoogleOther)"
66.249.66.41 - - [07/Jul/2025:05:23:18 +0530] "GET /content.php?shopdetail/657425146 HTTP/1.1" 200 25355 "-" "Mozilla/5.0 (Linux; Android 6.0.1; Nexus 5X Build/MMB29P) AppleWebKit/537.36 (KHTML, like Gecko) Chrome/137.0.7151.103 Mobile Safari/537.36 (compatible; GoogleOther)"
66.249.66.41 - - [07/Jul/2025:05:23:26 +0530] "GET /content.php?shopdetail/75597411 HTTP/1.1" 200 25198 "-" "Mozilla/5.0 (Linux; Android 6.0.1; Nexus 5X Build/MMB29P) AppleWebKit/537.36 (KHTML, like Gecko) Chrome/137.0.7151.103 Mobile Safari/537.36 (compatible; GoogleOther)"
66.249.66.41 - - [07/Jul/2025:05:23:29 +0530] "GET /comment.php?shopdetail/72972785 HTTP/1.1" 200 25093 "-" "Mozilla/5.0 (Linux; Android 6.0.1; Nexus 5X Build/MMB29P) AppleWebKit/537.36 (KHTML, like Gecko) Chrome/137.0.7151.103 Mobile Safari/537.36 (compatible; Googlebot/2.1; +http://www.google.com/bot.html)"
66.249.66.41 - - [07/Jul/2025:05:23:34 +0530] "GET /content.php?shopdetail/39268639 HTTP/1.1" 200 24604 "-" "Mozilla/5.0 (Linux; Android 6.0.1; Nexus 5X Build/MMB29P) AppleWebKit/537.36 (KHTML, like Gecko) Chrome/137.0.7151.103 Mobile Safari/537.36 (compatible; GoogleOther)"
66.249.66.41 - - [07/Jul/2025:05:23:42 +0530] "GET /content.php?shopdetail/8760391 HTTP/1.1" 200 24526 "-" "Mozilla/5.0 (Linux; Android 6.0.1; Nexus 5X Build/MMB29P) AppleWebKit/537.36 (KHTML, like Gecko) Chrome/137.0.7151.103 Mobile Safari/537.36 (compatible; GoogleOther)"
66.249.66.41 - - [07/Jul/2025:05:23:50 +0530] "GET /content.php?shopdetail/88451116 HTTP/1.1" 200 23985 "-" "Mozilla/5.0 (Linux; Android 6.0.1; Nexus 5X Build/MMB29P) AppleWebKit/537.36 (KHTML, like Gecko) Chrome/137.0.7151.103 Mobile Safari/537.36 (compatible; GoogleOther)"
66.249.66.41 - - [07/Jul/2025:05:23:58 +0530] "GET /content.php?shopdetail/4323694 HTTP/1.1" 200 24509 "-" "Mozilla/5.0 (Linux; Android 6.0.1; Nexus 5X Build/MMB29P) AppleWebKit/537.36 (KHTML, like Gecko) Chrome/137.0.7151.103 Mobile Safari/537.36 (compatible; GoogleOther)"
66.249.66.41 - - [07/Jul/2025:05:24:08 +0530] "GET /content.php?shopdetail/213918672 HTTP/1.1" 200 24188 "-" "Mozilla/5.0 (Linux; Android 6.0.1; Nexus 5X Build/MMB29P) AppleWebKit/537.36 (KHTML, like Gecko) Chrome/137.0.7151.103 Mobile Safari/537.36 (compatible; GoogleOther)"
66.249.66.41 - - [07/Jul/2025:05:24:15 +0530] "GET /content.php?shopdetail/8166411 HTTP/1.1" 200 25443 "-" "Mozilla/5.0 (Linux; Android 6.0.1; Nexus 5X Build/MMB29P) AppleWebKit/537.36 (KHTML, like Gecko) Chrome/137.0.7151.103 Mobile Safari/537.36 (compatible; GoogleOther)"
66.249.66.41 - - [07/Jul/2025:05:37:40 +0530] "GET /comment.php?shopdetail/60069506 HTTP/1.1" 200 25361 "-" "Mozilla/5.0 (Linux; Android 6.0.1; Nexus 5X Build/MMB29P) AppleWebKit/537.36 (KHTML, like Gecko) Chrome/137.0.7151.103 Mobile Safari/537.36 (compatible; GoogleOther)"
52.178.131.232 - - [07/Jul/2025:05:52:31 +0530] "GET /alfa.php HTTP/2" 200 36 "-" "Mozilla/5.0 (Windows NT 10.0; Win64; x64) AppleWebKit/537.36 (KHTML, like Gecko) Chrome/138.0.0.0 Safari/537.36 Edg/138.0.0.0"
52.178.131.232 - - [07/Jul/2025:05:52:37 +0530] "GET /favicon.ico HTTP/2" 404 796 "https://ajio.lat/alfa.php" "Mozilla/5.0 (Windows NT 10.0; Win64; x64) AppleWebKit/537.36 (KHTML, like Gecko) Chrome/138.0.0.0 Safari/537.36 Edg/138.0.0.0"
122.180.246.194 - - [07/Jul/2025:05:52:55 +0530] "POST /wp-cron.php?doing_wp_cron=1751847775.1733410358428955078125 HTTP/1.1" 200 0 "-" "WordPress/6.8.1; https://ajio.lat"
52.169.48.87 - - [07/Jul/2025:05:45:31 +0530] "GET /alfa.php HTTP/2" 200 36 "-" "Mozilla/5.0 (Windows NT 10.0; Win64; x64) AppleWebKit/537.36 (KHTML, like Gecko) Chrome/138.0.0.0 Safari/537.36 Edg/138.0.0.0"
52.169.48.87 - - [07/Jul/2025:05:45:33 +0530] "GET /favicon.ico HTTP/2" 404 796 "https://ajio.lat/alfa.php" "Mozilla/5.0 (Windows NT 10.0; Win64; x64) AppleWebKit/537.36 (KHTML, like Gecko) Chrome/138.0.0.0 Safari/537.36 Edg/138.0.0.0"
122.180.246.194 - - [07/Jul/2025:05:46:14 +0530] "POST /wp-cron.php?doing_wp_cron=1751847374.6261420249938964843750 HTTP/1.1" 200 0 "-" "WordPress/6.8.1; https://ajio.lat"
193.36.118.219 - - [07/Jul/2025:05:46:22 +0530] "GET / HTTP/2" 200 0 "-" "Mozilla/5.0 (Windows NT 10.0; Win64; x64) AppleWebKit/537.36 (KHTML, like Gecko) Chrome/132.0.0.0 Safari/537.36 Edg/132.0.0.0"
193.36.118.219 - - [07/Jul/2025:05:46:27 +0530] "GET / HTTP/2" 200 0 "-" "Mozilla/5.0 (Windows NT 10.0; Win64; x64) AppleWebKit/537.36 (KHTML, like Gecko) Chrome/132.0.0.0 Safari/537.36 Edg/132.0.0.0"
66.249.66.41 - - [07/Jul/2025:05:50:28 +0530] "GET /comment.php?shopdetail/49039409 HTTP/1.1" 200 26741 "-" "Mozilla/5.0 (Linux; Android 6.0.1; Nexus 5X Build/MMB29P) AppleWebKit/537.36 (KHTML, like Gecko) Chrome/137.0.7151.103 Mobile Safari/537.36 (compatible; Googlebot/2.1; +http://www.google.com/bot.html)"
66.249.66.43 - - [07/Jul/2025:06:04:28 +0530] "GET /comment.php?shopdetail/76802407 HTTP/1.1" 200 24352 "-" "Mozilla/5.0 (Linux; Android 6.0.1; Nexus 5X Build/MMB29P) AppleWebKit/537.36 (KHTML, like Gecko) Chrome/137.0.7151.103 Mobile Safari/537.36 (compatible; Googlebot/2.1; +http://www.google.com/bot.html)"
66.249.66.42 - - [07/Jul/2025:06:13:40 +0530] "GET /comment.php?shopdetail/65953009 HTTP/1.1" 200 23970 "-" "Mozilla/5.0 (Linux; Android 6.0.1; Nexus 5X Build/MMB29P) AppleWebKit/537.36 (KHTML, like Gecko) Chrome/137.0.7151.103 Mobile Safari/537.36 (compatible; GoogleOther)"
66.249.66.41 - - [07/Jul/2025:06:19:52 +0530] "GET /comment.php?shopdetail/25212471 HTTP/1.1" 200 25813 "-" "Mozilla/5.0 (Linux; Android 6.0.1; Nexus 5X Build/MMB29P) AppleWebKit/537.36 (KHTML, like Gecko) Chrome/137.0.7151.103 Mobile Safari/537.36 (compatible; Googlebot/2.1; +http://www.google.com/bot.html)"
66.249.66.41 - - [07/Jul/2025:06:16:48 +0530] "GET /content.php?shopdetail/5746002 HTTP/1.1" 200 24561 "-" "Mozilla/5.0 (Linux; Android 6.0.1; Nexus 5X Build/MMB29P) AppleWebKit/537.36 (KHTML, like Gecko) Chrome/137.0.7151.103 Mobile Safari/537.36 (compatible; Googlebot/2.1; +http://www.google.com/bot.html)"
66.249.66.41 - - [07/Jul/2025:06:21:32 +0530] "GET /content.php?shopdetail/9639246 HTTP/1.1" 200 24737 "-" "Mozilla/5.0 (Linux; Android 6.0.1; Nexus 5X Build/MMB29P) AppleWebKit/537.36 (KHTML, like Gecko) Chrome/137.0.7151.103 Mobile Safari/537.36 (compatible; Googlebot/2.1; +http://www.google.com/bot.html)"
66.249.66.42 - - [07/Jul/2025:06:24:13 +0530] "GET /content.php?shopdetail/538959427 HTTP/1.1" 200 25138 "-" "Mozilla/5.0 (Linux; Android 6.0.1; Nexus 5X Build/MMB29P) AppleWebKit/537.36 (KHTML, like Gecko) Chrome/137.0.7151.103 Mobile Safari/537.36 (compatible; Googlebot/2.1; +http://www.google.com/bot.html)"
51.159.226.124 - - [07/Jul/2025:06:35:52 +0530] "GET /urmzzamg.php?Fox=mwgal HTTP/2" 200 217 "-" "Mozilla/5.0 (Windows NT 10.0; Win64; x64) AppleWebKit/537.36 (KHTML, like Gecko) Chrome/138.0.0.0 Safari/537.36"
51.159.226.124 - - [07/Jul/2025:06:35:53 +0530] "GET /favicon.ico HTTP/2" 404 796 "https://ajio.lat/urmzzamg.php?Fox=mwgal" "Mozilla/5.0 (Windows NT 10.0; Win64; x64) AppleWebKit/537.36 (KHTML, like Gecko) Chrome/138.0.0.0 Safari/537.36"
51.159.226.124 - - [07/Jul/2025:06:38:36 +0530] "POST /urmzzamg.php?Fox=mwgal HTTP/2" 200 217 "https://ajio.lat/urmzzamg.php?Fox=mwgal" "Mozilla/5.0 (Windows NT 10.0; Win64; x64) AppleWebKit/537.36 (KHTML, like Gecko) Chrome/138.0.0.0 Safari/537.36"
51.159.226.124 - - [07/Jul/2025:06:39:37 +0530] "GET /zmrya.php HTTP/2" 200 2341 "-" "Mozilla/5.0 (Windows NT 10.0; Win64; x64) AppleWebKit/537.36 (KHTML, like Gecko) Chrome/138.0.0.0 Safari/537.36"
51.159.226.124 - - [07/Jul/2025:06:42:11 +0530] "GET /zmrya.php?path=/home2/clublat HTTP/2" 200 2816 "https://ajio.lat/zmrya.php" "Mozilla/5.0 (Windows NT 10.0; Win64; x64) AppleWebKit/537.36 (KHTML, like Gecko) Chrome/138.0.0.0 Safari/537.36"
66.249.66.43 - - [07/Jul/2025:06:42:15 +0530] "GET /comment.php?shopdetail/48286467 HTTP/1.1" 200 24221 "-" "Mozilla/5.0 (Linux; Android 6.0.1; Nexus 5X Build/MMB29P) AppleWebKit/537.36 (KHTML, like Gecko) Chrome/137.0.7151.103 Mobile Safari/537.36 (compatible; Googlebot/2.1; +http://www.google.com/bot.html)"
103.28.116.126 - - [07/Jul/2025:06:44:18 +0530] "GET /d64bbc384fdb1a7a15cbf072b062fdf5akc.php HTTP/2" 302 0 "-" "Mozilla/5.0 (Windows NT 10.0; Win64; x64) AppleWebKit/537.36 (KHTML, like Gecko) Chrome/137.0.0.0 Safari/537.36"
103.28.116.126 - - [07/Jul/2025:06:44:18 +0530] "GET /d64bbc384fdb1a7a15cbf072b062fdf5akc.php?p= HTTP/2" 200 12900 "-" "Mozilla/5.0 (Windows NT 10.0; Win64; x64) AppleWebKit/537.36 (KHTML, like Gecko) Chrome/137.0.0.0 Safari/537.36"
103.28.116.126 - - [07/Jul/2025:06:44:22 +0530] "GET /d64bbc384fdb1a7a15cbf072b062fdf5akc.php?img=favicon HTTP/2" 200 568 "https://ajio.lat/d64bbc384fdb1a7a15cbf072b062fdf5akc.php?p=" "Mozilla/5.0 (Windows NT 10.0; Win64; x64) AppleWebKit/537.36 (KHTML, like Gecko) Chrome/137.0.0.0 Safari/537.36"
66.249.66.42 - - [07/Jul/2025:07:02:58 +0530] "GET /comment.php?shopdetail/24541570 HTTP/1.1" 200 24611 "-" "Mozilla/5.0 (Linux; Android 6.0.1; Nexus 5X Build/MMB29P) AppleWebKit/537.36 (KHTML, like Gecko) Chrome/137.0.7151.103 Mobile Safari/537.36 (compatible; Googlebot/2.1; +http://www.google.com/bot.html)"
66.249.66.41 - - [07/Jul/2025:06:47:29 +0530] "GET /comment.php?shopdetail/86143461 HTTP/1.1" 200 24265 "-" "Mozilla/5.0 (Linux; Android 6.0.1; Nexus 5X Build/MMB29P) AppleWebKit/537.36 (KHTML, like Gecko) Chrome/137.0.7151.103 Mobile Safari/537.36 (compatible; Googlebot/2.1; +http://www.google.com/bot.html)"
66.249.66.41 - - [07/Jul/2025:07:13:40 +0530] "GET /comment.php?shopdetail/16829671 HTTP/1.1" 200 25024 "-" "Mozilla/5.0 (Linux; Android 6.0.1; Nexus 5X Build/MMB29P) AppleWebKit/537.36 (KHTML, like Gecko) Chrome/137.0.7151.103 Mobile Safari/537.36 (compatible; GoogleOther)"
66.249.66.42 - - [07/Jul/2025:07:16:21 +0530] "GET /content.php?shopdetail/37102184 HTTP/1.1" 200 24600 "-" "Mozilla/5.0 (Linux; Android 6.0.1; Nexus 5X Build/MMB29P) AppleWebKit/537.36 (KHTML, like Gecko) Chrome/137.0.7151.103 Mobile Safari/537.36 (compatible; Googlebot/2.1; +http://www.google.com/bot.html)"
66.249.66.42 - - [07/Jul/2025:07:16:24 +0530] "GET /comment.php?shopdetail/50040262 HTTP/1.1" 200 25101 "-" "Mozilla/5.0 (Linux; Android 6.0.1; Nexus 5X Build/MMB29P) AppleWebKit/537.36 (KHTML, like Gecko) Chrome/137.0.7151.103 Mobile Safari/537.36 (compatible; Googlebot/2.1; +http://www.google.com/bot.html)"
66.249.66.41 - - [07/Jul/2025:07:16:40 +0530] "GET /comment.php?shopdetail/86221820 HTTP/1.1" 200 24057 "-" "Mozilla/5.0 (Linux; Android 6.0.1; Nexus 5X Build/MMB29P) AppleWebKit/537.36 (KHTML, like Gecko) Chrome/137.0.7151.103 Mobile Safari/537.36 (compatible; GoogleOther)"
66.249.66.41 - - [07/Jul/2025:07:16:46 +0530] "GET /comment.php?shopdetail/34871155 HTTP/1.1" 200 25233 "-" "Mozilla/5.0 (Linux; Android 6.0.1; Nexus 5X Build/MMB29P) AppleWebKit/537.36 (KHTML, like Gecko) Chrome/137.0.7151.103 Mobile Safari/537.36 (compatible; GoogleOther)"
66.249.66.41 - - [07/Jul/2025:07:16:53 +0530] "GET /content.php?shopdetail/842043892 HTTP/1.1" 200 24454 "-" "Mozilla/5.0 (Linux; Android 6.0.1; Nexus 5X Build/MMB29P) AppleWebKit/537.36 (KHTML, like Gecko) Chrome/137.0.7151.103 Mobile Safari/537.36 (compatible; GoogleOther)"
66.249.66.42 - - [07/Jul/2025:07:17:00 +0530] "GET /content.php?shopdetail/36829585 HTTP/1.1" 200 24579 "-" "Mozilla/5.0 (Linux; Android 6.0.1; Nexus 5X Build/MMB29P) AppleWebKit/537.36 (KHTML, like Gecko) Chrome/137.0.7151.103 Mobile Safari/537.36 (compatible; GoogleOther)"
66.249.66.42 - - [07/Jul/2025:07:04:05 +0530] "GET /comment.php?shopdetail/16589982 HTTP/1.1" 200 24328 "-" "Mozilla/5.0 (Linux; Android 6.0.1; Nexus 5X Build/MMB29P) AppleWebKit/537.36 (KHTML, like Gecko) Chrome/137.0.7151.103 Mobile Safari/537.36 (compatible; Googlebot/2.1; +http://www.google.com/bot.html)"
66.249.66.42 - - [07/Jul/2025:07:04:35 +0530] "GET /content.php?shopdetail/496907115 HTTP/1.1" 200 24133 "-" "Mozilla/5.0 (Linux; Android 6.0.1; Nexus 5X Build/MMB29P) AppleWebKit/537.36 (KHTML, like Gecko) Chrome/137.0.7151.103 Mobile Safari/537.36 (compatible; GoogleOther)"
66.249.66.41 - - [07/Jul/2025:07:12:15 +0530] "GET /content.php?shopdetail/8651946 HTTP/1.1" 200 24347 "-" "Mozilla/5.0 (Linux; Android 6.0.1; Nexus 5X Build/MMB29P) AppleWebKit/537.36 (KHTML, like Gecko) Chrome/137.0.7151.103 Mobile Safari/537.36 (compatible; Googlebot/2.1; +http://www.google.com/bot.html)"
66.249.66.41 - - [07/Jul/2025:07:35:35 +0530] "GET /comment.php?shopdetail/27787131 HTTP/1.1" 200 25486 "-" "Mozilla/5.0 (Linux; Android 6.0.1; Nexus 5X Build/MMB29P) AppleWebKit/537.36 (KHTML, like Gecko) Chrome/137.0.7151.103 Mobile Safari/537.36 (compatible; Googlebot/2.1; +http://www.google.com/bot.html)"
66.249.66.41 - - [07/Jul/2025:07:32:15 +0530] "GET /content.php?shopdetail/685118353 HTTP/1.1" 200 24963 "-" "Mozilla/5.0 (Linux; Android 6.0.1; Nexus 5X Build/MMB29P) AppleWebKit/537.36 (KHTML, like Gecko) Chrome/137.0.7151.103 Mobile Safari/537.36 (compatible; Googlebot/2.1; +http://www.google.com/bot.html)"
77.111.244.6 - - [07/Jul/2025:07:40:10 +0530] "GET /zmrya.php HTTP/2" 200 2400 "-" "Mozilla/5.0 (Linux; Android 10; K) AppleWebKit/537.36 (KHTML, like Gecko) Chrome/137.0.0.0 Mobile Safari/537.36 OPR/90.0.0.0"
122.180.246.194 - - [07/Jul/2025:07:40:24 +0530] "POST /wp-cron.php?doing_wp_cron=1751854224.0344409942626953125000 HTTP/1.1" 200 0 "-" "WordPress/6.8.1; https://ajio.lat"
77.111.244.6 - - [07/Jul/2025:07:40:23 +0530] "GET / HTTP/2" 200 10654 "-" "Mozilla/5.0 (Linux; Android 10; K) AppleWebKit/537.36 (KHTML, like Gecko) Chrome/137.0.0.0 Mobile Safari/537.36 OPR/90.0.0.0"
77.111.244.6 - - [07/Jul/2025:07:40:24 +0530] "GET /wp-includes/blocks/navigation/style.min.css?ver=6.8.1 HTTP/2" 200 2057 "https://ajio.lat/" "Mozilla/5.0 (Linux; Android 10; K) AppleWebKit/537.36 (KHTML, like Gecko) Chrome/137.0.0.0 Mobile Safari/537.36 OPR/90.0.0.0"
77.111.244.6 - - [07/Jul/2025:07:40:24 +0530] "GET /wp-content/themes/twentytwentyfive/style.css?ver=1.2 HTTP/2" 200 1009 "https://ajio.lat/" "Mozilla/5.0 (Linux; Android 10; K) AppleWebKit/537.36 (KHTML, like Gecko) Chrome/137.0.0.0 Mobile Safari/537.36 OPR/90.0.0.0"
77.111.244.6 - - [07/Jul/2025:07:40:24 +0530] "GET /wp-includes/js/dist/script-modules/block-library/navigation/view.min.js?ver=61572d447d60c0aa5240 HTTP/2" 200 1049 "https://ajio.lat/" "Mozilla/5.0 (Linux; Android 10; K) AppleWebKit/537.36 (KHTML, like Gecko) Chrome/137.0.0.0 Mobile Safari/537.36 OPR/90.0.0.0"
77.111.244.6 - - [07/Jul/2025:07:40:24 +0530] "GET /wp-includes/js/dist/script-modules/interactivity/index.min.js?ver=55aebb6e0a16726baffb HTTP/2" 200 13727 "-" "Mozilla/5.0 (Linux; Android 10; K) AppleWebKit/537.36 (KHTML, like Gecko) Chrome/137.0.0.0 Mobile Safari/537.36 OPR/90.0.0.0"
77.111.244.6 - - [07/Jul/2025:07:40:25 +0530] "GET /wp-content/themes/twentytwentyfive/assets/fonts/manrope/Manrope-VariableFont_wght.woff2 HTTP/2" 200 53600 "https://ajio.lat/" "Mozilla/5.0 (Linux; Android 10; K) AppleWebKit/537.36 (KHTML, like Gecko) Chrome/137.0.0.0 Mobile Safari/537.36 OPR/90.0.0.0"
77.111.244.6 - - [07/Jul/2025:07:40:29 +0530] "GET /zmrya.php?path=/home2/clublat HTTP/2" 200 2816 "https://ajio.lat/zmrya.php" "Mozilla/5.0 (Linux; Android 10; K) AppleWebKit/537.36 (KHTML, like Gecko) Chrome/137.0.0.0 Mobile Safari/537.36 OPR/90.0.0.0"
177.37.178.109 - - [07/Jul/2025:07:47:57 +0530] "GET /wp-json/wp/v2/users HTTP/1.1" 200 708 "-" "Mozilla/4.0 (compatible; Win32; WinHttp.WinHttpRequest.5)"
177.37.178.109 - - [07/Jul/2025:07:51:26 +0530] "POST /xmlrpc.php HTTP/1.1" 200 403 "-" "Mozilla/5.0 (Windows NT 10.0; Win64; x64) AppleWebKit/537.36 (KHTML, like Gecko) Chrome/91.0.4472.124 Safari/537.36"
66.249.66.42 - - [07/Jul/2025:07:51:31 +0530] "GET /content.php?shopdetail/94286556 HTTP/1.1" 200 24649 "-" "Mozilla/5.0 (Linux; Android 6.0.1; Nexus 5X Build/MMB29P) AppleWebKit/537.36 (KHTML, like Gecko) Chrome/137.0.7151.103 Mobile Safari/537.36 (compatible; Googlebot/2.1; +http://www.google.com/bot.html)"
122.180.246.194 - - [07/Jul/2025:07:53:01 +0530] "POST /wp-cron.php?doing_wp_cron=1751854981.6075370311737060546875 HTTP/1.1" 200 0 "-" "WordPress/6.8.1; https://ajio.lat"
122.180.246.194 - - [07/Jul/2025:07:47:59 +0530] "POST /wp-cron.php?doing_wp_cron=1751854679.7611019611358642578125 HTTP/1.1" 200 0 "-" "WordPress/6.8.1; https://ajio.lat"
122.180.246.194 - - [07/Jul/2025:07:49:46 +0530] "POST /wp-cron.php?doing_wp_cron=1751854786.7412760257720947265625 HTTP/1.1" 200 0 "-" "WordPress/6.8.1; https://ajio.lat"
177.37.178.109 - - [07/Jul/2025:07:49:46 +0530] "POST /xmlrpc.php HTTP/1.1" 200 403 "-" "Mozilla/5.0 (Windows NT 10.0; Win64; x64) AppleWebKit/537.36 (KHTML, like Gecko) Chrome/91.0.4472.124 Safari/537.36"
122.180.246.194 - - [07/Jul/2025:07:51:27 +0530] "POST /wp-cron.php?doing_wp_cron=1751854887.0354650020599365234375 HTTP/1.1" 200 0 "-" "WordPress/6.8.1; https://ajio.lat"
66.249.66.43 - - [07/Jul/2025:07:52:18 +0530] "GET /comment.php?shopdetail/63108245 HTTP/1.1" 200 24400 "-" "Mozilla/5.0 (Linux; Android 6.0.1; Nexus 5X Build/MMB29P) AppleWebKit/537.36 (KHTML, like Gecko) Chrome/137.0.7151.103 Mobile Safari/537.36 (compatible; Googlebot/2.1; +http://www.google.com/bot.html)"
177.37.178.109 - - [07/Jul/2025:07:53:01 +0530] "POST /xmlrpc.php HTTP/1.1" 200 403 "-" "Mozilla/5.0 (Windows NT 10.0; Win64; x64) AppleWebKit/537.36 (KHTML, like Gecko) Chrome/91.0.4472.124 Safari/537.36"
177.37.178.109 - - [07/Jul/2025:07:54:20 +0530] "POST /xmlrpc.php HTTP/1.1" 200 176 "-" "Mozilla/5.0 (Windows NT 10.0; Win64; x64) AppleWebKit/537.36 (KHTML, like Gecko) Chrome/91.0.4472.124 Safari/537.36"
122.180.246.194 - - [07/Jul/2025:07:54:24 +0530] "POST /wp-cron.php?doing_wp_cron=1751855064.5490698814392089843750 HTTP/1.1" 200 0 "-" "WordPress/6.8.1; https://ajio.lat"
177.37.178.109 - - [07/Jul/2025:07:55:54 +0530] "POST /xmlrpc.php HTTP/1.1" 200 0 "-" "Mozilla/5.0 (Windows NT 10.0; Win64; x64) AppleWebKit/537.36 (KHTML, like Gecko) Chrome/91.0.4472.124 Safari/537.36"
122.180.246.194 - - [07/Jul/2025:07:56:03 +0530] "POST /wp-cron.php?doing_wp_cron=1751855163.8935019969940185546875 HTTP/1.1" 200 0 "-" "WordPress/6.8.1; https://ajio.lat"
177.37.178.109 - - [07/Jul/2025:07:57:42 +0530] "POST /xmlrpc.php HTTP/1.1" 200 440 "-" "Mozilla/5.0 (Windows NT 10.0; Win64; x64) AppleWebKit/537.36 (KHTML, like Gecko) Chrome/91.0.4472.124 Safari/537.36"
177.37.178.109 - - [07/Jul/2025:08:00:49 +0530] "POST /xmlrpc.php HTTP/1.1" 200 440 "-" "Mozilla/5.0 (Windows NT 10.0; Win64; x64) AppleWebKit/537.36 (KHTML, like Gecko) Chrome/91.0.4472.124 Safari/537.36"
154.203.42.33 - - [07/Jul/2025:08:02:50 +0530] "GET / HTTP/1.1" 200 197802 "-" "Mozilla/5.0+(compatible;+Googlebot/2.1;++http://www.google.com/bot.html)"
154.203.42.33 - - [07/Jul/2025:08:02:54 +0530] "GET / HTTP/1.1" 200 51083 "-" "Mozilla/5.0 (Windows NT 10.0; Win64; x64) AppleWebKit/537.36 (KHTML, like Gecko) Chrome/132.0.0.0 Safari/537.36"
45.227.253.15 - - [07/Jul/2025:08:04:20 +0530] "GET /jk HTTP/1.1" 404 13612 "https://ajio.lat/index.php/jk" "Mozilla/5.0 (Windows NT 6.2; WOW64) AppleWebKit/535.24 (KHTML, like Gecko) Chrome/82.0.1055.1 Safari/535.24"
66.249.66.41 - - [07/Jul/2025:08:04:23 +0530] "GET /content.php?shopdetail/3284618 HTTP/1.1" 200 24666 "-" "Mozilla/5.0 (Linux; Android 6.0.1; Nexus 5X Build/MMB29P) AppleWebKit/537.36 (KHTML, like Gecko) Chrome/137.0.7151.103 Mobile Safari/537.36 (compatible; Googlebot/2.1; +http://www.google.com/bot.html)"
122.180.246.194 - - [07/Jul/2025:08:05:23 +0530] "POST /wp-cron.php?doing_wp_cron=1751855723.5798840522766113281250 HTTP/1.1" 200 0 "-" "WordPress/6.8.1; https://ajio.lat"
177.37.178.109 - - [07/Jul/2025:08:05:23 +0530] "POST /xmlrpc.php HTTP/1.1" 200 440 "-" "Mozilla/5.0 (Windows NT 10.0; Win64; x64) AppleWebKit/537.36 (KHTML, like Gecko) Chrome/91.0.4472.124 Safari/537.36"
177.37.178.109 - - [07/Jul/2025:08:06:50 +0530] "POST /xmlrpc.php HTTP/1.1" 200 440 "-" "Mozilla/5.0 (Windows NT 10.0; Win64; x64) AppleWebKit/537.36 (KHTML, like Gecko) Chrome/91.0.4472.124 Safari/537.36"
122.180.246.194 - - [07/Jul/2025:08:08:27 +0530] "POST /wp-cron.php?doing_wp_cron=1751855907.7745420932769775390625 HTTP/1.1" 200 0 "-" "WordPress/6.8.1; https://ajio.lat"
177.37.178.109 - - [07/Jul/2025:08:08:27 +0530] "POST /xmlrpc.php HTTP/1.1" 200 440 "-" "Mozilla/5.0 (Windows NT 10.0; Win64; x64) AppleWebKit/537.36 (KHTML, like Gecko) Chrome/91.0.4472.124 Safari/537.36"
185.20.185.243 - - [07/Jul/2025:07:54:24 +0530] "POST /wp-login.php HTTP/2" 302 0 "-" "Mozilla/5.0 (Windows NT 10.0; Win64; x64) sec-allow AppleWebKit/537.36 (KHTML, like Gecko) Chrome/122.0.0.0 Safari/537.36"
185.20.185.243 - - [07/Jul/2025:07:54:25 +0530] "GET /wp-admin/plugin-install.php HTTP/2" 200 118977 "-" "Mozilla/5.0 (Windows NT 10.0; Win64; x64) sec-allow AppleWebKit/537.36 (KHTML, like Gecko) Chrome/122.0.0.0 Safari/537.36"
185.20.185.243 - - [07/Jul/2025:07:54:28 +0530] "POST /wp-admin/update.php?action=upload-plugin HTTP/2" 200 67282 "-" "Mozilla/5.0 (Windows NT 10.0; Win64; x64) sec-allow AppleWebKit/537.36 (KHTML, like Gecko) Chrome/122.0.0.0 Safari/537.36"
185.20.185.243 - - [07/Jul/2025:07:54:37 +0530] "GET /wp-admin/plugins.php?action=activate&plugin=XSystem%2FXSystem.php&_wpnonce=0574ed927f HTTP/2" 302 0 "-" "Mozilla/5.0 (Windows NT 10.0; Win64; x64) sec-allow AppleWebKit/537.36 (KHTML, like Gecko) Chrome/122.0.0.0 Safari/537.36"
122.180.246.194 - - [07/Jul/2025:07:57:42 +0530] "POST /wp-cron.php?doing_wp_cron=1751855262.4616000652313232421875 HTTP/1.1" 200 0 "-" "WordPress/6.8.1; https://ajio.lat"
122.180.246.194 - - [07/Jul/2025:07:59:17 +0530] "POST /wp-cron.php?doing_wp_cron=1751855357.3862109184265136718750 HTTP/1.1" 200 0 "-" "WordPress/6.8.1; https://ajio.lat"
177.37.178.109 - - [07/Jul/2025:07:59:16 +0530] "POST /xmlrpc.php HTTP/1.1" 200 440 "-" "Mozilla/5.0 (Windows NT 10.0; Win64; x64) AppleWebKit/537.36 (KHTML, like Gecko) Chrome/91.0.4472.124 Safari/537.36"
122.180.246.194 - - [07/Jul/2025:08:00:49 +0530] "POST /wp-cron.php?doing_wp_cron=1751855449.9660050868988037109375 HTTP/1.1" 200 0 "-" "WordPress/6.8.1; https://ajio.lat"
177.37.178.109 - - [07/Jul/2025:08:02:18 +0530] "POST /xmlrpc.php HTTP/1.1" 200 440 "-" "Mozilla/5.0 (Windows NT 10.0; Win64; x64) AppleWebKit/537.36 (KHTML, like Gecko) Chrome/91.0.4472.124 Safari/537.36"
122.180.246.194 - - [07/Jul/2025:08:02:55 +0530] "POST /wp-cron.php?doing_wp_cron=1751855575.5499649047851562500000 HTTP/1.1" 200 0 "-" "WordPress/6.8.1; https://ajio.lat"
177.37.178.109 - - [07/Jul/2025:08:03:47 +0530] "POST /xmlrpc.php HTTP/1.1" 200 440 "-" "Mozilla/5.0 (Windows NT 10.0; Win64; x64) AppleWebKit/537.36 (KHTML, like Gecko) Chrome/91.0.4472.124 Safari/537.36"
45.227.253.15 - - [07/Jul/2025:08:04:17 +0530] "GET /index.php/jk HTTP/1.1" 301 0 "-" "Mozilla/5.0 (Windows NT 6.2; WOW64) AppleWebKit/535.24 (KHTML, like Gecko) Chrome/82.0.1055.1 Safari/535.24"
122.180.246.194 - - [07/Jul/2025:08:06:50 +0530] "POST /wp-cron.php?doing_wp_cron=1751855810.9420750141143798828125 HTTP/1.1" 200 0 "-" "WordPress/6.8.1; https://ajio.lat"
66.249.66.41 - - [07/Jul/2025:08:07:46 +0530] "GET /content.php?shopdetail/3486295 HTTP/1.1" 200 24509 "-" "Mozilla/5.0 (Linux; Android 6.0.1; Nexus 5X Build/MMB29P) AppleWebKit/537.36 (KHTML, like Gecko) Chrome/137.0.7151.103 Mobile Safari/537.36 (compatible; Googlebot/2.1; +http://www.google.com/bot.html)"
177.37.178.109 - - [07/Jul/2025:08:09:48 +0530] "POST /xmlrpc.php HTTP/1.1" 200 440 "-" "Mozilla/5.0 (Windows NT 10.0; Win64; x64) AppleWebKit/537.36 (KHTML, like Gecko) Chrome/91.0.4472.124 Safari/537.36"
177.37.178.109 - - [07/Jul/2025:08:11:09 +0530] "POST /xmlrpc.php HTTP/1.1" 200 440 "-" "Mozilla/5.0 (Windows NT 10.0; Win64; x64) AppleWebKit/537.36 (KHTML, like Gecko) Chrome/91.0.4472.124 Safari/537.36"
177.37.178.109 - - [07/Jul/2025:08:13:54 +0530] "POST /xmlrpc.php HTTP/1.1" 200 440 "-" "Mozilla/5.0 (Windows NT 10.0; Win64; x64) AppleWebKit/537.36 (KHTML, like Gecko) Chrome/91.0.4472.124 Safari/537.36"
122.180.246.194 - - [07/Jul/2025:08:15:06 +0530] "POST /wp-cron.php?doing_wp_cron=1751856306.2243978977203369140625 HTTP/1.1" 200 0 "-" "WordPress/6.8.1; https://ajio.lat"
177.37.178.109 - - [07/Jul/2025:08:15:05 +0530] "POST /xmlrpc.php HTTP/1.1" 200 440 "-" "Mozilla/5.0 (Windows NT 10.0; Win64; x64) AppleWebKit/537.36 (KHTML, like Gecko) Chrome/91.0.4472.124 Safari/537.36"
66.249.66.41 - - [07/Jul/2025:08:15:24 +0530] "GET /content.php?shopdetail/967895312 HTTP/1.1" 200 24527 "-" "Mozilla/5.0 (Linux; Android 6.0.1; Nexus 5X Build/MMB29P) AppleWebKit/537.36 (KHTML, like Gecko) Chrome/137.0.7151.103 Mobile Safari/537.36 (compatible; Googlebot/2.1; +http://www.google.com/bot.html)"
177.37.178.109 - - [07/Jul/2025:08:16:23 +0530] "POST /xmlrpc.php HTTP/1.1" 200 440 "-" "Mozilla/5.0 (Windows NT 10.0; Win64; x64) AppleWebKit/537.36 (KHTML, like Gecko) Chrome/91.0.4472.124 Safari/537.36"
122.180.246.194 - - [07/Jul/2025:08:17:50 +0530] "POST /wp-cron.php?doing_wp_cron=1751856470.0985319614410400390625 HTTP/1.1" 200 0 "-" "WordPress/6.8.1; https://ajio.lat"
66.249.66.41 - - [07/Jul/2025:08:17:51 +0530] "GET /content.php?shopdetail/6536036 HTTP/1.1" 200 25218 "-" "Mozilla/5.0 (Linux; Android 6.0.1; Nexus 5X Build/MMB29P) AppleWebKit/537.36 (KHTML, like Gecko) Chrome/137.0.7151.103 Mobile Safari/537.36 (compatible; Googlebot/2.1; +http://www.google.com/bot.html)"
122.180.246.194 - - [07/Jul/2025:08:19:13 +0530] "POST /wp-cron.php?doing_wp_cron=1751856553.9844510555267333984375 HTTP/1.1" 200 0 "-" "WordPress/6.8.1; https://ajio.lat"
177.37.178.109 - - [07/Jul/2025:08:19:13 +0530] "POST /xmlrpc.php HTTP/1.1" 200 440 "-" "Mozilla/5.0 (Windows NT 10.0; Win64; x64) AppleWebKit/537.36 (KHTML, like Gecko) Chrome/91.0.4472.124 Safari/537.36"
154.203.39.128 - - [07/Jul/2025:08:20:16 +0530] "GET / HTTP/1.1" 200 197802 "-" "Mozilla/5.0+(compatible;+Googlebot/2.1;++http://www.google.com/bot.html)"
154.203.39.128 - - [07/Jul/2025:08:20:21 +0530] "GET / HTTP/1.1" 200 51083 "-" "Mozilla/5.0 (Windows NT 10.0; Win64; x64) AppleWebKit/537.36 (KHTML, like Gecko) Chrome/132.0.0.0 Safari/537.36"
177.37.178.109 - - [07/Jul/2025:08:21:45 +0530] "POST /xmlrpc.php HTTP/1.1" 200 440 "-" "Mozilla/5.0 (Windows NT 10.0; Win64; x64) AppleWebKit/537.36 (KHTML, like Gecko) Chrome/91.0.4472.124 Safari/537.36"
177.37.178.109 - - [07/Jul/2025:08:22:38 +0530] "POST /xmlrpc.php HTTP/1.1" 200 440 "-" "Mozilla/5.0 (Windows NT 10.0; Win64; x64) AppleWebKit/537.36 (KHTML, like Gecko) Chrome/91.0.4472.124 Safari/537.36"
122.180.246.194 - - [07/Jul/2025:08:24:37 +0530] "POST /wp-cron.php?doing_wp_cron=1751856877.4618189334869384765625 HTTP/1.1" 200 0 "-" "WordPress/6.8.1; https://ajio.lat"
177.37.178.109 - - [07/Jul/2025:08:24:37 +0530] "POST /xmlrpc.php HTTP/1.1" 200 440 "-" "Mozilla/5.0 (Windows NT 10.0; Win64; x64) AppleWebKit/537.36 (KHTML, like Gecko) Chrome/91.0.4472.124 Safari/537.36"
122.180.246.194 - - [07/Jul/2025:08:27:00 +0530] "POST /wp-cron.php?doing_wp_cron=1751857020.1819329261779785156250 HTTP/1.1" 200 0 "-" "WordPress/6.8.1; https://ajio.lat"
177.37.178.109 - - [07/Jul/2025:08:26:59 +0530] "POST /xmlrpc.php HTTP/1.1" 200 440 "-" "Mozilla/5.0 (Windows NT 10.0; Win64; x64) AppleWebKit/537.36 (KHTML, like Gecko) Chrome/91.0.4472.124 Safari/537.36"
122.180.246.194 - - [07/Jul/2025:08:28:23 +0530] "POST /wp-cron.php?doing_wp_cron=1751857103.7209570407867431640625 HTTP/1.1" 200 0 "-" "WordPress/6.8.1; https://ajio.lat"
122.180.246.194 - - [07/Jul/2025:08:11:09 +0530] "POST /wp-cron.php?doing_wp_cron=1751856069.9807710647583007812500 HTTP/1.1" 200 0 "-" "WordPress/6.8.1; https://ajio.lat"
122.180.246.194 - - [07/Jul/2025:08:12:34 +0530] "POST /wp-cron.php?doing_wp_cron=1751856154.6995089054107666015625 HTTP/1.1" 200 0 "-" "WordPress/6.8.1; https://ajio.lat"
177.37.178.109 - - [07/Jul/2025:08:12:34 +0530] "POST /xmlrpc.php HTTP/1.1" 200 440 "-" "Mozilla/5.0 (Windows NT 10.0; Win64; x64) AppleWebKit/537.36 (KHTML, like Gecko) Chrome/91.0.4472.124 Safari/537.36"
66.249.66.43 - - [07/Jul/2025:08:13:40 +0530] "GET /comment.php?shopdetail/14916931 HTTP/1.1" 200 24242 "-" "Mozilla/5.0 (Linux; Android 6.0.1; Nexus 5X Build/MMB29P) AppleWebKit/537.36 (KHTML, like Gecko) Chrome/137.0.7151.103 Mobile Safari/537.36 (compatible; GoogleOther)"
177.37.178.109 - - [07/Jul/2025:08:17:49 +0530] "POST /xmlrpc.php HTTP/1.1" 200 440 "-" "Mozilla/5.0 (Windows NT 10.0; Win64; x64) AppleWebKit/537.36 (KHTML, like Gecko) Chrome/91.0.4472.124 Safari/537.36"
122.180.246.194 - - [07/Jul/2025:08:20:36 +0530] "POST /wp-cron.php?doing_wp_cron=1751856636.3653440475463867187500 HTTP/1.1" 200 0 "-" "WordPress/6.8.1; https://ajio.lat"
177.37.178.109 - - [07/Jul/2025:08:20:35 +0530] "POST /xmlrpc.php HTTP/1.1" 200 440 "-" "Mozilla/5.0 (Windows NT 10.0; Win64; x64) AppleWebKit/537.36 (KHTML, like Gecko) Chrome/91.0.4472.124 Safari/537.36"
122.180.246.194 - - [07/Jul/2025:08:22:39 +0530] "POST /wp-cron.php?doing_wp_cron=1751856759.0464720726013183593750 HTTP/1.1" 200 0 "-" "WordPress/6.8.1; https://ajio.lat"
177.37.178.109 - - [07/Jul/2025:08:23:36 +0530] "POST /xmlrpc.php HTTP/1.1" 200 440 "-" "Mozilla/5.0 (Windows NT 10.0; Win64; x64) AppleWebKit/537.36 (KHTML, like Gecko) Chrome/91.0.4472.124 Safari/537.36"
177.37.178.109 - - [07/Jul/2025:08:25:45 +0530] "POST /xmlrpc.php HTTP/1.1" 200 440 "-" "Mozilla/5.0 (Windows NT 10.0; Win64; x64) AppleWebKit/537.36 (KHTML, like Gecko) Chrome/91.0.4472.124 Safari/537.36"
122.180.246.194 - - [07/Jul/2025:08:29:40 +0530] "POST /wp-cron.php?doing_wp_cron=1751857180.9269049167633056640625 HTTP/1.1" 200 0 "-" "WordPress/6.8.1; https://ajio.lat"
177.37.178.109 - - [07/Jul/2025:08:30:44 +0530] "POST /xmlrpc.php HTTP/1.1" 200 440 "-" "Mozilla/5.0 (Windows NT 10.0; Win64; x64) AppleWebKit/537.36 (KHTML, like Gecko) Chrome/91.0.4472.124 Safari/537.36"
66.249.66.43 - - [07/Jul/2025:08:31:07 +0530] "GET /comment.php?shopdetail/24627643 HTTP/1.1" 200 24790 "-" "Mozilla/5.0 (Linux; Android 6.0.1; Nexus 5X Build/MMB29P) AppleWebKit/537.36 (KHTML, like Gecko) Chrome/137.0.7151.103 Mobile Safari/537.36 (compatible; Googlebot/2.1; +http://www.google.com/bot.html)"
177.37.178.109 - - [07/Jul/2025:08:31:30 +0530] "POST /xmlrpc.php HTTP/1.1" 200 440 "-" "Mozilla/5.0 (Windows NT 10.0; Win64; x64) AppleWebKit/537.36 (KHTML, like Gecko) Chrome/91.0.4472.124 Safari/537.36"
177.37.178.109 - - [07/Jul/2025:08:28:23 +0530] "POST /xmlrpc.php HTTP/1.1" 200 440 "-" "Mozilla/5.0 (Windows NT 10.0; Win64; x64) AppleWebKit/537.36 (KHTML, like Gecko) Chrome/91.0.4472.124 Safari/537.36"
177.37.178.109 - - [07/Jul/2025:08:29:38 +0530] "POST /xmlrpc.php HTTP/1.1" 200 440 "-" "Mozilla/5.0 (Windows NT 10.0; Win64; x64) AppleWebKit/537.36 (KHTML, like Gecko) Chrome/91.0.4472.124 Safari/537.36"
122.180.246.194 - - [07/Jul/2025:08:30:45 +0530] "POST /wp-cron.php?doing_wp_cron=1751857245.3823020458221435546875 HTTP/1.1" 200 0 "-" "WordPress/6.8.1; https://ajio.lat"
177.37.178.109 - - [07/Jul/2025:08:32:40 +0530] "POST /xmlrpc.php HTTP/1.1" 200 440 "-" "Mozilla/5.0 (Windows NT 10.0; Win64; x64) AppleWebKit/537.36 (KHTML, like Gecko) Chrome/91.0.4472.124 Safari/537.36"
167.71.138.102 - - [07/Jul/2025:08:32:44 +0530] "GET / HTTP/1.1" 401 53 "-" "Mozilla/5.0 (X11; Linux x86_64) AppleWebKit/537.36 (KHTML, like Gecko) Chrome/137.0.0.0 Safari/537.36"
167.71.138.102 - - [07/Jul/2025:08:32:50 +0530] "GET /favicon.ico HTTP/1.1" 401 53 "https://webdisk.ajio.lat/" "Mozilla/5.0 (X11; Linux x86_64) AppleWebKit/537.36 (KHTML, like Gecko) Chrome/137.0.0.0 Safari/537.36"
177.37.178.109 - - [07/Jul/2025:08:33:20 +0530] "POST /xmlrpc.php HTTP/1.1" 200 440 "-" "Mozilla/5.0 (Windows NT 10.0; Win64; x64) AppleWebKit/537.36 (KHTML, like Gecko) Chrome/91.0.4472.124 Safari/537.36"
122.180.246.194 - - [07/Jul/2025:08:34:37 +0530] "POST /wp-cron.php?doing_wp_cron=1751857477.3632740974426269531250 HTTP/1.1" 200 0 "-" "WordPress/6.8.1; https://ajio.lat"
177.37.178.109 - - [07/Jul/2025:08:35:49 +0530] "POST /xmlrpc.php HTTP/1.1" 200 440 "-" "Mozilla/5.0 (Windows NT 10.0; Win64; x64) AppleWebKit/537.36 (KHTML, like Gecko) Chrome/91.0.4472.124 Safari/537.36"
177.37.178.109 - - [07/Jul/2025:08:38:13 +0530] "POST /xmlrpc.php HTTP/1.1" 200 440 "-" "Mozilla/5.0 (Windows NT 10.0; Win64; x64) AppleWebKit/537.36 (KHTML, like Gecko) Chrome/91.0.4472.124 Safari/537.36"
173.208.148.34 - - [07/Jul/2025:08:38:38 +0530] "GET / HTTP/1.1" 200 1296985 "-" "Mozilla/5.0 (compatible; Googlebot/2.1; +http://www.google.com/bot.html)"
122.180.246.194 - - [07/Jul/2025:08:39:34 +0530] "POST /wp-cron.php?doing_wp_cron=1751857774.5421218872070312500000 HTTP/1.1" 200 0 "-" "WordPress/6.8.1; https://ajio.lat"
122.180.246.194 - - [07/Jul/2025:08:40:44 +0530] "POST /wp-cron.php?doing_wp_cron=1751857844.9172160625457763671875 HTTP/1.1" 200 0 "-" "WordPress/6.8.1; https://ajio.lat"
66.249.66.41 - - [07/Jul/2025:08:41:45 +0530] "GET /comment.php?shopdetail/55232681 HTTP/1.1" 200 24405 "-" "Mozilla/5.0 (Linux; Android 6.0.1; Nexus 5X Build/MMB29P) AppleWebKit/537.36 (KHTML, like Gecko) Chrome/137.0.7151.103 Mobile Safari/537.36 (compatible; Googlebot/2.1; +http://www.google.com/bot.html)"
122.180.246.194 - - [07/Jul/2025:08:32:40 +0530] "POST /wp-cron.php?doing_wp_cron=1751857360.5230300426483154296875 HTTP/1.1" 200 0 "-" "WordPress/6.8.1; https://ajio.lat"
177.37.178.109 - - [07/Jul/2025:08:34:36 +0530] "POST /xmlrpc.php HTTP/1.1" 200 440 "-" "Mozilla/5.0 (Windows NT 10.0; Win64; x64) AppleWebKit/537.36 (KHTML, like Gecko) Chrome/91.0.4472.124 Safari/537.36"
66.249.66.43 - - [07/Jul/2025:08:37:27 +0530] "GET /comment.php?shopdetail/54318728 HTTP/1.1" 200 24132 "-" "Mozilla/5.0 (Linux; Android 6.0.1; Nexus 5X Build/MMB29P) AppleWebKit/537.36 (KHTML, like Gecko) Chrome/137.0.7151.103 Mobile Safari/537.36 (compatible; Googlebot/2.1; +http://www.google.com/bot.html)"
122.180.246.194 - - [07/Jul/2025:08:38:13 +0530] "POST /wp-cron.php?doing_wp_cron=1751857693.6453850269317626953125 HTTP/1.1" 200 0 "-" "WordPress/6.8.1; https://ajio.lat"
173.208.148.34 - - [07/Jul/2025:08:38:33 +0530] "GET / HTTP/1.1" 200 51083 "-" "Mozilla/5.0 (Windows NT 10.0; Win64; x64) AppleWebKit/537.36 (KHTML, like Gecko) Chrome/91.0.4472.106 Safari/537.36"
177.37.178.109 - - [07/Jul/2025:08:39:34 +0530] "POST /xmlrpc.php HTTP/1.1" 200 440 "-" "Mozilla/5.0 (Windows NT 10.0; Win64; x64) AppleWebKit/537.36 (KHTML, like Gecko) Chrome/91.0.4472.124 Safari/537.36"
177.37.178.109 - - [07/Jul/2025:08:40:44 +0530] "POST /xmlrpc.php HTTP/1.1" 200 440 "-" "Mozilla/5.0 (Windows NT 10.0; Win64; x64) AppleWebKit/537.36 (KHTML, like Gecko) Chrome/91.0.4472.124 Safari/537.36"
66.249.66.42 - - [07/Jul/2025:08:41:39 +0530] "GET /comment.php?shopdetail/79245147 HTTP/1.1" 200 24607 "-" "Mozilla/5.0 (Linux; Android 6.0.1; Nexus 5X Build/MMB29P) AppleWebKit/537.36 (KHTML, like Gecko) Chrome/137.0.7151.103 Mobile Safari/537.36 (compatible; Googlebot/2.1; +http://www.google.com/bot.html)"
66.249.66.42 - - [07/Jul/2025:08:45:56 +0530] "GET /comment.php?shopdetail/15276400 HTTP/1.1" 200 24303 "-" "Mozilla/5.0 (Linux; Android 6.0.1; Nexus 5X Build/MMB29P) AppleWebKit/537.36 (KHTML, like Gecko) Chrome/137.0.7151.103 Mobile Safari/537.36 (compatible; Googlebot/2.1; +http://www.google.com/bot.html)"
66.249.66.42 - - [07/Jul/2025:08:46:56 +0530] "GET /content.php?shopdetail/8219917 HTTP/1.1" 200 24763 "-" "Mozilla/5.0 (Linux; Android 6.0.1; Nexus 5X Build/MMB29P) AppleWebKit/537.36 (KHTML, like Gecko) Chrome/137.0.7151.103 Mobile Safari/537.36 (compatible; Googlebot/2.1; +http://www.google.com/bot.html)"
198.144.149.2 - - [07/Jul/2025:08:56:09 +0530] "GET / HTTP/2" 200 26922 "-" "Mozilla/5.0+(compatible;+Googlebot/2.1;++http://www.google.com/bot.html)"
198.144.149.2 - - [07/Jul/2025:08:59:14 +0530] "GET / HTTP/2" 200 26922 "-" "Mozilla/5.0+(compatible;+Googlebot/2.1;++http://www.google.com/bot.html)"
66.249.66.43 - - [07/Jul/2025:08:59:29 +0530] "GET /content.php?shopdetail/82014718 HTTP/1.1" 200 24588 "-" "Mozilla/5.0 (Linux; Android 6.0.1; Nexus 5X Build/MMB29P) AppleWebKit/537.36 (KHTML, like Gecko) Chrome/137.0.7151.103 Mobile Safari/537.36 (compatible; Googlebot/2.1; +http://www.google.com/bot.html)"
66.249.66.42 - - [07/Jul/2025:09:10:54 +0530] "GET /comment.php?shopdetail/52894624 HTTP/1.1" 200 30333 "-" "Mozilla/5.0 (Linux; Android 6.0.1; Nexus 5X Build/MMB29P) AppleWebKit/537.36 (KHTML, like Gecko) Chrome/137.0.7151.103 Mobile Safari/537.36 (compatible; Googlebot/2.1; +http://www.google.com/bot.html)"
66.249.66.42 - - [07/Jul/2025:09:12:39 +0530] "GET /comment.php?shopdetail/29063813 HTTP/1.1" 200 24159 "-" "Mozilla/5.0 (Linux; Android 6.0.1; Nexus 5X Build/MMB29P) AppleWebKit/537.36 (KHTML, like Gecko) Chrome/137.0.7151.103 Mobile Safari/537.36 (compatible; Googlebot/2.1; +http://www.google.com/bot.html)"
66.249.66.41 - - [07/Jul/2025:09:08:19 +0530] "GET /comment.php?shopdetail/26362779 HTTP/1.1" 200 25541 "-" "Mozilla/5.0 (Linux; Android 6.0.1; Nexus 5X Build/MMB29P) AppleWebKit/537.36 (KHTML, like Gecko) Chrome/137.0.7151.103 Mobile Safari/537.36 (compatible; Googlebot/2.1; +http://www.google.com/bot.html)"
66.249.66.42 - - [07/Jul/2025:09:13:40 +0530] "GET /comment.php?shopdetail/72701086 HTTP/1.1" 200 25729 "-" "Mozilla/5.0 (Linux; Android 6.0.1; Nexus 5X Build/MMB29P) AppleWebKit/537.36 (KHTML, like Gecko) Chrome/137.0.7151.103 Mobile Safari/537.36 (compatible; GoogleOther)"
66.249.66.43 - - [07/Jul/2025:09:14:32 +0530] "GET /content.php?shopdetail/244352909 HTTP/1.1" 200 25440 "-" "Mozilla/5.0 (Linux; Android 6.0.1; Nexus 5X Build/MMB29P) AppleWebKit/537.36 (KHTML, like Gecko) Chrome/137.0.7151.103 Mobile Safari/537.36 (compatible; GoogleOther)"
66.249.66.41 - - [07/Jul/2025:09:14:42 +0530] "GET /content.php?shopdetail/783613927 HTTP/1.1" 200 24276 "-" "Mozilla/5.0 (Linux; Android 6.0.1; Nexus 5X Build/MMB29P) AppleWebKit/537.36 (KHTML, like Gecko) Chrome/137.0.7151.103 Mobile Safari/537.36 (compatible; GoogleOther)"
66.249.66.41 - - [07/Jul/2025:09:14:46 +0530] "GET /content.php?shopdetail/2416462 HTTP/1.1" 200 25144 "-" "Mozilla/5.0 (Linux; Android 6.0.1; Nexus 5X Build/MMB29P) AppleWebKit/537.36 (KHTML, like Gecko) Chrome/137.0.7151.103 Mobile Safari/537.36 (compatible; GoogleOther)"
103.204.210.56 - - [07/Jul/2025:09:46:02 +0530] "GET /urmzzamg.php?Fox=mwgal HTTP/2" 200 217 "-" "Mozilla/5.0 (Windows NT 10.0; Win64; x64) AppleWebKit/537.36 (KHTML, like Gecko) Chrome/137.0.0.0 Safari/537.36"
103.204.210.56 - - [07/Jul/2025:09:46:03 +0530] "GET /favicon.ico HTTP/2" 404 796 "https://ajio.lat/urmzzamg.php?Fox=mwgal" "Mozilla/5.0 (Windows NT 10.0; Win64; x64) AppleWebKit/537.36 (KHTML, like Gecko) Chrome/137.0.0.0 Safari/537.36"
103.204.210.56 - - [07/Jul/2025:09:55:42 +0530] "POST /rfsf.php HTTP/2" 200 2410 "https://ajio.lat/rfsf.php" "Mozilla/5.0 (Windows NT 10.0; Win64; x64) AppleWebKit/537.36 (KHTML, like Gecko) Chrome/137.0.0.0 Safari/537.36"
103.204.210.56 - - [07/Jul/2025:09:55:46 +0530] "GET /wp.php HTTP/2" 200 5127 "-" "Mozilla/5.0 (Windows NT 10.0; Win64; x64) AppleWebKit/537.36 (KHTML, like Gecko) Chrome/137.0.0.0 Safari/537.36"
103.204.210.56 - - [07/Jul/2025:09:56:40 +0530] "POST /wp.php HTTP/2" 200 4160 "https://ajio.lat/wp.php" "Mozilla/5.0 (Windows NT 10.0; Win64; x64) AppleWebKit/537.36 (KHTML, like Gecko) Chrome/137.0.0.0 Safari/537.36"
103.204.210.56 - - [07/Jul/2025:09:56:42 +0530] "GET /rfsf.php HTTP/2" 200 1926 "-" "Mozilla/5.0 (Windows NT 10.0; Win64; x64) AppleWebKit/537.36 (KHTML, like Gecko) Chrome/137.0.0.0 Safari/537.36"
54.36.149.61 - - [07/Jul/2025:09:41:29 +0530] "GET /robots.txt HTTP/2" 200 61 "-" "Mozilla/5.0 (compatible; AhrefsBot/7.0; +http://ahrefs.com/robot/)"
66.249.66.41 - - [07/Jul/2025:09:45:16 +0530] "GET /content.php?shopdetail/79977936 HTTP/1.1" 200 24982 "-" "Mozilla/5.0 (Linux; Android 6.0.1; Nexus 5X Build/MMB29P) AppleWebKit/537.36 (KHTML, like Gecko) Chrome/137.0.7151.103 Mobile Safari/537.36 (compatible; GoogleOther)"
103.204.210.56 - - [07/Jul/2025:09:48:52 +0530] "POST /urmzzamg.php?Fox=mwgal HTTP/2" 200 217 "https://ajio.lat/urmzzamg.php?Fox=mwgal" "Mozilla/5.0 (Windows NT 10.0; Win64; x64) AppleWebKit/537.36 (KHTML, like Gecko) Chrome/137.0.0.0 Safari/537.36"
103.204.210.56 - - [07/Jul/2025:09:48:54 +0530] "GET /rfsf.php HTTP/2" 200 2430 "-" "Mozilla/5.0 (Windows NT 10.0; Win64; x64) AppleWebKit/537.36 (KHTML, like Gecko) Chrome/137.0.0.0 Safari/537.36"
170.106.11.6 - - [07/Jul/2025:10:03:27 +0530] "GET /2025/07/07/0x1c8c5b6a/ HTTP/1.1" 404 796 "-" "Mozilla/5.0 (iPhone; CPU iPhone OS 13_2_3 like Mac OS X) AppleWebKit/605.1.15 (KHTML, like Gecko) Version/13.0.3 Mobile/15E148 Safari/604.1"
66.249.66.43 - - [07/Jul/2025:10:13:40 +0530] "GET /comment.php?shopdetail/46437578 HTTP/1.1" 200 25226 "-" "Mozilla/5.0 (Linux; Android 6.0.1; Nexus 5X Build/MMB29P) AppleWebKit/537.36 (KHTML, like Gecko) Chrome/137.0.7151.103 Mobile Safari/537.36 (compatible; GoogleOther)"
46.203.202.191 - - [07/Jul/2025:10:09:34 +0530] "GET /357-link179 HTTP/1.1" 404 796 "-" "Mozilla/5.0+(compatible;+Googlebot/2.1;++http://www.google.com/bot.html)"
122.180.246.194 - - [07/Jul/2025:10:09:35 +0530] "POST /wp-cron.php?doing_wp_cron=1751863175.4200460910797119140625 HTTP/1.1" 200 0 "-" "WordPress/6.8.1; https://ajio.lat"
46.203.202.191 - - [07/Jul/2025:10:09:34 +0530] "POST /wp-login.php HTTP/1.1" 302 0 "https://ajio.lat/wp-login.php" "Mozilla/5.0 (Windows NT 10.0; Win64; x64) AppleWebKit/537.36 (KHTML, like Gecko) Chrome/132.0.0.0 Safari/537.36"
46.203.202.191 - - [07/Jul/2025:10:09:35 +0530] "GET /wp-login.php/?captcha=confirm_error HTTP/1.1" 200 5411 "https://ajio.lat/wp-login.php" "Mozilla/5.0 (Windows NT 10.0; Win64; x64) AppleWebKit/537.36 (KHTML, like Gecko) Chrome/132.0.0.0 Safari/537.36"
46.203.202.191 - - [07/Jul/2025:10:09:36 +0530] "POST /wp-login.php HTTP/1.1" 302 0 "https://ajio.lat/wp-login.php" "Mozilla/5.0 (Windows NT 10.0; Win64; x64) AppleWebKit/537.36 (KHTML, like Gecko) Chrome/132.0.0.0 Safari/537.36"
46.203.202.191 - - [07/Jul/2025:10:09:37 +0530] "GET /wp-login.php/?captcha=confirm_error HTTP/1.1" 200 5242 "https://ajio.lat/wp-login.php" "Mozilla/5.0 (Windows NT 10.0; Win64; x64) AppleWebKit/537.36 (KHTML, like Gecko) Chrome/132.0.0.0 Safari/537.36"
46.203.52.188 - - [07/Jul/2025:10:12:36 +0530] "GET /357-link179 HTTP/1.1" 200 32609 "-" "Mozilla/5.0 (compatible; bingbot/2.0; +http://www.bing.com/bingbot.htm)"
66.249.66.42 - - [07/Jul/2025:10:21:36 +0530] "GET /content.php?shopdetail/158395137 HTTP/1.1" 200 25342 "-" "Mozilla/5.0 (Linux; Android 6.0.1; Nexus 5X Build/MMB29P) AppleWebKit/537.36 (KHTML, like Gecko) Chrome/137.0.7151.103 Mobile Safari/537.36 (compatible; GoogleOther)"
66.249.66.41 - - [07/Jul/2025:10:24:32 +0530] "GET /comment.php?shopdetail/32664791 HTTP/1.1" 200 25168 "-" "Mozilla/5.0 (Linux; Android 6.0.1; Nexus 5X Build/MMB29P) AppleWebKit/537.36 (KHTML, like Gecko) Chrome/137.0.7151.103 Mobile Safari/537.36 (compatible; Googlebot/2.1; +http://www.google.com/bot.html)"
173.208.236.138 - - [07/Jul/2025:10:31:57 +0530] "GET / HTTP/1.1" 200 197802 "-" "Mozilla/5.0 (compatible; Googlebot/2.1; +http://www.google.com/bot.html)"
173.208.236.138 - - [07/Jul/2025:10:32:03 +0530] "GET /shopdetail/32814826 HTTP/1.1" 200 195826 "-" "Mozilla/5.0 (compatible; Googlebot/2.1; +http://www.google.com/bot.html)"
173.208.236.138 - - [07/Jul/2025:10:34:56 +0530] "GET / HTTP/1.1" 200 197802 "-" "Mozilla/5.0 (compatible; Googlebot/2.1; +http://www.google.com/bot.html)"
66.249.66.42 - - [07/Jul/2025:10:37:23 +0530] "GET /comment.php?shopdetail/59130899 HTTP/1.1" 200 24879 "-" "Mozilla/5.0 (Linux; Android 6.0.1; Nexus 5X Build/MMB29P) AppleWebKit/537.36 (KHTML, like Gecko) Chrome/137.0.7151.103 Mobile Safari/537.36 (compatible; Googlebot/2.1; +http://www.google.com/bot.html)"
122.180.246.194 - - [07/Jul/2025:10:38:50 +0530] "POST /wp-cron.php?doing_wp_cron=1751864930.0522260665893554687500 HTTP/1.1" 200 0 "-" "WordPress/6.8.1; https://ajio.lat"
45.227.253.15 - - [07/Jul/2025:10:38:48 +0530] "GET /index.php/jk HTTP/1.1" 301 0 "-" "Mozilla/5.0 (Macintosh; Intel Mac OS X 10.15; rv:80.0) Gecko/20100101 Firefox/80.0"
45.227.253.15 - - [07/Jul/2025:10:38:50 +0530] "GET /jk HTTP/1.1" 404 13612 "https://ajio.lat/index.php/jk" "Mozilla/5.0 (Macintosh; Intel Mac OS X 10.15; rv:80.0) Gecko/20100101 Firefox/80.0"
173.208.236.138 - - [07/Jul/2025:10:35:02 +0530] "GET /shopdetail/32814826 HTTP/1.1" 200 195826 "-" "Mozilla/5.0 (compatible; Googlebot/2.1; +http://www.google.com/bot.html)"
173.208.236.138 - - [07/Jul/2025:10:40:46 +0530] "GET / HTTP/1.1" 200 197802 "-" "Mozilla/5.0 (compatible; Googlebot/2.1; +http://www.google.com/bot.html)"
173.208.172.18 - - [07/Jul/2025:10:43:37 +0530] "GET /alfa.php HTTP/1.1" 404 11973 "https://ajio.lat/alfa.php" "Mozilla/5.0 (Windows NT 10.0; Win64; x64) AppleWebKit/537.36 (KHTML, like Gecko) Chrome/58.0.3029.110 Safari/537.3"
45.139.104.186 - - [07/Jul/2025:10:44:47 +0530] "GET / HTTP/1.1" 200 10714 "-" "Mozilla/5.0"
45.139.104.186 - - [07/Jul/2025:10:44:48 +0530] "GET /wp-includes/js/dist/script-modules/block-library/navigation/view.min.js?ver=61572d447d60c0aa5240 HTTP/1.1" 200 1049 "-" "Mozilla/5.0"
45.139.104.186 - - [07/Jul/2025:10:44:51 +0530] "GET /.git/config HTTP/1.1" 403 787 "-" "Mozilla/5.0"
45.139.104.186 - - [07/Jul/2025:10:44:51 +0530] "GET /.env HTTP/1.1" 404 11973 "-" "Mozilla/5.0"
45.139.104.186 - - [07/Jul/2025:10:45:05 +0530] "GET /.git/HEAD HTTP/1.1" 403 787 "-" "Mozilla/5.0"
45.139.104.186 - - [07/Jul/2025:10:45:05 +0530] "GET /config/.env HTTP/1.1" 404 11973 "-" "Mozilla/5.0"
173.208.236.138 - - [07/Jul/2025:10:40:53 +0530] "GET /shopdetail/32814826 HTTP/1.1" 200 195826 "-" "Mozilla/5.0 (compatible; Googlebot/2.1; +http://www.google.com/bot.html)"
122.180.246.194 - - [07/Jul/2025:10:44:48 +0530] "POST /wp-cron.php?doing_wp_cron=1751865288.7198569774627685546875 HTTP/1.1" 200 0 "-" "WordPress/6.8.1; https://ajio.lat"
66.249.66.43 - - [07/Jul/2025:10:49:48 +0530] "GET /comment.php?shopdetail/22043710 HTTP/1.1" 200 24811 "-" "Mozilla/5.0 (Linux; Android 6.0.1; Nexus 5X Build/MMB29P) AppleWebKit/537.36 (KHTML, like Gecko) Chrome/137.0.7151.103 Mobile Safari/537.36 (compatible; Googlebot/2.1; +http://www.google.com/bot.html)"
122.180.246.194 - - [07/Jul/2025:10:55:06 +0530] "POST /wp-cron.php?doing_wp_cron=1751865906.4484319686889648437500 HTTP/1.1" 200 0 "-" "WordPress/6.8.1; https://ajio.lat"
103.122.142.236 - - [07/Jul/2025:10:55:05 +0530] "GET /alfa.php HTTP/2" 404 11973 "-" "Mozilla/5.0 (Windows NT 10.0; Win64; x64) AppleWebKit/537.36 (KHTML, like Gecko) Chrome/137.0.0.0 Safari/537.36"
103.122.142.236 - - [07/Jul/2025:10:55:14 +0530] "GET /wp-includes/blocks/navigation/style.min.css?ver=6.8.1 HTTP/2" 200 2057 "https://ajio.lat/alfa.php" "Mozilla/5.0 (Windows NT 10.0; Win64; x64) AppleWebKit/537.36 (KHTML, like Gecko) Chrome/137.0.0.0 Safari/537.36"
103.122.142.236 - - [07/Jul/2025:10:55:14 +0530] "GET /wp-content/themes/twentytwentyfive/style.css?ver=1.2 HTTP/2" 200 1009 "https://ajio.lat/alfa.php" "Mozilla/5.0 (Windows NT 10.0; Win64; x64) AppleWebKit/537.36 (KHTML, like Gecko) Chrome/137.0.0.0 Safari/537.36"
