103.148.98.241 - - [06/Jul/2025:23:08:39 +0530] "GET /wp-content/plugins/wp-file-manager/lib/img/icons-big.svg HTTP/2" 200 6410 "https://ajio.lat/wp-content/plugins/wp-file-manager/lib/css/cwd.css?ver=8.0.2" "Mozilla/5.0 (Windows NT 10.0; Win64; x64) AppleWebKit/537.36 (KHTML, like Gecko) Chrome/137.0.0.0 Safari/537.36"
122.180.246.194 - - [06/Jul/2025:23:08:40 +0530] "POST /wp-cron.php?doing_wp_cron=1751823520.3497920036315917968750 HTTP/1.1" 200 0 "-" "WordPress/6.8.1; https://ajio.lat"
103.148.98.241 - - [06/Jul/2025:23:08:39 +0530] "POST /wp-admin/admin-ajax.php HTTP/2" 200 51 "https://ajio.lat/wp-admin/plugin-install.php" "Mozilla/5.0 (Windows NT 10.0; Win64; x64) AppleWebKit/537.36 (KHTML, like Gecko) Chrome/137.0.0.0 Safari/537.36"
103.148.98.241 - - [06/Jul/2025:23:03:27 +0530] "GET /wp-includes/js/heartbeat.min.js?ver=6.8.1 HTTP/2" 200 1947 "https://ajio.lat/wp-admin/" "Mozilla/5.0 (Windows NT 10.0; Win64; x64) AppleWebKit/537.36 (KHTML, like Gecko) Chrome/137.0.0.0 Safari/537.36"
103.148.98.241 - - [06/Jul/2025:23:03:27 +0530] "GET /wp-includes/js/wp-auth-check.min.js?ver=6.8.1 HTTP/2" 200 691 "https://ajio.lat/wp-admin/" "Mozilla/5.0 (Windows NT 10.0; Win64; x64) AppleWebKit/537.36 (KHTML, like Gecko) Chrome/137.0.0.0 Safari/537.36"
103.148.98.241 - - [06/Jul/2025:23:03:27 +0530] "GET /wp-includes/js/wplink.min.js?ver=6.8.1 HTTP/2" 200 3693 "https://ajio.lat/wp-admin/" "Mozilla/5.0 (Windows NT 10.0; Win64; x64) AppleWebKit/537.36 (KHTML, like Gecko) Chrome/137.0.0.0 Safari/537.36"
103.148.98.241 - - [06/Jul/2025:23:03:27 +0530] "GET /wp-includes/js/jquery/ui/menu.min.js?ver=1.13.3 HTTP/2" 200 2917 "https://ajio.lat/wp-admin/" "Mozilla/5.0 (Windows NT 10.0; Win64; x64) AppleWebKit/537.36 (KHTML, like Gecko) Chrome/137.0.0.0 Safari/537.36"
103.148.98.241 - - [06/Jul/2025:23:03:27 +0530] "GET /wp-includes/js/jquery/ui/autocomplete.min.js?ver=1.13.3 HTTP/2" 200 2715 "https://ajio.lat/wp-admin/" "Mozilla/5.0 (Windows NT 10.0; Win64; x64) AppleWebKit/537.36 (KHTML, like Gecko) Chrome/137.0.0.0 Safari/537.36"
103.148.98.241 - - [06/Jul/2025:23:03:27 +0530] "GET /wp-includes/js/wp-emoji-release.min.js?ver=6.8.1 HTTP/2" 200 4771 "https://ajio.lat/wp-admin/" "Mozilla/5.0 (Windows NT 10.0; Win64; x64) AppleWebKit/537.36 (KHTML, like Gecko) Chrome/137.0.0.0 Safari/537.36"
103.148.98.241 - - [06/Jul/2025:23:03:27 +0530] "GET /wp-includes/js/thickbox/loadingAnimation.gif HTTP/2" 200 15238 "https://ajio.lat/wp-admin/" "Mozilla/5.0 (Windows NT 10.0; Win64; x64) AppleWebKit/537.36 (KHTML, like Gecko) Chrome/137.0.0.0 Safari/537.36"
122.180.246.194 - - [06/Jul/2025:23:04:38 +0530] "POST /wp-cron.php?doing_wp_cron=1751823278.1526629924774169921875 HTTP/1.1" 200 0 "-" "WordPress/6.8.1; https://ajio.lat"
103.148.98.247 - - [06/Jul/2025:23:04:37 +0530] "POST /wp-admin/admin-ajax.php HTTP/2" 200 51 "https://ajio.lat/wp-admin/plugin-install.php" "Mozilla/5.0 (Windows NT 10.0; Win64; x64) AppleWebKit/537.36 (KHTML, like Gecko) Chrome/137.0.0.0 Safari/537.36"
103.148.98.241 - - [06/Jul/2025:23:09:59 +0530] "POST /wp-admin/admin-ajax.php HTTP/2" 200 51 "https://ajio.lat/wp-admin/admin.php?page=wp_file_manager" "Mozilla/5.0 (Windows NT 10.0; Win64; x64) AppleWebKit/537.36 (KHTML, like Gecko) Chrome/137.0.0.0 Safari/537.36"
103.148.98.241 - - [06/Jul/2025:23:10:00 +0530] "GET /wp-admin/ HTTP/2" 200 0 "https://ajio.lat/wp-login.php" "Mozilla/5.0 (Windows NT 10.0; Win64; x64) AppleWebKit/537.36 (KHTML, like Gecko) Chrome/137.0.0.0 Safari/537.36"
103.148.98.241 - - [06/Jul/2025:23:10:00 +0530] "GET /wp-login.php HTTP/2" 200 1705 "-" "Mozilla/5.0 (Windows NT 10.0; Win64; x64) AppleWebKit/537.36 (KHTML, like Gecko) Chrome/137.0.0.0 Safari/537.36"
103.148.98.247 - - [06/Jul/2025:23:10:40 +0530] "POST /wp-admin/admin-ajax.php HTTP/2" 200 51 "https://ajio.lat/wp-admin/plugin-install.php" "Mozilla/5.0 (Windows NT 10.0; Win64; x64) AppleWebKit/537.36 (KHTML, like Gecko) Chrome/137.0.0.0 Safari/537.36"
122.180.246.194 - - [06/Jul/2025:23:12:00 +0530] "POST /wp-cron.php?doing_wp_cron=1751823720.2294540405273437500000 HTTP/1.1" 200 0 "-" "WordPress/6.8.1; https://ajio.lat"
103.148.98.241 - - [06/Jul/2025:23:11:59 +0530] "GET /wp-login.php HTTP/2" 200 1690 "-" "Mozilla/5.0 (Windows NT 10.0; Win64; x64) AppleWebKit/537.36 (KHTML, like Gecko) Chrome/137.0.0.0 Safari/537.36"
103.148.98.241 - - [06/Jul/2025:23:12:02 +0530] "GET /wp-includes/js/dist/i18n.min.js?ver=5e580eb46a90c2b997e6 HTTP/2" 200 3542 "https://ajio.lat/wp-login.php" "Mozilla/5.0 (Windows NT 10.0; Win64; x64) AppleWebKit/537.36 (KHTML, like Gecko) Chrome/137.0.0.0 Safari/537.36"
103.148.98.241 - - [06/Jul/2025:23:12:03 +0530] "GET /favicon.ico HTTP/2" 404 796 "https://ajio.lat/wp-login.php" "Mozilla/5.0 (Windows NT 10.0; Win64; x64) AppleWebKit/537.36 (KHTML, like Gecko) Chrome/137.0.0.0 Safari/537.36"
103.148.98.241 - - [06/Jul/2025:23:08:41 +0530] "GET /wsa.php HTTP/2" 200 4693 "https://ajio.lat/wp-admin/admin.php?page=wp_file_manager" "Mozilla/5.0 (Windows NT 10.0; Win64; x64) AppleWebKit/537.36 (KHTML, like Gecko) Chrome/137.0.0.0 Safari/537.36"
103.148.98.241 - - [06/Jul/2025:23:08:53 +0530] "POST /wp-admin/admin-ajax.php HTTP/2" 200 51 "https://ajio.lat/wp-admin/admin.php?page=wp_file_manager" "Mozilla/5.0 (Windows NT 10.0; Win64; x64) AppleWebKit/537.36 (KHTML, like Gecko) Chrome/137.0.0.0 Safari/537.36"
122.180.246.194 - - [06/Jul/2025:23:10:41 +0530] "POST /wp-cron.php?doing_wp_cron=1751823641.2268021106719970703125 HTTP/1.1" 200 0 "-" "WordPress/6.8.1; https://ajio.lat"
103.148.98.243 - - [06/Jul/2025:23:12:42 +0530] "POST /wp-admin/admin-ajax.php HTTP/2" 200 51 "https://ajio.lat/wp-admin/plugin-install.php" "Mozilla/5.0 (Windows NT 10.0; Win64; x64) AppleWebKit/537.36 (KHTML, like Gecko) Chrome/137.0.0.0 Safari/537.36"
66.249.66.42 - - [06/Jul/2025:23:13:25 +0530] "GET /comment.php?shopdetail/48037763 HTTP/1.1" 200 25490 "-" "Mozilla/5.0 (Linux; Android 6.0.1; Nexus 5X Build/MMB29P) AppleWebKit/537.36 (KHTML, like Gecko) Chrome/137.0.7151.103 Mobile Safari/537.36 (compatible; Googlebot/2.1; +http://www.google.com/bot.html)"
66.249.66.41 - - [06/Jul/2025:23:14:15 +0530] "GET /content.php?shopdetail/40010295 HTTP/1.1" 200 24736 "-" "Mozilla/5.0 (Linux; Android 6.0.1; Nexus 5X Build/MMB29P) AppleWebKit/537.36 (KHTML, like Gecko) Chrome/137.0.7151.103 Mobile Safari/537.36 (compatible; GoogleOther)"
66.249.66.41 - - [06/Jul/2025:23:14:31 +0530] "GET /content.php?shopdetail/49402399 HTTP/1.1" 200 24570 "-" "Mozilla/5.0 (Linux; Android 6.0.1; Nexus 5X Build/MMB29P) AppleWebKit/537.36 (KHTML, like Gecko) Chrome/137.0.7151.103 Mobile Safari/537.36 (compatible; GoogleOther)"
103.148.98.246 - - [06/Jul/2025:23:14:42 +0530] "POST /wp-admin/admin-ajax.php HTTP/2" 200 51 "https://ajio.lat/wp-admin/plugin-install.php" "Mozilla/5.0 (Windows NT 10.0; Win64; x64) AppleWebKit/537.36 (KHTML, like Gecko) Chrome/137.0.0.0 Safari/537.36"
66.249.66.41 - - [06/Jul/2025:23:14:41 +0530] "GET /content.php?shopdetail/37300875 HTTP/1.1" 200 24640 "-" "Mozilla/5.0 (Linux; Android 6.0.1; Nexus 5X Build/MMB29P) AppleWebKit/537.36 (KHTML, like Gecko) Chrome/137.0.7151.103 Mobile Safari/537.36 (compatible; GoogleOther)"
66.249.66.41 - - [06/Jul/2025:23:14:51 +0530] "GET /content.php?shopdetail/628029452 HTTP/1.1" 200 24187 "-" "Mozilla/5.0 (Linux; Android 6.0.1; Nexus 5X Build/MMB29P) AppleWebKit/537.36 (KHTML, like Gecko) Chrome/137.0.7151.103 Mobile Safari/537.36 (compatible; GoogleOther)"
66.249.66.42 - - [06/Jul/2025:23:15:01 +0530] "GET /content.php?shopdetail/79800852 HTTP/1.1" 200 24954 "-" "Mozilla/5.0 (Linux; Android 6.0.1; Nexus 5X Build/MMB29P) AppleWebKit/537.36 (KHTML, like Gecko) Chrome/137.0.7151.103 Mobile Safari/537.36 (compatible; GoogleOther)"
66.249.66.42 - - [06/Jul/2025:23:15:10 +0530] "GET /content.php?shopdetail/27170357 HTTP/1.1" 200 24612 "-" "Mozilla/5.0 (Linux; Android 6.0.1; Nexus 5X Build/MMB29P) AppleWebKit/537.36 (KHTML, like Gecko) Chrome/137.0.7151.103 Mobile Safari/537.36 (compatible; GoogleOther)"
66.249.66.41 - - [06/Jul/2025:23:15:36 +0530] "GET /content.php?shopdetail/8594587 HTTP/1.1" 200 25663 "-" "Mozilla/5.0 (Linux; Android 6.0.1; Nexus 5X Build/MMB29P) AppleWebKit/537.36 (KHTML, like Gecko) Chrome/137.0.7151.103 Mobile Safari/537.36 (compatible; GoogleOther)"
66.249.66.41 - - [06/Jul/2025:23:15:44 +0530] "GET /content.php?shopdetail/543240527 HTTP/1.1" 200 24522 "-" "Mozilla/5.0 (Linux; Android 6.0.1; Nexus 5X Build/MMB29P) AppleWebKit/537.36 (KHTML, like Gecko) Chrome/137.0.7151.103 Mobile Safari/537.36 (compatible; GoogleOther)"
103.148.98.240 - - [06/Jul/2025:23:14:07 +0530] "POST /wp-login.php HTTP/2" 302 0 "https://ajio.lat/wp-login.php" "Mozilla/5.0 (Windows NT 10.0; Win64; x64) AppleWebKit/537.36 (KHTML, like Gecko) Chrome/137.0.0.0 Safari/537.36"
103.148.98.240 - - [06/Jul/2025:23:14:07 +0530] "GET /wp-admin/ HTTP/2" 200 18839 "https://ajio.lat/wp-login.php" "Mozilla/5.0 (Windows NT 10.0; Win64; x64) AppleWebKit/537.36 (KHTML, like Gecko) Chrome/137.0.0.0 Safari/537.36"
66.249.66.42 - - [06/Jul/2025:23:14:23 +0530] "GET /content.php?shopdetail/45690601 HTTP/1.1" 200 24670 "-" "Mozilla/5.0 (Linux; Android 6.0.1; Nexus 5X Build/MMB29P) AppleWebKit/537.36 (KHTML, like Gecko) Chrome/137.0.7151.103 Mobile Safari/537.36 (compatible; GoogleOther)"
66.249.66.41 - - [06/Jul/2025:23:15:19 +0530] "GET /content.php?shopdetail/2370771 HTTP/1.1" 200 25165 "-" "Mozilla/5.0 (Linux; Android 6.0.1; Nexus 5X Build/MMB29P) AppleWebKit/537.36 (KHTML, like Gecko) Chrome/137.0.7151.103 Mobile Safari/537.36 (compatible; GoogleOther)"
66.249.66.41 - - [06/Jul/2025:23:15:28 +0530] "GET /content.php?shopdetail/8669752 HTTP/1.1" 200 24060 "-" "Mozilla/5.0 (Linux; Android 6.0.1; Nexus 5X Build/MMB29P) AppleWebKit/537.36 (KHTML, like Gecko) Chrome/137.0.7151.103 Mobile Safari/537.36 (compatible; GoogleOther)"
66.249.66.41 - - [06/Jul/2025:23:15:52 +0530] "GET /content.php?shopdetail/946954480 HTTP/1.1" 200 24714 "-" "Mozilla/5.0 (Linux; Android 6.0.1; Nexus 5X Build/MMB29P) AppleWebKit/537.36 (KHTML, like Gecko) Chrome/137.0.7151.103 Mobile Safari/537.36 (compatible; GoogleOther)"
66.249.66.42 - - [06/Jul/2025:23:16:00 +0530] "GET /content.php?shopdetail/79588678 HTTP/1.1" 200 24255 "-" "Mozilla/5.0 (Linux; Android 6.0.1; Nexus 5X Build/MMB29P) AppleWebKit/537.36 (KHTML, like Gecko) Chrome/137.0.7151.103 Mobile Safari/537.36 (compatible; GoogleOther)"
122.180.246.194 - - [06/Jul/2025:23:16:03 +0530] "POST /wp-cron.php?doing_wp_cron=1751823963.7642319202423095703125 HTTP/1.1" 200 0 "-" "WordPress/6.8.1; https://ajio.lat"
103.148.98.243 - - [06/Jul/2025:23:16:03 +0530] "POST /wp-admin/admin-ajax.php HTTP/2" 200 51 "https://ajio.lat/wp-admin/" "Mozilla/5.0 (Windows NT 10.0; Win64; x64) AppleWebKit/537.36 (KHTML, like Gecko) Chrome/137.0.0.0 Safari/537.36"
66.249.66.42 - - [06/Jul/2025:23:16:08 +0530] "GET /content.php?shopdetail/145657611 HTTP/1.1" 200 24339 "-" "Mozilla/5.0 (Linux; Android 6.0.1; Nexus 5X Build/MMB29P) AppleWebKit/537.36 (KHTML, like Gecko) Chrome/137.0.7151.103 Mobile Safari/537.36 (compatible; GoogleOther)"
66.249.66.41 - - [06/Jul/2025:23:16:23 +0530] "GET /content.php?shopdetail/149990365 HTTP/1.1" 200 25043 "-" "Mozilla/5.0 (Linux; Android 6.0.1; Nexus 5X Build/MMB29P) AppleWebKit/537.36 (KHTML, like Gecko) Chrome/137.0.7151.103 Mobile Safari/537.36 (compatible; GoogleOther)"
66.249.66.41 - - [06/Jul/2025:23:16:30 +0530] "GET /content.php?shopdetail/26606760 HTTP/1.1" 200 24778 "-" "Mozilla/5.0 (Linux; Android 6.0.1; Nexus 5X Build/MMB29P) AppleWebKit/537.36 (KHTML, like Gecko) Chrome/137.0.7151.103 Mobile Safari/537.36 (compatible; GoogleOther)"
103.148.98.243 - - [06/Jul/2025:23:16:34 +0530] "GET /wp-admin/admin.php?page=wp_file_manager HTTP/2" 200 9675 "https://ajio.lat/wp-admin/" "Mozilla/5.0 (Windows NT 10.0; Win64; x64) AppleWebKit/537.36 (KHTML, like Gecko) Chrome/137.0.0.0 Safari/537.36"
103.148.98.243 - - [06/Jul/2025:23:16:35 +0530] "GET /wp-content/plugins/wp-file-manager/js/file_manager_free_shortcode_admin.js?ver=5444 HTTP/2" 200 1136 "https://ajio.lat/wp-admin/admin.php?page=wp_file_manager" "Mozilla/5.0 (Windows NT 10.0; Win64; x64) AppleWebKit/537.36 (KHTML, like Gecko) Chrome/137.0.0.0 Safari/537.36"
103.148.98.243 - - [06/Jul/2025:23:16:35 +0530] "GET /wp-admin/admin-ajax.php?action=mk_file_folder_manager&_wpnonce=eaccd146c4&networkhref=&cmd=open&target=l1_Lw&init=1&tree=1&_=1751823996730 HTTP/2" 200 1957 "https://ajio.lat/wp-admin/admin.php?page=wp_file_manager" "Mozilla/5.0 (Windows NT 10.0; Win64; x64) AppleWebKit/537.36 (KHTML, like Gecko) Chrome/137.0.0.0 Safari/537.36"
66.249.66.41 - - [06/Jul/2025:23:16:37 +0530] "GET /content.php?shopdetail/497321825 HTTP/1.1" 200 25109 "-" "Mozilla/5.0 (Linux; Android 6.0.1; Nexus 5X Build/MMB29P) AppleWebKit/537.36 (KHTML, like Gecko) Chrome/137.0.7151.103 Mobile Safari/537.36 (compatible; GoogleOther)"
66.249.66.41 - - [06/Jul/2025:23:16:45 +0530] "GET /content.php?shopdetail/94555092 HTTP/1.1" 200 24361 "-" "Mozilla/5.0 (Linux; Android 6.0.1; Nexus 5X Build/MMB29P) AppleWebKit/537.36 (KHTML, like Gecko) Chrome/137.0.7151.103 Mobile Safari/537.36 (compatible; GoogleOther)"
66.249.66.43 - - [06/Jul/2025:23:17:00 +0530] "GET /content.php?shopdetail/4951070 HTTP/1.1" 200 24798 "-" "Mozilla/5.0 (Linux; Android 6.0.1; Nexus 5X Build/MMB29P) AppleWebKit/537.36 (KHTML, like Gecko) Chrome/137.0.7151.103 Mobile Safari/537.36 (compatible; GoogleOther)"
103.148.98.243 - - [06/Jul/2025:23:17:16 +0530] "GET /wp-admin/admin-ajax.php?action=mk_file_folder_manager&_wpnonce=eaccd146c4&networkhref=&cmd=ls&target=l1_Lw&intersect%5B%5D=wsa.php&reqid=197e0d975e730f HTTP/2" 200 36 "https://ajio.lat/wp-admin/admin.php?page=wp_file_manager" "Mozilla/5.0 (Windows NT 10.0; Win64; x64) AppleWebKit/537.36 (KHTML, like Gecko) Chrome/137.0.0.0 Safari/537.36"
66.249.66.41 - - [06/Jul/2025:23:16:15 +0530] "GET /content.php?shopdetail/3130765 HTTP/1.1" 200 25021 "-" "Mozilla/5.0 (Linux; Android 6.0.1; Nexus 5X Build/MMB29P) AppleWebKit/537.36 (KHTML, like Gecko) Chrome/137.0.7151.103 Mobile Safari/537.36 (compatible; GoogleOther)"
103.148.98.241 - - [06/Jul/2025:23:16:43 +0530] "POST /wp-admin/admin-ajax.php HTTP/2" 200 51 "https://ajio.lat/wp-admin/plugin-install.php" "Mozilla/5.0 (Windows NT 10.0; Win64; x64) AppleWebKit/537.36 (KHTML, like Gecko) Chrome/137.0.0.0 Safari/537.36"
122.180.246.194 - - [06/Jul/2025:23:17:16 +0530] "POST /wp-cron.php?doing_wp_cron=1751824036.5358800888061523437500 HTTP/1.1" 200 0 "-" "WordPress/6.8.1; https://ajio.lat"
122.180.246.194 - - [06/Jul/2025:23:18:38 +0530] "POST /wp-cron.php?doing_wp_cron=1751824118.1754000186920166015625 HTTP/1.1" 200 0 "-" "WordPress/6.8.1; https://ajio.lat"
103.148.98.241 - - [06/Jul/2025:23:18:44 +0530] "POST /wp-admin/admin-ajax.php HTTP/2" 200 51 "https://ajio.lat/wp-admin/plugin-install.php" "Mozilla/5.0 (Windows NT 10.0; Win64; x64) AppleWebKit/537.36 (KHTML, like Gecko) Chrome/137.0.0.0 Safari/537.36"
122.180.246.194 - - [06/Jul/2025:23:20:46 +0530] "POST /wp-cron.php?doing_wp_cron=1751824246.7218010425567626953125 HTTP/1.1" 200 0 "-" "WordPress/6.8.1; https://ajio.lat"
122.180.246.194 - - [06/Jul/2025:23:25:44 +0530] "POST /wp-cron.php?doing_wp_cron=1751824544.7948479652404785156250 HTTP/1.1" 200 0 "-" "WordPress/6.8.1; https://ajio.lat"
103.148.98.241 - - [06/Jul/2025:23:25:44 +0530] "POST /wp-admin/admin-ajax.php HTTP/2" 200 51 "https://ajio.lat/wp-admin/plugin-install.php?s=file%2520manager&tab=search&type=term" "Mozilla/5.0 (Windows NT 10.0; Win64; x64) AppleWebKit/537.36 (KHTML, like Gecko) Chrome/137.0.0.0 Safari/537.36"
103.148.98.241 - - [06/Jul/2025:23:25:53 +0530] "GET /wp-admin/admin.php?page=wp_file_manager HTTP/2" 200 9678 "https://ajio.lat/wp-admin/plugin-install.php?s=file%2520manager&tab=search&type=term" "Mozilla/5.0 (Windows NT 10.0; Win64; x64) AppleWebKit/537.36 (KHTML, like Gecko) Chrome/137.0.0.0 Safari/537.36"
103.148.98.241 - - [06/Jul/2025:23:25:54 +0530] "GET /wp-content/plugins/wp-file-manager/css/jquery-ui.css?ver=8.0.2 HTTP/2" 200 8139 "https://ajio.lat/wp-admin/admin.php?page=wp_file_manager" "Mozilla/5.0 (Windows NT 10.0; Win64; x64) AppleWebKit/537.36 (KHTML, like Gecko) Chrome/137.0.0.0 Safari/537.36"
103.148.98.241 - - [06/Jul/2025:23:25:54 +0530] "GET /wp-content/plugins/wp-file-manager/lib/css/commands.css?ver=8.0.2 HTTP/2" 200 3374 "https://ajio.lat/wp-admin/admin.php?page=wp_file_manager" "Mozilla/5.0 (Windows NT 10.0; Win64; x64) AppleWebKit/537.36 (KHTML, like Gecko) Chrome/137.0.0.0 Safari/537.36"
103.148.98.241 - - [06/Jul/2025:23:25:54 +0530] "GET /wp-content/plugins/wp-file-manager/lib/css/common.css?ver=8.0.2 HTTP/2" 200 1913 "https://ajio.lat/wp-admin/admin.php?page=wp_file_manager" "Mozilla/5.0 (Windows NT 10.0; Win64; x64) AppleWebKit/537.36 (KHTML, like Gecko) Chrome/137.0.0.0 Safari/537.36"
103.148.98.241 - - [06/Jul/2025:23:25:54 +0530] "GET /wp-content/plugins/wp-file-manager/lib/css/contextmenu.css?ver=8.0.2 HTTP/2" 200 1034 "https://ajio.lat/wp-admin/admin.php?page=wp_file_manager" "Mozilla/5.0 (Windows NT 10.0; Win64; x64) AppleWebKit/537.36 (KHTML, like Gecko) Chrome/137.0.0.0 Safari/537.36"
103.148.98.241 - - [06/Jul/2025:23:25:54 +0530] "GET /wp-content/plugins/wp-file-manager/lib/css/cwd.css?ver=8.0.2 HTTP/2" 200 4682 "https://ajio.lat/wp-admin/admin.php?page=wp_file_manager" "Mozilla/5.0 (Windows NT 10.0; Win64; x64) AppleWebKit/537.36 (KHTML, like Gecko) Chrome/137.0.0.0 Safari/537.36"
103.148.98.241 - - [06/Jul/2025:23:25:54 +0530] "GET /wp-content/plugins/wp-file-manager/lib/css/dialog.css?ver=8.0.2 HTTP/2" 200 2887 "https://ajio.lat/wp-admin/admin.php?page=wp_file_manager" "Mozilla/5.0 (Windows NT 10.0; Win64; x64) AppleWebKit/537.36 (KHTML, like Gecko) Chrome/137.0.0.0 Safari/537.36"
103.148.98.241 - - [06/Jul/2025:23:25:55 +0530] "GET /wp-content/plugins/wp-file-manager/lib/css/fonts.css?ver=8.0.2 HTTP/2" 200 371 "https://ajio.lat/wp-admin/admin.php?page=wp_file_manager" "Mozilla/5.0 (Windows NT 10.0; Win64; x64) AppleWebKit/537.36 (KHTML, like Gecko) Chrome/137.0.0.0 Safari/537.36"
103.148.98.241 - - [06/Jul/2025:23:25:55 +0530] "GET /wp-content/plugins/wp-file-manager/lib/css/navbar.css?ver=8.0.2 HTTP/2" 200 1549 "https://ajio.lat/wp-admin/admin.php?page=wp_file_manager" "Mozilla/5.0 (Windows NT 10.0; Win64; x64) AppleWebKit/537.36 (KHTML, like Gecko) Chrome/137.0.0.0 Safari/537.36"
103.148.98.241 - - [06/Jul/2025:23:25:55 +0530] "GET /wp-content/plugins/wp-file-manager/lib/css/places.css?ver=8.0.2 HTTP/2" 200 214 "https://ajio.lat/wp-admin/admin.php?page=wp_file_manager" "Mozilla/5.0 (Windows NT 10.0; Win64; x64) AppleWebKit/537.36 (KHTML, like Gecko) Chrome/137.0.0.0 Safari/537.36"
103.148.98.241 - - [06/Jul/2025:23:25:55 +0530] "GET /wp-content/plugins/wp-file-manager/lib/css/quicklook.css?ver=8.0.2 HTTP/2" 200 2141 "https://ajio.lat/wp-admin/admin.php?page=wp_file_manager" "Mozilla/5.0 (Windows NT 10.0; Win64; x64) AppleWebKit/537.36 (KHTML, like Gecko) Chrome/137.0.0.0 Safari/537.36"
103.148.98.241 - - [06/Jul/2025:23:25:55 +0530] "GET /wp-content/plugins/wp-file-manager/lib/css/statusbar.css?ver=8.0.2 HTTP/2" 200 717 "https://ajio.lat/wp-admin/admin.php?page=wp_file_manager" "Mozilla/5.0 (Windows NT 10.0; Win64; x64) AppleWebKit/537.36 (KHTML, like Gecko) Chrome/137.0.0.0 Safari/537.36"
103.148.98.241 - - [06/Jul/2025:23:25:55 +0530] "GET /wp-content/plugins/wp-file-manager/lib/css/theme.css?ver=8.0.2 HTTP/2" 200 2385 "https://ajio.lat/wp-admin/admin.php?page=wp_file_manager" "Mozilla/5.0 (Windows NT 10.0; Win64; x64) AppleWebKit/537.36 (KHTML, like Gecko) Chrome/137.0.0.0 Safari/537.36"
103.148.98.241 - - [06/Jul/2025:23:25:55 +0530] "GET /wp-content/plugins/wp-file-manager/lib/css/toast.css?ver=8.0.2 HTTP/2" 200 2525 "https://ajio.lat/wp-admin/admin.php?page=wp_file_manager" "Mozilla/5.0 (Windows NT 10.0; Win64; x64) AppleWebKit/537.36 (KHTML, like Gecko) Chrome/137.0.0.0 Safari/537.36"
103.148.98.241 - - [06/Jul/2025:23:25:55 +0530] "GET /wp-content/plugins/wp-file-manager/lib/css/toolbar.css?ver=8.0.2 HTTP/2" 200 2381 "https://ajio.lat/wp-admin/admin.php?page=wp_file_manager" "Mozilla/5.0 (Windows NT 10.0; Win64; x64) AppleWebKit/537.36 (KHTML, like Gecko) Chrome/137.0.0.0 Safari/537.36"
103.148.98.241 - - [06/Jul/2025:23:25:55 +0530] "GET /wp-content/plugins/wp-file-manager/lib/codemirror/lib/codemirror.css?ver=8.0.2 HTTP/2" 200 2361 "https://ajio.lat/wp-admin/admin.php?page=wp_file_manager" "Mozilla/5.0 (Windows NT 10.0; Win64; x64) AppleWebKit/537.36 (KHTML, like Gecko) Chrome/137.0.0.0 Safari/537.36"
103.148.98.241 - - [06/Jul/2025:23:25:55 +0530] "GET /wp-content/plugins/wp-file-manager/lib/codemirror/theme/3024-day.css?ver=8.0.2 HTTP/2" 200 513 "https://ajio.lat/wp-admin/admin.php?page=wp_file_manager" "Mozilla/5.0 (Windows NT 10.0; Win64; x64) AppleWebKit/537.36 (KHTML, like Gecko) Chrome/137.0.0.0 Safari/537.36"
103.148.98.241 - - [06/Jul/2025:23:25:55 +0530] "GET /wp-content/plugins/wp-file-manager/css/fm_common.css?ver=6.8.1 HTTP/2" 200 153 "https://ajio.lat/wp-admin/admin.php?page=wp_file_manager" "Mozilla/5.0 (Windows NT 10.0; Win64; x64) AppleWebKit/537.36 (KHTML, like Gecko) Chrome/137.0.0.0 Safari/537.36"
103.148.98.241 - - [06/Jul/2025:23:25:54 +0530] "GET /wp-admin/load-styles.php?c=1&dir=ltr&load%5Bchunk_0%5D=dashicons,admin-bar,common,forms,admin-menu,dashboard,list-tables,edit,revisions,media,themes,about,nav-menus,wp-pointer,widgets&load%5Bchunk_1%5D=,site-icon,l10n,buttons,wp-auth-check&ver=6.8.1 HTTP/2" 200 104232 "https://ajio.lat/wp-admin/admin.php?page=wp_file_manager" "Mozilla/5.0 (Windows NT 10.0; Win64; x64) AppleWebKit/537.36 (KHTML, like Gecko) Chrome/137.0.0.0 Safari/537.36"
103.148.98.241 - - [06/Jul/2025:23:25:54 +0530] "GET /wp-content/plugins/wp-file-manager/js/top.js?ver=8.0.2 HTTP/2" 200 207 "https://ajio.lat/wp-admin/admin.php?page=wp_file_manager" "Mozilla/5.0 (Windows NT 10.0; Win64; x64) AppleWebKit/537.36 (KHTML, like Gecko) Chrome/137.0.0.0 Safari/537.36"
103.148.98.241 - - [06/Jul/2025:23:25:56 +0530] "GET /wp-content/plugins/wp-file-manager/lib/js/elFinder.version.js?ver=8.0.2 HTTP/2" 200 91 "https://ajio.lat/wp-admin/admin.php?page=wp_file_manager" "Mozilla/5.0 (Windows NT 10.0; Win64; x64) AppleWebKit/537.36 (KHTML, like Gecko) Chrome/137.0.0.0 Safari/537.36"
103.148.98.241 - - [06/Jul/2025:23:25:56 +0530] "GET /wp-content/plugins/wp-file-manager/lib/js/jquery.elfinder.js?ver=8.0.2 HTTP/2" 200 3399 "https://ajio.lat/wp-admin/admin.php?page=wp_file_manager" "Mozilla/5.0 (Windows NT 10.0; Win64; x64) AppleWebKit/537.36 (KHTML, like Gecko) Chrome/137.0.0.0 Safari/537.36"
103.148.98.241 - - [06/Jul/2025:23:25:56 +0530] "GET /wp-content/plugins/wp-file-manager/lib/js/elFinder.mimetypes.js?ver=8.0.2 HTTP/2" 200 6988 "https://ajio.lat/wp-admin/admin.php?page=wp_file_manager" "Mozilla/5.0 (Windows NT 10.0; Win64; x64) AppleWebKit/537.36 (KHTML, like Gecko) Chrome/137.0.0.0 Safari/537.36"
103.148.98.241 - - [06/Jul/2025:23:25:56 +0530] "GET /wp-content/plugins/wp-file-manager/lib/js/elFinder.options.js?ver=8.0.2 HTTP/2" 200 12451 "https://ajio.lat/wp-admin/admin.php?page=wp_file_manager" "Mozilla/5.0 (Windows NT 10.0; Win64; x64) AppleWebKit/537.36 (KHTML, like Gecko) Chrome/137.0.0.0 Safari/537.36"
103.148.98.241 - - [06/Jul/2025:23:25:56 +0530] "GET /wp-content/plugins/wp-file-manager/lib/js/elFinder.options.netmount.js?ver=8.0.2 HTTP/2" 200 485 "https://ajio.lat/wp-admin/admin.php?page=wp_file_manager" "Mozilla/5.0 (Windows NT 10.0; Win64; x64) AppleWebKit/537.36 (KHTML, like Gecko) Chrome/137.0.0.0 Safari/537.36"
103.148.98.241 - - [06/Jul/2025:23:25:56 +0530] "GET /wp-content/plugins/wp-file-manager/lib/js/elFinder.history.js?ver=8.0.2 HTTP/2" 200 902 "https://ajio.lat/wp-admin/admin.php?page=wp_file_manager" "Mozilla/5.0 (Windows NT 10.0; Win64; x64) AppleWebKit/537.36 (KHTML, like Gecko) Chrome/137.0.0.0 Safari/537.36"
103.148.98.241 - - [06/Jul/2025:23:25:56 +0530] "GET /wp-content/plugins/wp-file-manager/lib/js/elFinder.command.js?ver=8.0.2 HTTP/2" 200 2360 "https://ajio.lat/wp-admin/admin.php?page=wp_file_manager" "Mozilla/5.0 (Windows NT 10.0; Win64; x64) AppleWebKit/537.36 (KHTML, like Gecko) Chrome/137.0.0.0 Safari/537.36"
103.148.98.241 - - [06/Jul/2025:23:25:56 +0530] "GET /wp-content/plugins/wp-file-manager/lib/js/elFinder.resources.js?ver=8.0.2 HTTP/2" 200 3990 "https://ajio.lat/wp-admin/admin.php?page=wp_file_manager" "Mozilla/5.0 (Windows NT 10.0; Win64; x64) AppleWebKit/537.36 (KHTML, like Gecko) Chrome/137.0.0.0 Safari/537.36"
103.148.98.241 - - [06/Jul/2025:23:25:56 +0530] "GET /wp-content/plugins/wp-file-manager/lib/js/jquery.dialogelfinder.js?ver=8.0.2 HTTP/2" 200 1126 "https://ajio.lat/wp-admin/admin.php?page=wp_file_manager" "Mozilla/5.0 (Windows NT 10.0; Win64; x64) AppleWebKit/537.36 (KHTML, like Gecko) Chrome/137.0.0.0 Safari/537.36"
103.148.98.241 - - [06/Jul/2025:23:25:56 +0530] "GET /wp-content/plugins/wp-file-manager/lib/js/i18n/elfinder.en.js?ver=8.0.2 HTTP/2" 200 8603 "https://ajio.lat/wp-admin/admin.php?page=wp_file_manager" "Mozilla/5.0 (Windows NT 10.0; Win64; x64) AppleWebKit/537.36 (KHTML, like Gecko) Chrome/137.0.0.0 Safari/537.36"
103.148.98.241 - - [06/Jul/2025:23:25:56 +0530] "GET /wp-content/plugins/wp-file-manager/lib/js/ui/button.js?ver=8.0.2 HTTP/2" 200 1398 "https://ajio.lat/wp-admin/admin.php?page=wp_file_manager" "Mozilla/5.0 (Windows NT 10.0; Win64; x64) AppleWebKit/537.36 (KHTML, like Gecko) Chrome/137.0.0.0 Safari/537.36"
103.148.98.241 - - [06/Jul/2025:23:25:56 +0530] "GET /wp-content/plugins/wp-file-manager/lib/js/ui/contextmenu.js?ver=8.0.2 HTTP/2" 200 5577 "https://ajio.lat/wp-admin/admin.php?page=wp_file_manager" "Mozilla/5.0 (Windows NT 10.0; Win64; x64) AppleWebKit/537.36 (KHTML, like Gecko) Chrome/137.0.0.0 Safari/537.36"
103.148.98.241 - - [06/Jul/2025:23:25:58 +0530] "GET /wp-content/plugins/wp-file-manager/lib/js/ui/dialog.js?ver=8.0.2 HTTP/2" 200 6694 "https://ajio.lat/wp-admin/admin.php?page=wp_file_manager" "Mozilla/5.0 (Windows NT 10.0; Win64; x64) AppleWebKit/537.36 (KHTML, like Gecko) Chrome/137.0.0.0 Safari/537.36"
103.148.98.241 - - [06/Jul/2025:23:25:58 +0530] "GET /wp-content/plugins/wp-file-manager/lib/js/ui/fullscreenbutton.js?ver=8.0.2 HTTP/2" 200 284 "https://ajio.lat/wp-admin/admin.php?page=wp_file_manager" "Mozilla/5.0 (Windows NT 10.0; Win64; x64) AppleWebKit/537.36 (KHTML, like Gecko) Chrome/137.0.0.0 Safari/537.36"
103.148.98.241 - - [06/Jul/2025:23:25:58 +0530] "GET /wp-content/plugins/wp-file-manager/lib/js/ui/navbar.js?ver=8.0.2 HTTP/2" 200 1761 "https://ajio.lat/wp-admin/admin.php?page=wp_file_manager" "Mozilla/5.0 (Windows NT 10.0; Win64; x64) AppleWebKit/537.36 (KHTML, like Gecko) Chrome/137.0.0.0 Safari/537.36"
103.148.98.241 - - [06/Jul/2025:23:25:58 +0530] "GET /wp-content/plugins/wp-file-manager/lib/js/ui/navdock.js?ver=8.0.2 HTTP/2" 200 1439 "https://ajio.lat/wp-admin/admin.php?page=wp_file_manager" "Mozilla/5.0 (Windows NT 10.0; Win64; x64) AppleWebKit/537.36 (KHTML, like Gecko) Chrome/137.0.0.0 Safari/537.36"
103.148.98.241 - - [06/Jul/2025:23:25:58 +0530] "GET /wp-content/plugins/wp-file-manager/lib/js/ui/overlay.js?ver=8.0.2 HTTP/2" 200 395 "https://ajio.lat/wp-admin/admin.php?page=wp_file_manager" "Mozilla/5.0 (Windows NT 10.0; Win64; x64) AppleWebKit/537.36 (KHTML, like Gecko) Chrome/137.0.0.0 Safari/537.36"
103.148.98.241 - - [06/Jul/2025:23:25:58 +0530] "GET /wp-content/plugins/wp-file-manager/lib/js/ui/panel.js?ver=8.0.2 HTTP/2" 200 261 "https://ajio.lat/wp-admin/admin.php?page=wp_file_manager" "Mozilla/5.0 (Windows NT 10.0; Win64; x64) AppleWebKit/537.36 (KHTML, like Gecko) Chrome/137.0.0.0 Safari/537.36"
103.148.98.241 - - [06/Jul/2025:23:25:58 +0530] "GET /wp-content/plugins/wp-file-manager/lib/js/ui/path.js?ver=8.0.2 HTTP/2" 200 1813 "https://ajio.lat/wp-admin/admin.php?page=wp_file_manager" "Mozilla/5.0 (Windows NT 10.0; Win64; x64) AppleWebKit/537.36 (KHTML, like Gecko) Chrome/137.0.0.0 Safari/537.36"
103.148.98.241 - - [06/Jul/2025:23:25:58 +0530] "GET /wp-content/plugins/wp-file-manager/lib/js/ui/searchbutton.js?ver=8.0.2 HTTP/2" 200 2850 "https://ajio.lat/wp-admin/admin.php?page=wp_file_manager" "Mozilla/5.0 (Windows NT 10.0; Win64; x64) AppleWebKit/537.36 (KHTML, like Gecko) Chrome/137.0.0.0 Safari/537.36"
103.148.98.241 - - [06/Jul/2025:23:25:58 +0530] "GET /wp-content/plugins/wp-file-manager/lib/js/ui/sortbutton.js?ver=8.0.2 HTTP/2" 200 1208 "https://ajio.lat/wp-admin/admin.php?page=wp_file_manager" "Mozilla/5.0 (Windows NT 10.0; Win64; x64) AppleWebKit/537.36 (KHTML, like Gecko) Chrome/137.0.0.0 Safari/537.36"
103.148.98.241 - - [06/Jul/2025:23:25:58 +0530] "GET /wp-content/plugins/wp-file-manager/lib/js/ui/stat.js?ver=8.0.2 HTTP/2" 200 1170 "https://ajio.lat/wp-admin/admin.php?page=wp_file_manager" "Mozilla/5.0 (Windows NT 10.0; Win64; x64) AppleWebKit/537.36 (KHTML, like Gecko) Chrome/137.0.0.0 Safari/537.36"
103.148.98.241 - - [06/Jul/2025:23:25:58 +0530] "GET /wp-content/plugins/wp-file-manager/lib/js/ui/toast.js?ver=8.0.2 HTTP/2" 200 989 "https://ajio.lat/wp-admin/admin.php?page=wp_file_manager" "Mozilla/5.0 (Windows NT 10.0; Win64; x64) AppleWebKit/537.36 (KHTML, like Gecko) Chrome/137.0.0.0 Safari/537.36"
103.148.98.241 - - [06/Jul/2025:23:25:58 +0530] "GET /wp-content/plugins/wp-file-manager/lib/js/ui/toolbar.js?ver=8.0.2 HTTP/2" 200 2851 "https://ajio.lat/wp-admin/admin.php?page=wp_file_manager" "Mozilla/5.0 (Windows NT 10.0; Win64; x64) AppleWebKit/537.36 (KHTML, like Gecko) Chrome/137.0.0.0 Safari/537.36"
103.148.98.241 - - [06/Jul/2025:23:25:58 +0530] "GET /wp-content/plugins/wp-file-manager/lib/js/ui/tree.js?ver=8.0.2 HTTP/2" 200 10244 "https://ajio.lat/wp-admin/admin.php?page=wp_file_manager" "Mozilla/5.0 (Windows NT 10.0; Win64; x64) AppleWebKit/537.36 (KHTML, like Gecko) Chrome/137.0.0.0 Safari/537.36"
103.148.98.241 - - [06/Jul/2025:23:25:58 +0530] "GET /wp-content/plugins/wp-file-manager/lib/js/ui/uploadButton.js?ver=8.0.2 HTTP/2" 200 492 "https://ajio.lat/wp-admin/admin.php?page=wp_file_manager" "Mozilla/5.0 (Windows NT 10.0; Win64; x64) AppleWebKit/537.36 (KHTML, like Gecko) Chrome/137.0.0.0 Safari/537.36"
103.148.98.241 - - [06/Jul/2025:23:25:58 +0530] "GET /wp-content/plugins/wp-file-manager/lib/js/ui/viewbutton.js?ver=8.0.2 HTTP/2" 200 343 "https://ajio.lat/wp-admin/admin.php?page=wp_file_manager" "Mozilla/5.0 (Windows NT 10.0; Win64; x64) AppleWebKit/537.36 (KHTML, like Gecko) Chrome/137.0.0.0 Safari/537.36"
103.148.98.241 - - [06/Jul/2025:23:25:58 +0530] "GET /wp-content/plugins/wp-file-manager/lib/js/ui/workzone.js?ver=8.0.2 HTTP/2" 200 580 "https://ajio.lat/wp-admin/admin.php?page=wp_file_manager" "Mozilla/5.0 (Windows NT 10.0; Win64; x64) AppleWebKit/537.36 (KHTML, like Gecko) Chrome/137.0.0.0 Safari/537.36"
103.148.98.241 - - [06/Jul/2025:23:25:58 +0530] "GET /wp-content/plugins/wp-file-manager/lib/js/commands/archive.js?ver=8.0.2 HTTP/2" 200 1013 "https://ajio.lat/wp-admin/admin.php?page=wp_file_manager" "Mozilla/5.0 (Windows NT 10.0; Win64; x64) AppleWebKit/537.36 (KHTML, like Gecko) Chrome/137.0.0.0 Safari/537.36"
103.148.98.241 - - [06/Jul/2025:23:25:58 +0530] "GET /wp-content/plugins/wp-file-manager/lib/js/commands/back.js?ver=8.0.2 HTTP/2" 200 279 "https://ajio.lat/wp-admin/admin.php?page=wp_file_manager" "Mozilla/5.0 (Windows NT 10.0; Win64; x64) AppleWebKit/537.36 (KHTML, like Gecko) Chrome/137.0.0.0 Safari/537.36"
103.148.98.241 - - [06/Jul/2025:23:25:58 +0530] "GET /wp-content/plugins/wp-file-manager/lib/js/commands/chmod.js?ver=8.0.2 HTTP/2" 200 2839 "https://ajio.lat/wp-admin/admin.php?page=wp_file_manager" "Mozilla/5.0 (Windows NT 10.0; Win64; x64) AppleWebKit/537.36 (KHTML, like Gecko) Chrome/137.0.0.0 Safari/537.36"
103.148.98.241 - - [06/Jul/2025:23:25:58 +0530] "GET /wp-content/plugins/wp-file-manager/lib/js/commands/colwidth.js?ver=8.0.2 HTTP/2" 200 255 "https://ajio.lat/wp-admin/admin.php?page=wp_file_manager" "Mozilla/5.0 (Windows NT 10.0; Win64; x64) AppleWebKit/537.36 (KHTML, like Gecko) Chrome/137.0.0.0 Safari/537.36"
103.148.98.241 - - [06/Jul/2025:23:25:58 +0530] "GET /wp-content/plugins/wp-file-manager/lib/js/commands/copy.js?ver=8.0.2 HTTP/2" 200 465 "https://ajio.lat/wp-admin/admin.php?page=wp_file_manager" "Mozilla/5.0 (Windows NT 10.0; Win64; x64) AppleWebKit/537.36 (KHTML, like Gecko) Chrome/137.0.0.0 Safari/537.36"
103.148.98.241 - - [06/Jul/2025:23:25:58 +0530] "GET /wp-content/plugins/wp-file-manager/lib/js/commands/cut.js?ver=8.0.2 HTTP/2" 200 508 "https://ajio.lat/wp-admin/admin.php?page=wp_file_manager" "Mozilla/5.0 (Windows NT 10.0; Win64; x64) AppleWebKit/537.36 (KHTML, like Gecko) Chrome/137.0.0.0 Safari/537.36"
103.148.98.241 - - [06/Jul/2025:23:25:58 +0530] "GET /wp-content/plugins/wp-file-manager/lib/js/commands/download.js?ver=8.0.2 HTTP/2" 200 4430 "https://ajio.lat/wp-admin/admin.php?page=wp_file_manager" "Mozilla/5.0 (Windows NT 10.0; Win64; x64) AppleWebKit/537.36 (KHTML, like Gecko) Chrome/137.0.0.0 Safari/537.36"
103.148.98.241 - - [06/Jul/2025:23:25:58 +0530] "GET /wp-content/plugins/wp-file-manager/lib/js/commands/duplicate.js?ver=8.0.2 HTTP/2" 200 622 "https://ajio.lat/wp-admin/admin.php?page=wp_file_manager" "Mozilla/5.0 (Windows NT 10.0; Win64; x64) AppleWebKit/537.36 (KHTML, like Gecko) Chrome/137.0.0.0 Safari/537.36"
103.148.98.241 - - [06/Jul/2025:23:25:58 +0530] "GET /wp-content/plugins/wp-file-manager/lib/js/commands/edit.js?ver=8.0.2 HTTP/2" 200 9192 "https://ajio.lat/wp-admin/admin.php?page=wp_file_manager" "Mozilla/5.0 (Windows NT 10.0; Win64; x64) AppleWebKit/537.36 (KHTML, like Gecko) Chrome/137.0.0.0 Safari/537.36"
103.148.98.241 - - [06/Jul/2025:23:25:58 +0530] "GET /wp-content/plugins/wp-file-manager/lib/js/commands/empty.js?ver=8.0.2 HTTP/2" 200 1268 "https://ajio.lat/wp-admin/admin.php?page=wp_file_manager" "Mozilla/5.0 (Windows NT 10.0; Win64; x64) AppleWebKit/537.36 (KHTML, like Gecko) Chrome/137.0.0.0 Safari/537.36"
103.148.98.241 - - [06/Jul/2025:23:25:58 +0530] "GET /wp-content/plugins/wp-file-manager/lib/js/commands/extract.js?ver=8.0.2 HTTP/2" 200 1603 "https://ajio.lat/wp-admin/admin.php?page=wp_file_manager" "Mozilla/5.0 (Windows NT 10.0; Win64; x64) AppleWebKit/537.36 (KHTML, like Gecko) Chrome/137.0.0.0 Safari/537.36"
103.148.98.241 - - [06/Jul/2025:23:25:58 +0530] "GET /wp-content/plugins/wp-file-manager/lib/js/commands/forward.js?ver=8.0.2 HTTP/2" 200 269 "https://ajio.lat/wp-admin/admin.php?page=wp_file_manager" "Mozilla/5.0 (Windows NT 10.0; Win64; x64) AppleWebKit/537.36 (KHTML, like Gecko) Chrome/137.0.0.0 Safari/537.36"
103.148.98.241 - - [06/Jul/2025:23:25:58 +0530] "GET /wp-content/plugins/wp-file-manager/lib/js/commands/fullscreen.js?ver=8.0.2 HTTP/2" 200 455 "https://ajio.lat/wp-admin/admin.php?page=wp_file_manager" "Mozilla/5.0 (Windows NT 10.0; Win64; x64) AppleWebKit/537.36 (KHTML, like Gecko) Chrome/137.0.0.0 Safari/537.36"
103.148.98.241 - - [06/Jul/2025:23:25:58 +0530] "GET /wp-content/plugins/wp-file-manager/lib/js/commands/getfile.js?ver=8.0.2 HTTP/2" 200 1384 "https://ajio.lat/wp-admin/admin.php?page=wp_file_manager" "Mozilla/5.0 (Windows NT 10.0; Win64; x64) AppleWebKit/537.36 (KHTML, like Gecko) Chrome/137.0.0.0 Safari/537.36"
103.148.98.241 - - [06/Jul/2025:23:25:58 +0530] "GET /wp-content/plugins/wp-file-manager/lib/js/commands/help.js?ver=8.0.2 HTTP/2" 200 4102 "https://ajio.lat/wp-admin/admin.php?page=wp_file_manager" "Mozilla/5.0 (Windows NT 10.0; Win64; x64) AppleWebKit/537.36 (KHTML, like Gecko) Chrome/137.0.0.0 Safari/537.36"
103.148.98.241 - - [06/Jul/2025:23:25:58 +0530] "GET /wp-content/plugins/wp-file-manager/lib/js/commands/hidden.js?ver=8.0.2 HTTP/2" 200 171 "https://ajio.lat/wp-admin/admin.php?page=wp_file_manager" "Mozilla/5.0 (Windows NT 10.0; Win64; x64) AppleWebKit/537.36 (KHTML, like Gecko) Chrome/137.0.0.0 Safari/537.36"
103.148.98.241 - - [06/Jul/2025:23:25:58 +0530] "GET /wp-content/plugins/wp-file-manager/lib/js/commands/hide.js?ver=8.0.2 HTTP/2" 200 1363 "https://ajio.lat/wp-admin/admin.php?page=wp_file_manager" "Mozilla/5.0 (Windows NT 10.0; Win64; x64) AppleWebKit/537.36 (KHTML, like Gecko) Chrome/137.0.0.0 Safari/537.36"
103.148.98.241 - - [06/Jul/2025:23:25:58 +0530] "GET /wp-content/plugins/wp-file-manager/lib/js/commands/home.js?ver=8.0.2 HTTP/2" 200 277 "https://ajio.lat/wp-admin/admin.php?page=wp_file_manager" "Mozilla/5.0 (Windows NT 10.0; Win64; x64) AppleWebKit/537.36 (KHTML, like Gecko) Chrome/137.0.0.0 Safari/537.36"
103.148.98.241 - - [06/Jul/2025:23:25:58 +0530] "GET /wp-content/plugins/wp-file-manager/lib/js/commands/info.js?ver=8.0.2 HTTP/2" 200 3958 "https://ajio.lat/wp-admin/admin.php?page=wp_file_manager" "Mozilla/5.0 (Windows NT 10.0; Win64; x64) AppleWebKit/537.36 (KHTML, like Gecko) Chrome/137.0.0.0 Safari/537.36"
103.148.98.241 - - [06/Jul/2025:23:25:58 +0530] "GET /wp-content/plugins/wp-file-manager/lib/js/commands/mkdir.js?ver=8.0.2 HTTP/2" 200 964 "https://ajio.lat/wp-admin/admin.php?page=wp_file_manager" "Mozilla/5.0 (Windows NT 10.0; Win64; x64) AppleWebKit/537.36 (KHTML, like Gecko) Chrome/137.0.0.0 Safari/537.36"
103.148.98.241 - - [06/Jul/2025:23:25:58 +0530] "GET /wp-content/plugins/wp-file-manager/lib/js/commands/mkfile.js?ver=8.0.2 HTTP/2" 200 675 "https://ajio.lat/wp-admin/admin.php?page=wp_file_manager" "Mozilla/5.0 (Windows NT 10.0; Win64; x64) AppleWebKit/537.36 (KHTML, like Gecko) Chrome/137.0.0.0 Safari/537.36"
103.148.98.241 - - [06/Jul/2025:23:25:58 +0530] "GET /wp-content/plugins/wp-file-manager/lib/js/commands/netmount.js?ver=8.0.2 HTTP/2" 200 2971 "https://ajio.lat/wp-admin/admin.php?page=wp_file_manager" "Mozilla/5.0 (Windows NT 10.0; Win64; x64) AppleWebKit/537.36 (KHTML, like Gecko) Chrome/137.0.0.0 Safari/537.36"
103.148.98.241 - - [06/Jul/2025:23:25:58 +0530] "GET /wp-content/plugins/wp-file-manager/lib/js/commands/open.js?ver=8.0.2 HTTP/2" 200 2503 "https://ajio.lat/wp-admin/admin.php?page=wp_file_manager" "Mozilla/5.0 (Windows NT 10.0; Win64; x64) AppleWebKit/537.36 (KHTML, like Gecko) Chrome/137.0.0.0 Safari/537.36"
103.148.98.241 - - [06/Jul/2025:23:25:58 +0530] "GET /wp-content/plugins/wp-file-manager/lib/js/commands/opendir.js?ver=8.0.2 HTTP/2" 200 442 "https://ajio.lat/wp-admin/admin.php?page=wp_file_manager" "Mozilla/5.0 (Windows NT 10.0; Win64; x64) AppleWebKit/537.36 (KHTML, like Gecko) Chrome/137.0.0.0 Safari/537.36"
103.148.98.241 - - [06/Jul/2025:23:25:58 +0530] "GET /wp-content/plugins/wp-file-manager/lib/js/commands/opennew.js?ver=8.0.2 HTTP/2" 200 552 "https://ajio.lat/wp-admin/admin.php?page=wp_file_manager" "Mozilla/5.0 (Windows NT 10.0; Win64; x64) AppleWebKit/537.36 (KHTML, like Gecko) Chrome/137.0.0.0 Safari/537.36"
103.148.98.241 - - [06/Jul/2025:23:25:58 +0530] "GET /wp-content/plugins/wp-file-manager/lib/js/commands/paste.js?ver=8.0.2 HTTP/2" 200 2967 "https://ajio.lat/wp-admin/admin.php?page=wp_file_manager" "Mozilla/5.0 (Windows NT 10.0; Win64; x64) AppleWebKit/537.36 (KHTML, like Gecko) Chrome/137.0.0.0 Safari/537.36"
103.148.98.241 - - [06/Jul/2025:23:25:58 +0530] "GET /wp-content/plugins/wp-file-manager/lib/js/commands/places.js?ver=8.0.2 HTTP/2" 200 376 "https://ajio.lat/wp-admin/admin.php?page=wp_file_manager" "Mozilla/5.0 (Windows NT 10.0; Win64; x64) AppleWebKit/537.36 (KHTML, like Gecko) Chrome/137.0.0.0 Safari/537.36"
103.148.98.241 - - [06/Jul/2025:23:25:58 +0530] "GET /wp-content/plugins/wp-file-manager/lib/js/commands/quicklook.js?ver=8.0.2 HTTP/2" 200 6782 "https://ajio.lat/wp-admin/admin.php?page=wp_file_manager" "Mozilla/5.0 (Windows NT 10.0; Win64; x64) AppleWebKit/537.36 (KHTML, like Gecko) Chrome/137.0.0.0 Safari/537.36"
103.148.98.241 - - [06/Jul/2025:23:25:59 +0530] "GET /wp-content/plugins/wp-file-manager/lib/js/commands/quicklook.plugins.js?ver=8.0.2 HTTP/2" 200 11193 "https://ajio.lat/wp-admin/admin.php?page=wp_file_manager" "Mozilla/5.0 (Windows NT 10.0; Win64; x64) AppleWebKit/537.36 (KHTML, like Gecko) Chrome/137.0.0.0 Safari/537.36"
103.148.98.241 - - [06/Jul/2025:23:25:59 +0530] "GET /wp-content/plugins/wp-file-manager/lib/js/commands/reload.js?ver=8.0.2 HTTP/2" 200 784 "https://ajio.lat/wp-admin/admin.php?page=wp_file_manager" "Mozilla/5.0 (Windows NT 10.0; Win64; x64) AppleWebKit/537.36 (KHTML, like Gecko) Chrome/137.0.0.0 Safari/537.36"
103.148.98.241 - - [06/Jul/2025:23:25:59 +0530] "GET /wp-content/plugins/wp-file-manager/lib/js/commands/rename.js?ver=8.0.2 HTTP/2" 200 4718 "https://ajio.lat/wp-admin/admin.php?page=wp_file_manager" "Mozilla/5.0 (Windows NT 10.0; Win64; x64) AppleWebKit/537.36 (KHTML, like Gecko) Chrome/137.0.0.0 Safari/537.36"
103.148.98.241 - - [06/Jul/2025:23:25:59 +0530] "GET /wp-content/plugins/wp-file-manager/lib/js/commands/resize.js?ver=8.0.2 HTTP/2" 200 13062 "https://ajio.lat/wp-admin/admin.php?page=wp_file_manager" "Mozilla/5.0 (Windows NT 10.0; Win64; x64) AppleWebKit/537.36 (KHTML, like Gecko) Chrome/137.0.0.0 Safari/537.36"
103.148.98.241 - - [06/Jul/2025:23:25:59 +0530] "GET /wp-content/plugins/wp-file-manager/lib/js/commands/restore.js?ver=8.0.2 HTTP/2" 200 2253 "https://ajio.lat/wp-admin/admin.php?page=wp_file_manager" "Mozilla/5.0 (Windows NT 10.0; Win64; x64) AppleWebKit/537.36 (KHTML, like Gecko) Chrome/137.0.0.0 Safari/537.36"
103.148.98.241 - - [06/Jul/2025:23:25:59 +0530] "GET /wp-content/plugins/wp-file-manager/lib/js/commands/rm.js?ver=8.0.2 HTTP/2" 200 4333 "https://ajio.lat/wp-admin/admin.php?page=wp_file_manager" "Mozilla/5.0 (Windows NT 10.0; Win64; x64) AppleWebKit/537.36 (KHTML, like Gecko) Chrome/137.0.0.0 Safari/537.36"
103.148.98.241 - - [06/Jul/2025:23:25:59 +0530] "GET /wp-content/plugins/wp-file-manager/lib/js/commands/search.js?ver=8.0.2 HTTP/2" 200 1373 "https://ajio.lat/wp-admin/admin.php?page=wp_file_manager" "Mozilla/5.0 (Windows NT 10.0; Win64; x64) AppleWebKit/537.36 (KHTML, like Gecko) Chrome/137.0.0.0 Safari/537.36"
103.148.98.241 - - [06/Jul/2025:23:25:59 +0530] "GET /wp-content/plugins/wp-file-manager/lib/js/commands/selectall.js?ver=8.0.2 HTTP/2" 200 307 "https://ajio.lat/wp-admin/admin.php?page=wp_file_manager" "Mozilla/5.0 (Windows NT 10.0; Win64; x64) AppleWebKit/537.36 (KHTML, like Gecko) Chrome/137.0.0.0 Safari/537.36"
103.148.98.241 - - [06/Jul/2025:23:25:59 +0530] "GET /wp-content/plugins/wp-file-manager/lib/js/commands/selectinvert.js?ver=8.0.2 HTTP/2" 200 253 "https://ajio.lat/wp-admin/admin.php?page=wp_file_manager" "Mozilla/5.0 (Windows NT 10.0; Win64; x64) AppleWebKit/537.36 (KHTML, like Gecko) Chrome/137.0.0.0 Safari/537.36"
103.148.98.241 - - [06/Jul/2025:23:25:59 +0530] "GET /wp-content/plugins/wp-file-manager/lib/js/commands/selectnone.js?ver=8.0.2 HTTP/2" 200 281 "https://ajio.lat/wp-admin/admin.php?page=wp_file_manager" "Mozilla/5.0 (Windows NT 10.0; Win64; x64) AppleWebKit/537.36 (KHTML, like Gecko) Chrome/137.0.0.0 Safari/537.36"
103.148.98.241 - - [06/Jul/2025:23:25:59 +0530] "GET /wp-content/plugins/wp-file-manager/lib/js/commands/sort.js?ver=8.0.2 HTTP/2" 200 1427 "https://ajio.lat/wp-admin/admin.php?page=wp_file_manager" "Mozilla/5.0 (Windows NT 10.0; Win64; x64) AppleWebKit/537.36 (KHTML, like Gecko) Chrome/137.0.0.0 Safari/537.36"
103.148.98.241 - - [06/Jul/2025:23:25:59 +0530] "GET /wp-content/plugins/wp-file-manager/lib/js/commands/undo.js?ver=8.0.2 HTTP/2" 200 945 "https://ajio.lat/wp-admin/admin.php?page=wp_file_manager" "Mozilla/5.0 (Windows NT 10.0; Win64; x64) AppleWebKit/537.36 (KHTML, like Gecko) Chrome/137.0.0.0 Safari/537.36"
103.148.98.241 - - [06/Jul/2025:23:25:59 +0530] "GET /wp-content/plugins/wp-file-manager/lib/js/commands/up.js?ver=8.0.2 HTTP/2" 200 358 "https://ajio.lat/wp-admin/admin.php?page=wp_file_manager" "Mozilla/5.0 (Windows NT 10.0; Win64; x64) AppleWebKit/537.36 (KHTML, like Gecko) Chrome/137.0.0.0 Safari/537.36"
103.148.98.241 - - [06/Jul/2025:23:25:59 +0530] "GET /wp-content/plugins/wp-file-manager/lib/js/commands/upload.js?ver=8.0.2 HTTP/2" 200 3679 "https://ajio.lat/wp-admin/admin.php?page=wp_file_manager" "Mozilla/5.0 (Windows NT 10.0; Win64; x64) AppleWebKit/537.36 (KHTML, like Gecko) Chrome/137.0.0.0 Safari/537.36"
103.148.98.241 - - [06/Jul/2025:23:25:59 +0530] "GET /wp-content/plugins/wp-file-manager/lib/js/commands/view.js?ver=8.0.2 HTTP/2" 200 985 "https://ajio.lat/wp-admin/admin.php?page=wp_file_manager" "Mozilla/5.0 (Windows NT 10.0; Win64; x64) AppleWebKit/537.36 (KHTML, like Gecko) Chrome/137.0.0.0 Safari/537.36"
103.148.98.241 - - [06/Jul/2025:23:25:59 +0530] "GET /wp-content/plugins/wp-file-manager/lib/js/extras/quicklook.googledocs.js?ver=8.0.2 HTTP/2" 200 760 "https://ajio.lat/wp-admin/admin.php?page=wp_file_manager" "Mozilla/5.0 (Windows NT 10.0; Win64; x64) AppleWebKit/537.36 (KHTML, like Gecko) Chrome/137.0.0.0 Safari/537.36"
103.148.98.241 - - [06/Jul/2025:23:26:00 +0530] "GET /wp-content/plugins/wp-file-manager/js/file_manager_free_shortcode_admin.js?ver=7215 HTTP/2" 200 1136 "https://ajio.lat/wp-admin/admin.php?page=wp_file_manager" "Mozilla/5.0 (Windows NT 10.0; Win64; x64) AppleWebKit/537.36 (KHTML, like Gecko) Chrome/137.0.0.0 Safari/537.36"
103.148.98.241 - - [06/Jul/2025:23:25:56 +0530] "GET /wp-content/plugins/wp-file-manager/lib/js/elFinder.js?ver=8.0.2 HTTP/2" 200 75129 "https://ajio.lat/wp-admin/admin.php?page=wp_file_manager" "Mozilla/5.0 (Windows NT 10.0; Win64; x64) AppleWebKit/537.36 (KHTML, like Gecko) Chrome/137.0.0.0 Safari/537.36"
103.148.98.241 - - [06/Jul/2025:23:25:56 +0530] "GET /wp-content/plugins/wp-file-manager/lib/js/ui/cwd.js?ver=8.0.2 HTTP/2" 200 21256 "https://ajio.lat/wp-admin/admin.php?page=wp_file_manager" "Mozilla/5.0 (Windows NT 10.0; Win64; x64) AppleWebKit/537.36 (KHTML, like Gecko) Chrome/137.0.0.0 Safari/537.36"
103.148.98.241 - - [06/Jul/2025:23:25:56 +0530] "GET /wp-content/plugins/wp-file-manager/lib/jquery/jquery-ui-1.13.2.js?ver=6.8.1 HTTP/2" 200 123188 "https://ajio.lat/wp-admin/admin.php?page=wp_file_manager" "Mozilla/5.0 (Windows NT 10.0; Win64; x64) AppleWebKit/537.36 (KHTML, like Gecko) Chrome/137.0.0.0 Safari/537.36"
103.148.98.241 - - [06/Jul/2025:23:25:59 +0530] "GET /wp-content/plugins/wp-file-manager/lib/codemirror/lib/codemirror.js?ver=8.0.2 HTTP/2" 200 93766 "https://ajio.lat/wp-admin/admin.php?page=wp_file_manager" "Mozilla/5.0 (Windows NT 10.0; Win64; x64) AppleWebKit/537.36 (KHTML, like Gecko) Chrome/137.0.0.0 Safari/537.36"
103.148.98.241 - - [06/Jul/2025:23:25:56 +0530] "GET /wp-content/plugins/wp-file-manager/lib/js/elfinder.min.js?ver=8.0.2 HTTP/2" 200 153213 "https://ajio.lat/wp-admin/admin.php?page=wp_file_manager" "Mozilla/5.0 (Windows NT 10.0; Win64; x64) AppleWebKit/537.36 (KHTML, like Gecko) Chrome/137.0.0.0 Safari/537.36"
103.148.98.241 - - [06/Jul/2025:23:26:03 +0530] "GET /wp-content/plugins/wp-file-manager/css/fm_script.css?ver=8.0.2 HTTP/2" 200 2203 "https://ajio.lat/wp-admin/admin.php?page=wp_file_manager" "Mozilla/5.0 (Windows NT 10.0; Win64; x64) AppleWebKit/537.36 (KHTML, like Gecko) Chrome/137.0.0.0 Safari/537.36"
103.148.98.241 - - [06/Jul/2025:23:26:03 +0530] "GET /wp-content/plugins/wp-file-manager/images/loading.gif HTTP/2" 200 92586 "https://ajio.lat/wp-admin/admin.php?page=wp_file_manager" "Mozilla/5.0 (Windows NT 10.0; Win64; x64) AppleWebKit/537.36 (KHTML, like Gecko) Chrome/137.0.0.0 Safari/537.36"
103.148.98.241 - - [06/Jul/2025:23:26:05 +0530] "GET /wp-content/plugins/wp-file-manager/js/fm_script.js?ver=8.0.2 HTTP/2" 200 782 "https://ajio.lat/wp-admin/admin.php?page=wp_file_manager" "Mozilla/5.0 (Windows NT 10.0; Win64; x64) AppleWebKit/537.36 (KHTML, like Gecko) Chrome/137.0.0.0 Safari/537.36"
103.148.98.241 - - [06/Jul/2025:23:26:06 +0530] "GET /wp-includes/js/wp-emoji-release.min.js?ver=6.8.1 HTTP/2" 200 4771 "https://ajio.lat/wp-admin/admin.php?page=wp_file_manager" "Mozilla/5.0 (Windows NT 10.0; Win64; x64) AppleWebKit/537.36 (KHTML, like Gecko) Chrome/137.0.0.0 Safari/537.36"
103.148.98.241 - - [06/Jul/2025:23:26:06 +0530] "GET /wp-content/plugins/wp-file-manager/lib/img/toolbar.png HTTP/2" 200 7506 "https://ajio.lat/wp-content/plugins/wp-file-manager/lib/css/toolbar.css?ver=8.0.2" "Mozilla/5.0 (Windows NT 10.0; Win64; x64) AppleWebKit/537.36 (KHTML, like Gecko) Chrome/137.0.0.0 Safari/537.36"
103.148.98.241 - - [06/Jul/2025:23:26:06 +0530] "GET /wp-content/plugins/wp-file-manager/lib/img/black-close.png HTTP/2" 200 1082 "https://ajio.lat/wp-content/plugins/wp-file-manager/lib/css/toolbar.css?ver=8.0.2" "Mozilla/5.0 (Windows NT 10.0; Win64; x64) AppleWebKit/537.36 (KHTML, like Gecko) Chrome/137.0.0.0 Safari/537.36"
103.148.98.241 - - [06/Jul/2025:23:26:06 +0530] "GET /wp-content/plugins/wp-file-manager/lib/img/black-search.png HTTP/2" 200 1079 "https://ajio.lat/wp-content/plugins/wp-file-manager/lib/css/toolbar.css?ver=8.0.2" "Mozilla/5.0 (Windows NT 10.0; Win64; x64) AppleWebKit/537.36 (KHTML, like Gecko) Chrome/137.0.0.0 Safari/537.36"
103.148.98.241 - - [06/Jul/2025:23:26:06 +0530] "GET /wp-content/plugins/wp-file-manager/lib/img/resize.png HTTP/2" 200 83 "https://ajio.lat/wp-content/plugins/wp-file-manager/lib/css/navbar.css?ver=8.0.2" "Mozilla/5.0 (Windows NT 10.0; Win64; x64) AppleWebKit/537.36 (KHTML, like Gecko) Chrome/137.0.0.0 Safari/537.36"
103.148.98.241 - - [06/Jul/2025:23:26:06 +0530] "GET /wp-content/plugins/wp-file-manager/css/images/ui-icons_444444_256x240.png HTTP/2" 200 7090 "https://ajio.lat/wp-content/plugins/wp-file-manager/css/jquery-ui.css?ver=8.0.2" "Mozilla/5.0 (Windows NT 10.0; Win64; x64) AppleWebKit/537.36 (KHTML, like Gecko) Chrome/137.0.0.0 Safari/537.36"
103.148.98.241 - - [06/Jul/2025:23:26:06 +0530] "GET /wp-admin/admin-ajax.php?action=mk_file_folder_manager&_wpnonce=dd217554e8&networkhref=&cmd=open&target=&init=1&tree=1&_=1751824560082 HTTP/2" 200 1956 "https://ajio.lat/wp-admin/admin.php?page=wp_file_manager" "Mozilla/5.0 (Windows NT 10.0; Win64; x64) AppleWebKit/537.36 (KHTML, like Gecko) Chrome/137.0.0.0 Safari/537.36"
