EVOLUTION-MANAGER
Edit File: ajio.lat.91club.lat
113.192.8.160 - - [05/Jul/2025:17:56:45 +0530] "POST /wp-login.php HTTP/1.1" 302 0 "http://ajio.lat" "Mozilla/5.0 (Macintosh; Intel Mac OS X 10_15_7) AppleWebKit/537.36 (KHTML, like Gecko) Chrome/126.0.0.0 Safari/537.36"
122.180.246.194 - - [05/Jul/2025:18:10:03 +0530] "POST /wp-cron.php?doing_wp_cron=1751719203.5887598991394042968750 HTTP/1.1" 200 0 "-" "WordPress/6.8.1; https://ajio.lat"
185.26.150.103 - - [05/Jul/2025:18:10:04 +0530] "POST /wp-login.php HTTP/1.1" 302 0 "http://ajio.lat" "Mozilla/5.0 (Windows NT 10.0; Win64; x64) AppleWebKit/537.36 (KHTML, like Gecko) Chrome/115.0.5790.102 Safari/537.36"
122.180.246.194 - - [05/Jul/2025:17:56:43 +0530] "POST /wp-cron.php?doing_wp_cron=1751718403.6790790557861328125000 HTTP/1.1" 200 0 "-" "WordPress/6.8.1; https://ajio.lat"
113.192.8.160 - - [05/Jul/2025:17:56:43 +0530] "POST /xmlrpc.php HTTP/1.1" 200 210 "http://ajio.lat" "Mozilla/5.0 (Windows NT 10.0; Win64; x64) AppleWebKit/537.36 (KHTML, like Gecko) Chrome/116.0.5845.96 Safari/537.36"
185.26.150.103 - - [05/Jul/2025:18:10:00 +0530] "POST /xmlrpc.php HTTP/1.1" 200 186 "http://ajio.lat" "Mozilla/5.0 (Windows NT 10.0; Win64; x64) AppleWebKit/537.36 (KHTML, like Gecko) Chrome/114.0.5735.134 Safari/537.36"
122.180.246.194 - - [05/Jul/2025:18:23:35 +0530] "POST /wp-cron.php?doing_wp_cron=1751720015.0010850429534912109375 HTTP/1.1" 200 0 "-" "WordPress/6.8.1; https://ajio.lat"
120.24.23.234 - - [05/Jul/2025:18:23:34 +0530] "POST /xmlrpc.php HTTP/1.1" 200 186 "http://ajio.lat" "Mozilla/5.0 (Macintosh; Intel Mac OS X 10_15_7; rv:129.0) Gecko/20100101 Firefox/129.0"
120.24.23.234 - - [05/Jul/2025:18:23:36 +0530] "POST /wp-login.php HTTP/1.1" 302 0 "http://ajio.lat" "Mozilla/5.0 (Windows NT 10.0; Win64; x64) AppleWebKit/537.36 (KHTML, like Gecko) Chrome/114.0.5735.134 Safari/537.36"
122.180.246.194 - - [05/Jul/2025:18:36:18 +0530] "POST /wp-cron.php?doing_wp_cron=1751720778.8567121028900146484375 HTTP/1.1" 200 0 "-" "WordPress/6.8.1; https://ajio.lat"
222.255.214.45 - - [05/Jul/2025:18:36:58 +0530] "POST /wp-login.php HTTP/1.1" 302 0 "http://ajio.lat" "Mozilla/5.0 (Macintosh; Intel Mac OS X 10_15_7; rv:129.0) Gecko/20100101 Firefox/129.0"
49.51.178.45 - - [05/Jul/2025:18:36:17 +0530] "GET / HTTP/1.1" 200 12076 "-" "Mozilla/5.0 (iPhone; CPU iPhone OS 13_2_3 like Mac OS X) AppleWebKit/605.1.15 (KHTML, like Gecko) Version/13.0.3 Mobile/15E148 Safari/604.1"
222.255.214.45 - - [05/Jul/2025:18:36:57 +0530] "POST /xmlrpc.php HTTP/1.1" 200 186 "http://ajio.lat" "Mozilla/5.0 (Macintosh; Intel Mac OS X 10_15_7; rv:127.0) Gecko/20100101 Firefox/127.0"
122.180.246.194 - - [05/Jul/2025:18:49:58 +0530] "POST /wp-cron.php?doing_wp_cron=1751721598.5323510169982910156250 HTTP/1.1" 200 0 "-" "WordPress/6.8.1; https://ajio.lat"
173.247.245.44 - - [05/Jul/2025:18:49:58 +0530] "POST /xmlrpc.php HTTP/1.1" 200 186 "http://ajio.lat" "Mozilla/5.0 (Windows NT 10.0; Win64; x64) AppleWebKit/537.36 (KHTML, like Gecko) Chrome/116.0.5845.96 Safari/537.36"
173.247.245.44 - - [05/Jul/2025:18:49:59 +0530] "POST /wp-login.php HTTP/1.1" 302 0 "http://ajio.lat" "Mozilla/5.0 (Macintosh; Intel Mac OS X 10_15_7) AppleWebKit/537.36 (KHTML, like Gecko) Chrome/116.0.5845.96 Safari/537.36"
122.180.246.194 - - [05/Jul/2025:18:51:44 +0530] "POST /wp-cron.php?doing_wp_cron=1751721704.9041919708251953125000 HTTP/1.1" 200 0 "-" "WordPress/6.8.1; https://ajio.lat"
35.87.205.207 - - [05/Jul/2025:18:51:43 +0530] "GET / HTTP/1.1" 200 12076 "-" "Mozilla/5.0 (X11; U; Linux arm7tdmi; rv:1.8.1.11) Gecko/20071130 Minimo/0.025"
35.87.205.207 - - [05/Jul/2025:18:52:11 +0530] "GET //ajio.lat/wp-includes/js/dist/script-modules/block-library/navigation/view.min.js HTTP/1.1" 301 0 "-" "Mozilla/5.0 (iPhone; CPU iPhone OS 12_4 like Mac OS X) AppleWebKit/605.1.15 (KHTML, like Gecko) GSA/79.0.259819395 Mobile/16G77 Safari/604.1"
152.53.33.144 - - [05/Jul/2025:19:02:58 +0530] "POST /xmlrpc.php HTTP/1.1" 200 210 "http://ajio.lat" "Mozilla/5.0 (Macintosh; Intel Mac OS X 10_15_7; rv:125.0.1) Gecko/20100101 Firefox/125.0.1"
35.87.205.207 - - [05/Jul/2025:18:52:11 +0530] "GET //ajio.lat/wp-includes/js/dist/script-modules/interactivity/index.min.js HTTP/1.1" 301 0 "-" "Mozilla/5.0 (Macintosh; Intel Mac OS X 10_14_5) AppleWebKit/537.36 (KHTML, like Gecko) Chrome/76.0.3792.0 Safari/537.36"
122.180.246.194 - - [05/Jul/2025:19:02:59 +0530] "POST /wp-cron.php?doing_wp_cron=1751722379.3104770183563232421875 HTTP/1.1" 200 0 "-" "WordPress/6.8.1; https://ajio.lat"
152.53.33.144 - - [05/Jul/2025:19:02:59 +0530] "POST /wp-login.php HTTP/1.1" 302 0 "http://ajio.lat" "Mozilla/5.0 (Windows NT 11.0; Win64; x64) AppleWebKit/537.36 (KHTML, like Gecko) Chrome/126.0.0.0 Safari/537.36 Edg/126.0.0.0"
122.180.246.194 - - [05/Jul/2025:19:16:09 +0530] "POST /wp-cron.php?doing_wp_cron=1751723169.3557579517364501953125 HTTP/1.1" 200 0 "-" "WordPress/6.8.1; https://ajio.lat"
103.152.248.162 - - [05/Jul/2025:19:16:08 +0530] "POST /xmlrpc.php HTTP/1.1" 200 186 "http://ajio.lat" "Mozilla/5.0 (Windows NT 10.0; Win64; x64) AppleWebKit/537.36 (KHTML, like Gecko) Chrome/114.0.5735.199 Safari/537.36 Edg/114.0.1823.67"
103.152.248.162 - - [05/Jul/2025:19:16:11 +0530] "POST /wp-login.php HTTP/1.1" 302 0 "http://ajio.lat" "Mozilla/5.0 (Macintosh; Intel Mac OS X 13_3) AppleWebKit/537.36 (KHTML, like Gecko) Chrome/126.0.0.0 Safari/537.36 Edg/126.0.0.0"
122.180.246.194 - - [05/Jul/2025:19:29:26 +0530] "POST /wp-cron.php?doing_wp_cron=1751723966.5641510486602783203125 HTTP/1.1" 200 0 "-" "WordPress/6.8.1; https://ajio.lat"
185.238.75.243 - - [05/Jul/2025:19:29:26 +0530] "POST /xmlrpc.php HTTP/1.1" 200 186 "http://ajio.lat" "Mozilla/5.0 (Windows NT 10.0; Win64; x64; rv:127.0) Gecko/20100101 Firefox/127.0"
185.238.75.243 - - [05/Jul/2025:19:29:28 +0530] "POST /wp-login.php HTTP/1.1" 302 0 "http://ajio.lat" "Mozilla/5.0 (Macintosh; Intel Mac OS X 14.3) AppleWebKit/614.31.14 (KHTML, like Gecko) Version/17.0.96 Safari/614.31.14"
122.180.246.194 - - [05/Jul/2025:19:42:48 +0530] "POST /wp-cron.php?doing_wp_cron=1751724768.8358800411224365234375 HTTP/1.1" 200 0 "-" "WordPress/6.8.1; https://ajio.lat"
163.47.203.81 - - [05/Jul/2025:19:42:48 +0530] "POST /xmlrpc.php HTTP/1.1" 200 210 "http://ajio.lat" "Mozilla/5.0 (Windows NT 11.0; Win64; x64) AppleWebKit/537.36 (KHTML, like Gecko) Chrome/126.0.0.0 Safari/537.36"
49.232.151.112 - - [05/Jul/2025:19:46:05 +0530] "GET / HTTP/1.1" 301 0 "-" "Mozilla/5.0 (iPhone; CPU iPhone OS 13_2_3 like Mac OS X) AppleWebKit/605.1.15 (KHTML, like Gecko) Version/13.0.3 Mobile/15E148 Safari/604.1"
49.232.151.112 - - [05/Jul/2025:19:46:10 +0530] "GET / HTTP/1.1" 200 12076 "http://www.ajio.lat" "Mozilla/5.0 (iPhone; CPU iPhone OS 13_2_3 like Mac OS X) AppleWebKit/605.1.15 (KHTML, like Gecko) Version/13.0.3 Mobile/15E148 Safari/604.1"
163.47.203.81 - - [05/Jul/2025:19:42:49 +0530] "POST /wp-login.php HTTP/1.1" 302 0 "http://ajio.lat" "Mozilla/5.0 (Macintosh; Intel Mac OS X 14_6) AppleWebKit/605.1.15 (KHTML, like Gecko) Version/17.5 Safari/605.1.15"
122.180.246.194 - - [05/Jul/2025:19:46:06 +0530] "POST /wp-cron.php?doing_wp_cron=1751724966.5813500881195068359375 HTTP/1.1" 200 0 "-" "WordPress/6.8.1; https://ajio.lat"
122.180.246.194 - - [05/Jul/2025:20:10:30 +0530] "GET /.well-known/acme-challenge/6AB0U3VW60DERFC0U6BHE2VFE4OTQFZV HTTP/1.1" 200 64 "-" "Cpanel-HTTP-Client/1.0"
122.180.246.194 - - [05/Jul/2025:20:10:30 +0530] "GET /.well-known/acme-challenge/P99O7AW39HUPIN00NHB4BER1MY7OWI55 HTTP/1.1" 200 64 "-" "Cpanel-HTTP-Client/1.0"
122.180.246.194 - - [05/Jul/2025:20:10:30 +0530] "GET /.well-known/acme-challenge/PJ892_UNA1QYR52FOREDG8KBB6I4V710 HTTP/1.1" 200 64 "-" "Cpanel-HTTP-Client/1.0"
122.180.246.194 - - [05/Jul/2025:20:10:31 +0530] "GET /.well-known/acme-challenge/9NV5E522U8O982MJIGJMRAN_UNOIP2E0 HTTP/1.1" 200 64 "-" "Cpanel-HTTP-Client/1.0"
122.180.246.194 - - [05/Jul/2025:20:10:31 +0530] "GET /.well-known/acme-challenge/L746YJ_GAFPEQW5KTVH-L-2EIXVC3YAQ HTTP/1.1" 200 64 "-" "Cpanel-HTTP-Client/1.0"
122.180.246.194 - - [05/Jul/2025:20:10:31 +0530] "GET /.well-known/acme-challenge/9NPFDAYECNHZ2U56_2_7N5TW3K-R1Q9B HTTP/1.1" 200 64 "-" "Cpanel-HTTP-Client/1.0"
122.180.246.194 - - [05/Jul/2025:20:09:55 +0530] "POST /wp-cron.php?doing_wp_cron=1751726395.9345090389251708984375 HTTP/1.1" 200 0 "-" "WordPress/6.8.1; https://ajio.lat"
163.47.203.81 - - [05/Jul/2025:20:09:55 +0530] "POST /xmlrpc.php HTTP/1.1" 200 186 "http://ajio.lat" "Mozilla/5.0 (Windows NT 10.0; Win64; x64; rv:126.0) Gecko/20100101 Firefox/126.0"
163.47.203.81 - - [05/Jul/2025:20:09:56 +0530] "POST /wp-login.php HTTP/1.1" 302 0 "http://ajio.lat" "Mozilla/5.0 (Macintosh; Intel Mac OS X 10_15_7; rv:126.0) Gecko/20100101 Firefox/126.0"
122.180.246.194 - - [05/Jul/2025:20:10:30 +0530] "GET /.well-known/acme-challenge/1369J0QSB-D36E070RNJ7RHDC21O3G-L HTTP/1.1" 200 64 "-" "Cpanel-HTTP-Client/1.0"
122.180.246.194 - - [05/Jul/2025:20:10:30 +0530] "GET /.well-known/acme-challenge/NTAIZTAHG7GHUW4M9PB80B3RBQO9O-O4 HTTP/1.1" 200 64 "-" "Cpanel-HTTP-Client/1.0"
122.180.246.194 - - [05/Jul/2025:20:10:30 +0530] "GET /.well-known/acme-challenge/TAEBMNBCUM1QBY6Z_WSF8D55GP87A0LY HTTP/1.1" 200 64 "-" "Cpanel-HTTP-Client/1.0"
78.135.87.2 - - [05/Jul/2025:20:23:30 +0530] "POST /xmlrpc.php HTTP/1.1" 200 186 "http://ajio.lat" "Mozilla/5.0 (Macintosh; Intel Mac OS X 10_15_7) AppleWebKit/537.36 (KHTML, like Gecko) Chrome/115.0.5790.102 Safari/537.36"
78.135.87.2 - - [05/Jul/2025:20:23:31 +0530] "POST /wp-login.php HTTP/1.1" 302 0 "http://ajio.lat" "Mozilla/5.0 (Windows NT 10.0; Win64; x64) AppleWebKit/537.36 (KHTML, like Gecko) Chrome/113.0.5672.93 Safari/537.36"
59.110.47.144 - - [05/Jul/2025:20:37:01 +0530] "POST /xmlrpc.php HTTP/1.1" 200 210 "http://ajio.lat" "Mozilla/5.0 (Windows NT 10.0; Win64; x64) AppleWebKit/537.36 (KHTML, like Gecko) Chrome/114.0.5735.199 Safari/537.36 Edg/114.0.1823.67"
122.180.246.194 - - [05/Jul/2025:20:37:01 +0530] "POST /wp-cron.php?doing_wp_cron=1751728021.7689559459686279296875 HTTP/1.1" 200 0 "-" "WordPress/6.8.1; https://ajio.lat"
59.110.47.144 - - [05/Jul/2025:20:37:02 +0530] "POST /wp-login.php HTTP/1.1" 302 0 "http://ajio.lat" "Mozilla/5.0 (Windows NT 11.0; Win64; x64) AppleWebKit/537.36 (KHTML, like Gecko) Chrome/126.0.0.0 Safari/537.36 Edg/126.0.0.0"
122.180.246.194 - - [05/Jul/2025:20:50:32 +0530] "POST /wp-cron.php?doing_wp_cron=1751728831.9967780113220214843750 HTTP/1.1" 200 0 "-" "WordPress/6.8.1; https://ajio.lat"
122.180.246.194 - - [05/Jul/2025:21:03:47 +0530] "POST /wp-cron.php?doing_wp_cron=1751729627.0828599929809570312500 HTTP/1.1" 200 0 "-" "WordPress/6.8.1; https://ajio.lat"
20.204.164.126 - - [05/Jul/2025:21:03:46 +0530] "POST /xmlrpc.php HTTP/1.1" 200 186 "http://ajio.lat" "Mozilla/5.0 (Windows NT 10.0; Win64; x64) AppleWebKit/537.36 (KHTML, like Gecko) Chrome/116.0.5845.96 Safari/537.36"
20.204.164.126 - - [05/Jul/2025:21:03:47 +0530] "POST /wp-login.php HTTP/1.1" 302 0 "http://ajio.lat" "Mozilla/5.0 (Macintosh; Intel Mac OS X 10_15_7) AppleWebKit/537.36 (KHTML, like Gecko) Chrome/115.0.5790.102 Safari/537.36"
91.151.95.70 - - [05/Jul/2025:20:50:31 +0530] "POST /xmlrpc.php HTTP/1.1" 200 186 "http://ajio.lat" "Mozilla/5.0 (Macintosh; Intel Mac OS X 10_15_7) AppleWebKit/537.36 (KHTML, like Gecko) Chrome/115.0.5790.102 Safari/537.36"
91.151.95.70 - - [05/Jul/2025:20:50:32 +0530] "POST /wp-login.php HTTP/1.1" 302 0 "http://ajio.lat" "Mozilla/5.0 (Windows NT 10.0; Win64; x64) AppleWebKit/537.36 (KHTML, like Gecko) Chrome/113.0.5672.126 Safari/537.36 Edg/113.0.1774.50"
122.180.246.194 - - [05/Jul/2025:21:17:07 +0530] "POST /wp-cron.php?doing_wp_cron=1751730427.4745330810546875000000 HTTP/1.1" 200 0 "-" "WordPress/6.8.1; https://ajio.lat"
65.109.239.39 - - [05/Jul/2025:21:17:08 +0530] "POST /wp-login.php HTTP/1.1" 302 0 "http://ajio.lat" "Mozilla/5.0 (Windows NT 10.0; Win64; x64; rv:125.0.1) Gecko/20100101 Firefox/125.0.1"
65.109.239.39 - - [05/Jul/2025:21:17:07 +0530] "POST /xmlrpc.php HTTP/1.1" 200 186 "http://ajio.lat" "Mozilla/5.0 (Macintosh; Intel Mac OS X 14.3) AppleWebKit/614.31.14 (KHTML, like Gecko) Version/17.0.96 Safari/614.31.14"
122.180.246.194 - - [05/Jul/2025:21:27:02 +0530] "POST /wp-cron.php?doing_wp_cron=1751731022.0261371135711669921875 HTTP/1.1" 200 0 "-" "WordPress/6.8.1; https://ajio.lat"
43.157.38.228 - - [05/Jul/2025:21:27:00 +0530] "GET / HTTP/1.1" 301 0 "-" "Mozilla/5.0 (iPhone; CPU iPhone OS 13_2_3 like Mac OS X) AppleWebKit/605.1.15 (KHTML, like Gecko) Version/13.0.3 Mobile/15E148 Safari/604.1"
176.53.220.95 - - [05/Jul/2025:21:35:33 +0530] "GET /favicon.ico HTTP/1.1" 404 796 "-" "Mozilla/5.0 (Windows NT 10.0; Win64; x64) AppleWebKit/537.36 (KHTML, like Gecko) Chrome/94.0.4606.61 Safari/537.36"
43.157.38.228 - - [05/Jul/2025:21:27:03 +0530] "GET / HTTP/1.1" 200 12076 "http://www.ajio.lat" "Mozilla/5.0 (iPhone; CPU iPhone OS 13_2_3 like Mac OS X) AppleWebKit/605.1.15 (KHTML, like Gecko) Version/13.0.3 Mobile/15E148 Safari/604.1"
122.180.246.194 - - [05/Jul/2025:21:35:32 +0530] "POST /wp-cron.php?doing_wp_cron=1751731532.2120978832244873046875 HTTP/1.1" 200 0 "-" "WordPress/6.8.1; https://ajio.lat"
45.90.62.173 - - [05/Jul/2025:21:35:31 +0530] "GET / HTTP/1.1" 200 12076 "-" "Mozilla/5.0 (Windows NT 10.0; Win64; x64) AppleWebKit/537.36 (KHTML, like Gecko) Chrome/94.0.4606.61 Safari/537.36"
122.180.246.194 - - [05/Jul/2025:21:43:24 +0530] "POST /wp-cron.php?doing_wp_cron=1751732004.4524240493774414062500 HTTP/1.1" 200 0 "-" "WordPress/6.8.1; https://ajio.lat"
119.29.209.240 - - [05/Jul/2025:21:43:24 +0530] "POST /xmlrpc.php HTTP/1.1" 200 186 "http://ajio.lat" "Mozilla/5.0 (Windows NT 10.0; Win64; x64; rv:128.0) Gecko/20100101 Firefox/128.0"
119.29.209.240 - - [05/Jul/2025:21:43:25 +0530] "POST /wp-login.php HTTP/1.1" 302 0 "http://ajio.lat" "Mozilla/5.0 (Macintosh; Intel Mac OS X 10_15_7) AppleWebKit/537.36 (KHTML, like Gecko) Chrome/116.0.5845.96 Safari/537.36"
62.60.160.33 - - [05/Jul/2025:22:09:28 +0530] "POST /wp-login.php HTTP/1.1" 302 0 "http://ajio.lat" "Mozilla/5.0 (Macintosh; Intel Mac OS X 10_15_7) AppleWebKit/537.36 (KHTML, like Gecko) Chrome/126.0.0.0 Safari/537.36"
122.180.246.194 - - [05/Jul/2025:22:09:27 +0530] "POST /wp-cron.php?doing_wp_cron=1751733567.3316760063171386718750 HTTP/1.1" 200 0 "-" "WordPress/6.8.1; https://ajio.lat"
62.60.160.33 - - [05/Jul/2025:22:09:26 +0530] "POST /xmlrpc.php HTTP/1.1" 200 186 "http://ajio.lat" "Mozilla/5.0 (Macintosh; Intel Mac OS X 14.3) AppleWebKit/614.31.14 (KHTML, like Gecko) Version/17.0.96 Safari/614.31.14"
122.180.246.194 - - [05/Jul/2025:22:22:30 +0530] "POST /wp-cron.php?doing_wp_cron=1751734350.6872689723968505859375 HTTP/1.1" 200 0 "-" "WordPress/6.8.1; https://ajio.lat"
185.199.236.107 - - [05/Jul/2025:22:22:29 +0530] "POST /xmlrpc.php HTTP/1.1" 200 186 "http://ajio.lat" "Mozilla/5.0 (Windows NT 10.0; Win64; x64) AppleWebKit/537.36 (KHTML, like Gecko) Chrome/114.0.5735.134 Safari/537.36"
185.199.236.107 - - [05/Jul/2025:22:22:31 +0530] "POST /wp-login.php HTTP/1.1" 302 0 "http://ajio.lat" "Mozilla/5.0 (Windows NT 10.0; Win64; x64) AppleWebKit/537.36 (KHTML, like Gecko) Chrome/115.0.5790.171 Safari/537.36 Edg/115.0.1901.203"
122.180.246.194 - - [05/Jul/2025:22:35:26 +0530] "POST /wp-cron.php?doing_wp_cron=1751735126.4812979698181152343750 HTTP/1.1" 200 0 "-" "WordPress/6.8.1; https://ajio.lat"
45.8.132.132 - - [05/Jul/2025:22:35:26 +0530] "POST /xmlrpc.php HTTP/1.1" 200 186 "http://ajio.lat" "Mozilla/5.0 (Macintosh; Intel Mac OS X 10_15_7) AppleWebKit/537.36 (KHTML, like Gecko) Chrome/116.0.5845.96 Safari/537.36"
45.8.132.132 - - [05/Jul/2025:22:35:27 +0530] "POST /wp-login.php HTTP/1.1" 302 0 "http://ajio.lat" "Mozilla/5.0 (Macintosh; Intel Mac OS X 10_15_7; rv:125.0.1) Gecko/20100101 Firefox/125.0.1"
122.180.246.194 - - [05/Jul/2025:22:48:04 +0530] "POST /wp-cron.php?doing_wp_cron=1751735884.1479539871215820312500 HTTP/1.1" 200 0 "-" "WordPress/6.8.1; https://ajio.lat"
120.24.23.234 - - [05/Jul/2025:22:48:03 +0530] "POST /xmlrpc.php HTTP/1.1" 200 186 "http://ajio.lat" "Mozilla/5.0 (Windows NT 10.0; Win64; x64) AppleWebKit/537.36 (KHTML, like Gecko) Chrome/113.0.5672.93 Safari/537.36"
120.24.23.234 - - [05/Jul/2025:22:48:05 +0530] "POST /wp-login.php HTTP/1.1" 302 0 "http://ajio.lat" "Mozilla/5.0 (Windows NT 11.0; Win64; x64) AppleWebKit/537.36 (KHTML, like Gecko) Chrome/126.0.0.0 Safari/537.36"
5.135.124.144 - - [05/Jul/2025:23:00:24 +0530] "POST /xmlrpc.php HTTP/1.1" 200 186 "http://ajio.lat" "Mozilla/5.0 (Windows NT 10.0; Win64; x64) AppleWebKit/537.36 (KHTML, like Gecko) Chrome/116.0.5845.96 Safari/537.36 Edg/116.0.1938.62"
5.135.124.144 - - [05/Jul/2025:23:00:25 +0530] "POST /wp-login.php HTTP/1.1" 302 0 "http://ajio.lat" "Mozilla/5.0 (Windows NT 11.0; Win64; x64) AppleWebKit/537.36 (KHTML, like Gecko) Chrome/126.0.0.0 Safari/537.36 Edg/126.0.0.0"
122.180.246.194 - - [05/Jul/2025:23:00:24 +0530] "POST /wp-cron.php?doing_wp_cron=1751736624.4847810268402099609375 HTTP/1.1" 200 0 "-" "WordPress/6.8.1; https://ajio.lat"
122.180.246.194 - - [05/Jul/2025:23:10:34 +0530] "GET /.well-known/acme-challenge/TB_DX82-N9QY7ZHXPFE5YYWSMAOW6XF9 HTTP/1.1" 200 64 "-" "Cpanel-HTTP-Client/1.0"
122.180.246.194 - - [05/Jul/2025:23:10:34 +0530] "GET /.well-known/acme-challenge/3I1WZYSKTLNL-21YZX4MD5B1DLIBE_1W HTTP/1.1" 200 64 "-" "Cpanel-HTTP-Client/1.0"
122.180.246.194 - - [05/Jul/2025:23:10:35 +0530] "GET /.well-known/acme-challenge/NHDS7Q73HAJ9WY-KJ-BJMLRNLK1--PRO HTTP/1.1" 200 64 "-" "Cpanel-HTTP-Client/1.0"
122.180.246.194 - - [05/Jul/2025:23:10:35 +0530] "GET /.well-known/acme-challenge/6NG33DHWM1D28JO5RZ31-O40M30UQD1O HTTP/1.1" 200 64 "-" "Cpanel-HTTP-Client/1.0"
122.180.246.194 - - [05/Jul/2025:23:10:35 +0530] "GET /.well-known/acme-challenge/-5UTC90RX7CXVJ28BWRH9U642FJZPE49 HTTP/1.1" 200 64 "-" "Cpanel-HTTP-Client/1.0"
122.180.246.194 - - [05/Jul/2025:23:10:35 +0530] "GET /.well-known/acme-challenge/KL5Z00L_2KLLTAH3_CD-GQY6Y_11GYHW HTTP/1.1" 200 64 "-" "Cpanel-HTTP-Client/1.0"
81.0.247.156 - - [05/Jul/2025:23:12:54 +0530] "POST /wp-login.php HTTP/1.1" 302 0 "http://ajio.lat" "Mozilla/5.0 (Windows NT 10.0; Win64; x64; rv:128.0) Gecko/20100101 Firefox/128.0"
194.26.192.144 - - [05/Jul/2025:23:09:13 +0530] "GET /.env HTTP/1.1" 404 13626 "-" "Mozilla/5.0 (Linux; Android 7.1.1; 1713-A01) AppleWebKit/537.36 (KHTML, like Gecko) Chrome/71.0.3578.99 Mobile Safari/537.36"
122.180.246.194 - - [05/Jul/2025:23:10:34 +0530] "GET /.well-known/acme-challenge/Q6WD_MIE7L1E1N_HA9GIXGJC_HHQR5O6 HTTP/1.1" 200 64 "-" "Cpanel-HTTP-Client/1.0"
122.180.246.194 - - [05/Jul/2025:23:10:35 +0530] "GET /.well-known/acme-challenge/JBBI8-KLR9QXL4ORDDWJ8FJ0CHBJ_DRA HTTP/1.1" 200 64 "-" "Cpanel-HTTP-Client/1.0"
122.180.246.194 - - [05/Jul/2025:23:10:35 +0530] "GET /.well-known/acme-challenge/1TGA5VGMWOXYB9SL9T2Z-IUK6BX1J8QH HTTP/1.1" 200 64 "-" "Cpanel-HTTP-Client/1.0"
122.180.246.194 - - [05/Jul/2025:23:12:53 +0530] "POST /wp-cron.php?doing_wp_cron=1751737373.0221040248870849609375 HTTP/1.1" 200 0 "-" "WordPress/6.8.1; https://ajio.lat"
81.0.247.156 - - [05/Jul/2025:23:12:52 +0530] "POST /xmlrpc.php HTTP/1.1" 200 186 "http://ajio.lat" "Mozilla/5.0 (Windows NT 10.0; Win64; x64; rv:126.0) Gecko/20100101 Firefox/126.0"
161.82.200.37 - - [05/Jul/2025:23:49:21 +0530] "POST /wp-login.php HTTP/1.1" 302 0 "http://ajio.lat" "Mozilla/5.0 (Windows NT 10.0; Win64; x64; rv:127.0) Gecko/20100101 Firefox/127.0"
152.53.236.171 - - [05/Jul/2025:23:37:17 +0530] "POST /xmlrpc.php HTTP/1.1" 200 186 "http://ajio.lat" "Mozilla/5.0 (Windows NT 10.0; Win64; x64; rv:125.0.1) Gecko/20100101 Firefox/125.0.1"
152.53.236.171 - - [05/Jul/2025:23:37:23 +0530] "POST /wp-login.php HTTP/1.1" 302 0 "http://ajio.lat" "Mozilla/5.0 (Windows NT 10.0; Win64; x64; rv:126.0) Gecko/20100101 Firefox/126.0"
122.180.246.194 - - [05/Jul/2025:23:49:21 +0530] "POST /wp-cron.php?doing_wp_cron=1751739561.4443399906158447265625 HTTP/1.1" 200 0 "-" "WordPress/6.8.1; https://ajio.lat"
161.82.200.37 - - [05/Jul/2025:23:49:21 +0530] "POST /xmlrpc.php HTTP/1.1" 200 210 "http://ajio.lat" "Mozilla/5.0 (Macintosh; Intel Mac OS X 10_15_7) AppleWebKit/537.36 (KHTML, like Gecko) Chrome/112.0.5615.138 Safari/537.36"
185.238.75.243 - - [06/Jul/2025:00:01:32 +0530] "POST /xmlrpc.php HTTP/1.1" 200 0 "http://ajio.lat" "Mozilla/5.0 (Windows NT 11.0; Win64; x64; rv:126.0) Gecko/20100101 Firefox/126.0"
122.180.246.194 - - [06/Jul/2025:00:01:57 +0530] "POST /wp-cron.php?doing_wp_cron=1751740316.7474310398101806640625 HTTP/1.1" 200 0 "-" "WordPress/6.8.1; https://ajio.lat"
122.180.246.194 - - [06/Jul/2025:00:13:37 +0530] "POST /wp-cron.php?doing_wp_cron=1751741017.8535950183868408203125 HTTP/1.1" 200 0 "-" "WordPress/6.8.1; https://ajio.lat"
3.79.32.115 - - [06/Jul/2025:00:13:37 +0530] "POST /xmlrpc.php HTTP/1.1" 200 186 "http://ajio.lat" "Mozilla/5.0 (Macintosh; Intel Mac OS X 14.5) AppleWebKit/618.3.5 (KHTML, like Gecko) Version/17.4 Safari/618.3.5"
3.79.32.115 - - [06/Jul/2025:00:13:38 +0530] "POST /wp-login.php HTTP/1.1" 302 0 "http://ajio.lat" "Mozilla/5.0 (Macintosh; Intel Mac OS X 13_3) AppleWebKit/537.36 (KHTML, like Gecko) Chrome/126.0.0.0 Safari/537.36 Edg/126.0.0.0"
20.52.16.104 - - [06/Jul/2025:00:25:34 +0530] "POST /xmlrpc.php HTTP/1.1" 200 186 "http://ajio.lat" "Mozilla/5.0 (Windows NT 10.0; Win64; x64) AppleWebKit/537.36 (KHTML, like Gecko) Chrome/116.0.5845.96 Safari/537.36"
20.52.16.104 - - [06/Jul/2025:00:25:40 +0530] "POST /wp-login.php HTTP/1.1" 302 0 "http://ajio.lat" "Mozilla/5.0 (Windows NT 11.0; Win64; x64) AppleWebKit/537.36 (KHTML, like Gecko) Chrome/126.0.0.0 Safari/537.36 Edg/126.0.0.0"
122.180.246.194 - - [06/Jul/2025:00:33:31 +0530] "POST /wp-cron.php?doing_wp_cron=1751742210.9796159267425537109375 HTTP/1.1" 200 0 "-" "WordPress/6.8.1; https://ajio.lat"
43.155.140.157 - - [06/Jul/2025:00:33:32 +0530] "GET / HTTP/1.1" 200 12076 "http://www.ajio.lat" "Mozilla/5.0 (iPhone; CPU iPhone OS 13_2_3 like Mac OS X) AppleWebKit/605.1.15 (KHTML, like Gecko) Version/13.0.3 Mobile/15E148 Safari/604.1"
43.155.140.157 - - [06/Jul/2025:00:33:29 +0530] "GET / HTTP/1.1" 301 0 "-" "Mozilla/5.0 (iPhone; CPU iPhone OS 13_2_3 like Mac OS X) AppleWebKit/605.1.15 (KHTML, like Gecko) Version/13.0.3 Mobile/15E148 Safari/604.1"
122.180.246.194 - - [06/Jul/2025:00:37:37 +0530] "POST /wp-cron.php?doing_wp_cron=1751742457.2941229343414306640625 HTTP/1.1" 200 0 "-" "WordPress/6.8.1; https://ajio.lat"
194.195.113.17 - - [06/Jul/2025:00:37:36 +0530] "POST /xmlrpc.php HTTP/1.1" 200 210 "http://ajio.lat" "Mozilla/5.0 (Macintosh; Intel Mac OS X 13_3) AppleWebKit/537.36 (KHTML, like Gecko) Chrome/126.0.0.0 Safari/537.36"
194.195.113.17 - - [06/Jul/2025:00:37:37 +0530] "POST /wp-login.php HTTP/1.1" 302 0 "http://ajio.lat" "Mozilla/5.0 (Windows NT 10.0; Win64; x64) AppleWebKit/537.36 (KHTML, like Gecko) Chrome/114.0.5735.134 Safari/537.36"
196.251.80.43 - - [06/Jul/2025:00:42:56 +0530] "GET / HTTP/1.1" 200 50144 "-" "Mozilla/5.0 (Windows NT 10.0; Win64; x64) AppleWebKit/537.36 (KHTML, like Gecko) Chrome/89.0.4389.114 Safari/537.36"
196.251.80.43 - - [06/Jul/2025:00:42:58 +0530] "GET /?author=1 HTTP/1.1" 301 0 "-" "Mozilla/5.0 (Windows NT 10.0; Win64; x64) AppleWebKit/537.36 (KHTML, like Gecko) Chrome/89.0.4389.114 Safari/537.36"
196.251.80.43 - - [06/Jul/2025:00:43:01 +0530] "GET /?author=2 HTTP/1.1" 200 45823 "-" "Mozilla/5.0 (Windows NT 10.0; Win64; x64) AppleWebKit/537.36 (KHTML, like Gecko) Chrome/89.0.4389.114 Safari/537.36"
196.251.80.43 - - [06/Jul/2025:00:43:03 +0530] "GET /?author=3 HTTP/1.1" 200 45863 "-" "Mozilla/5.0 (Windows NT 10.0; Win64; x64) AppleWebKit/537.36 (KHTML, like Gecko) Chrome/89.0.4389.114 Safari/537.36"
196.251.80.43 - - [06/Jul/2025:00:43:05 +0530] "GET /wp-json/wp/v2/users/ HTTP/1.1" 200 708 "-" "Mozilla/5.0 (Windows NT 10.0; Win64; x64) AppleWebKit/537.36 (KHTML, like Gecko) Chrome/89.0.4389.114 Safari/537.36"
196.251.80.43 - - [06/Jul/2025:00:43:06 +0530] "POST /xmlrpc.php HTTP/1.1" 200 403 "-" "Mozilla/5.0 (Windows NT 10.0; Win64; x64) AppleWebKit/537.36 (KHTML, like Gecko) Chrome/89.0.4389.114 Safari/537.36"
196.251.80.43 - - [06/Jul/2025:00:43:07 +0530] "POST /xmlrpc.php HTTP/1.1" 200 403 "-" "Mozilla/5.0 (Windows NT 10.0; Win64; x64) AppleWebKit/537.36 (KHTML, like Gecko) Chrome/89.0.4389.114 Safari/537.36"
196.251.80.43 - - [06/Jul/2025:00:43:07 +0530] "POST /xmlrpc.php HTTP/1.1" 200 401 "-" "Mozilla/5.0 (Windows NT 10.0; Win64; x64) AppleWebKit/537.36 (KHTML, like Gecko) Chrome/89.0.4389.114 Safari/537.36"
196.251.80.43 - - [06/Jul/2025:00:43:08 +0530] "POST /xmlrpc.php HTTP/1.1" 200 401 "-" "Mozilla/5.0 (Windows NT 10.0; Win64; x64) AppleWebKit/537.36 (KHTML, like Gecko) Chrome/89.0.4389.114 Safari/537.36"
196.251.80.43 - - [06/Jul/2025:00:43:09 +0530] "POST /xmlrpc.php HTTP/1.1" 200 403 "-" "Mozilla/5.0 (Windows NT 10.0; Win64; x64) AppleWebKit/537.36 (KHTML, like Gecko) Chrome/89.0.4389.114 Safari/537.36"
196.251.80.43 - - [06/Jul/2025:00:43:09 +0530] "POST /xmlrpc.php HTTP/1.1" 200 401 "-" "Mozilla/5.0 (Windows NT 10.0; Win64; x64) AppleWebKit/537.36 (KHTML, like Gecko) Chrome/89.0.4389.114 Safari/537.36"
196.251.80.43 - - [06/Jul/2025:00:43:11 +0530] "POST /xmlrpc.php HTTP/1.1" 200 401 "-" "Mozilla/5.0 (Windows NT 10.0; Win64; x64) AppleWebKit/537.36 (KHTML, like Gecko) Chrome/89.0.4389.114 Safari/537.36"
196.251.80.43 - - [06/Jul/2025:00:43:14 +0530] "POST /xmlrpc.php HTTP/1.1" 200 401 "-" "Mozilla/5.0 (Windows NT 10.0; Win64; x64) AppleWebKit/537.36 (KHTML, like Gecko) Chrome/89.0.4389.114 Safari/537.36"
196.251.80.43 - - [06/Jul/2025:00:43:17 +0530] "POST /xmlrpc.php HTTP/1.1" 200 401 "-" "Mozilla/5.0 (Windows NT 10.0; Win64; x64) AppleWebKit/537.36 (KHTML, like Gecko) Chrome/89.0.4389.114 Safari/537.36"
196.251.80.43 - - [06/Jul/2025:00:43:21 +0530] "POST /xmlrpc.php HTTP/1.1" 200 401 "-" "Mozilla/5.0 (Windows NT 10.0; Win64; x64) AppleWebKit/537.36 (KHTML, like Gecko) Chrome/89.0.4389.114 Safari/537.36"
196.251.80.43 - - [06/Jul/2025:00:43:26 +0530] "POST /xmlrpc.php HTTP/1.1" 200 401 "-" "Mozilla/5.0 (Windows NT 10.0; Win64; x64) AppleWebKit/537.36 (KHTML, like Gecko) Chrome/89.0.4389.114 Safari/537.36"
196.251.80.43 - - [06/Jul/2025:00:43:31 +0530] "POST /xmlrpc.php HTTP/1.1" 200 401 "-" "Mozilla/5.0 (Windows NT 10.0; Win64; x64) AppleWebKit/537.36 (KHTML, like Gecko) Chrome/89.0.4389.114 Safari/537.36"
196.251.80.43 - - [06/Jul/2025:00:43:47 +0530] "POST /xmlrpc.php HTTP/1.1" 200 401 "-" "Mozilla/5.0 (Windows NT 10.0; Win64; x64) AppleWebKit/537.36 (KHTML, like Gecko) Chrome/89.0.4389.114 Safari/537.36"
196.251.80.43 - - [06/Jul/2025:00:44:01 +0530] "POST /xmlrpc.php HTTP/1.1" 200 401 "-" "Mozilla/5.0 (Windows NT 10.0; Win64; x64) AppleWebKit/537.36 (KHTML, like Gecko) Chrome/89.0.4389.114 Safari/537.36"
122.180.246.194 - - [06/Jul/2025:00:44:30 +0530] "POST /wp-cron.php?doing_wp_cron=1751742870.9788250923156738281250 HTTP/1.1" 200 0 "-" "WordPress/6.8.1; https://ajio.lat"
196.251.80.43 - - [06/Jul/2025:00:44:17 +0530] "POST /xmlrpc.php HTTP/1.1" 200 401 "-" "Mozilla/5.0 (Windows NT 10.0; Win64; x64) AppleWebKit/537.36 (KHTML, like Gecko) Chrome/89.0.4389.114 Safari/537.36"
196.251.80.43 - - [06/Jul/2025:00:44:31 +0530] "POST /xmlrpc.php HTTP/1.1" 200 401 "-" "Mozilla/5.0 (Windows NT 10.0; Win64; x64) AppleWebKit/537.36 (KHTML, like Gecko) Chrome/89.0.4389.114 Safari/537.36"
196.251.80.43 - - [06/Jul/2025:00:44:47 +0530] "POST /xmlrpc.php HTTP/1.1" 200 401 "-" "Mozilla/5.0 (Windows NT 10.0; Win64; x64) AppleWebKit/537.36 (KHTML, like Gecko) Chrome/89.0.4389.114 Safari/537.36"
196.251.80.43 - - [06/Jul/2025:00:45:01 +0530] "POST /xmlrpc.php HTTP/1.1" 200 401 "-" "Mozilla/5.0 (Windows NT 10.0; Win64; x64) AppleWebKit/537.36 (KHTML, like Gecko) Chrome/89.0.4389.114 Safari/537.36"
196.251.80.43 - - [06/Jul/2025:00:45:17 +0530] "POST /xmlrpc.php HTTP/1.1" 200 401 "-" "Mozilla/5.0 (Windows NT 10.0; Win64; x64) AppleWebKit/537.36 (KHTML, like Gecko) Chrome/89.0.4389.114 Safari/537.36"
196.251.80.43 - - [06/Jul/2025:00:45:31 +0530] "POST /xmlrpc.php HTTP/1.1" 200 401 "-" "Mozilla/5.0 (Windows NT 10.0; Win64; x64) AppleWebKit/537.36 (KHTML, like Gecko) Chrome/89.0.4389.114 Safari/537.36"
196.251.80.43 - - [06/Jul/2025:00:45:47 +0530] "POST /xmlrpc.php HTTP/1.1" 200 401 "-" "Mozilla/5.0 (Windows NT 10.0; Win64; x64) AppleWebKit/537.36 (KHTML, like Gecko) Chrome/89.0.4389.114 Safari/537.36"
196.251.80.43 - - [06/Jul/2025:00:46:01 +0530] "POST /xmlrpc.php HTTP/1.1" 200 401 "-" "Mozilla/5.0 (Windows NT 10.0; Win64; x64) AppleWebKit/537.36 (KHTML, like Gecko) Chrome/89.0.4389.114 Safari/537.36"
196.251.80.43 - - [06/Jul/2025:00:46:17 +0530] "POST /xmlrpc.php HTTP/1.1" 200 401 "-" "Mozilla/5.0 (Windows NT 10.0; Win64; x64) AppleWebKit/537.36 (KHTML, like Gecko) Chrome/89.0.4389.114 Safari/537.36"
196.251.80.43 - - [06/Jul/2025:00:46:31 +0530] "POST /xmlrpc.php HTTP/1.1" 200 401 "-" "Mozilla/5.0 (Windows NT 10.0; Win64; x64) AppleWebKit/537.36 (KHTML, like Gecko) Chrome/89.0.4389.114 Safari/537.36"
196.251.80.43 - - [06/Jul/2025:00:46:47 +0530] "POST /xmlrpc.php HTTP/1.1" 200 401 "-" "Mozilla/5.0 (Windows NT 10.0; Win64; x64) AppleWebKit/537.36 (KHTML, like Gecko) Chrome/89.0.4389.114 Safari/537.36"
196.251.80.43 - - [06/Jul/2025:00:47:01 +0530] "POST /xmlrpc.php HTTP/1.1" 200 401 "-" "Mozilla/5.0 (Windows NT 10.0; Win64; x64) AppleWebKit/537.36 (KHTML, like Gecko) Chrome/89.0.4389.114 Safari/537.36"
196.251.80.43 - - [06/Jul/2025:00:47:17 +0530] "POST /xmlrpc.php HTTP/1.1" 200 401 "-" "Mozilla/5.0 (Windows NT 10.0; Win64; x64) AppleWebKit/537.36 (KHTML, like Gecko) Chrome/89.0.4389.114 Safari/537.36"
196.251.80.43 - - [06/Jul/2025:00:47:31 +0530] "POST /xmlrpc.php HTTP/1.1" 200 401 "-" "Mozilla/5.0 (Windows NT 10.0; Win64; x64) AppleWebKit/537.36 (KHTML, like Gecko) Chrome/89.0.4389.114 Safari/537.36"
196.251.80.43 - - [06/Jul/2025:00:47:47 +0530] "POST /xmlrpc.php HTTP/1.1" 200 401 "-" "Mozilla/5.0 (Windows NT 10.0; Win64; x64) AppleWebKit/537.36 (KHTML, like Gecko) Chrome/89.0.4389.114 Safari/537.36"
196.251.80.43 - - [06/Jul/2025:00:48:01 +0530] "POST /xmlrpc.php HTTP/1.1" 200 401 "-" "Mozilla/5.0 (Windows NT 10.0; Win64; x64) AppleWebKit/537.36 (KHTML, like Gecko) Chrome/89.0.4389.114 Safari/537.36"
122.180.246.194 - - [06/Jul/2025:00:48:31 +0530] "POST /wp-cron.php?doing_wp_cron=1751743111.0311639308929443359375 HTTP/1.1" 200 0 "-" "WordPress/6.8.1; https://ajio.lat"
196.251.80.43 - - [06/Jul/2025:00:48:17 +0530] "POST /xmlrpc.php HTTP/1.1" 200 401 "-" "Mozilla/5.0 (Windows NT 10.0; Win64; x64) AppleWebKit/537.36 (KHTML, like Gecko) Chrome/89.0.4389.114 Safari/537.36"
196.251.80.43 - - [06/Jul/2025:00:48:31 +0530] "POST /xmlrpc.php HTTP/1.1" 200 401 "-" "Mozilla/5.0 (Windows NT 10.0; Win64; x64) AppleWebKit/537.36 (KHTML, like Gecko) Chrome/89.0.4389.114 Safari/537.36"
196.251.80.43 - - [06/Jul/2025:00:48:47 +0530] "POST /xmlrpc.php HTTP/1.1" 200 401 "-" "Mozilla/5.0 (Windows NT 10.0; Win64; x64) AppleWebKit/537.36 (KHTML, like Gecko) Chrome/89.0.4389.114 Safari/537.36"
190.6.176.90 - - [06/Jul/2025:00:49:12 +0530] "POST /wp-login.php HTTP/1.1" 302 0 "http://ajio.lat" "Mozilla/5.0 (Macintosh; Intel Mac OS X 13.3; rv:126.0) Gecko/20100101 Firefox/126.0"
196.251.80.43 - - [06/Jul/2025:00:49:01 +0530] "POST /xmlrpc.php HTTP/1.1" 200 401 "-" "Mozilla/5.0 (Windows NT 10.0; Win64; x64) AppleWebKit/537.36 (KHTML, like Gecko) Chrome/89.0.4389.114 Safari/537.36"
196.251.80.43 - - [06/Jul/2025:00:49:17 +0530] "POST /xmlrpc.php HTTP/1.1" 200 401 "-" "Mozilla/5.0 (Windows NT 10.0; Win64; x64) AppleWebKit/537.36 (KHTML, like Gecko) Chrome/89.0.4389.114 Safari/537.36"
196.251.80.43 - - [06/Jul/2025:00:49:31 +0530] "POST /xmlrpc.php HTTP/1.1" 200 401 "-" "Mozilla/5.0 (Windows NT 10.0; Win64; x64) AppleWebKit/537.36 (KHTML, like Gecko) Chrome/89.0.4389.114 Safari/537.36"
196.251.80.43 - - [06/Jul/2025:00:49:47 +0530] "POST /xmlrpc.php HTTP/1.1" 200 401 "-" "Mozilla/5.0 (Windows NT 10.0; Win64; x64) AppleWebKit/537.36 (KHTML, like Gecko) Chrome/89.0.4389.114 Safari/537.36"
196.251.80.43 - - [06/Jul/2025:00:50:01 +0530] "POST /xmlrpc.php HTTP/1.1" 200 401 "-" "Mozilla/5.0 (Windows NT 10.0; Win64; x64) AppleWebKit/537.36 (KHTML, like Gecko) Chrome/89.0.4389.114 Safari/537.36"
196.251.80.43 - - [06/Jul/2025:00:50:17 +0530] "POST /xmlrpc.php HTTP/1.1" 200 401 "-" "Mozilla/5.0 (Windows NT 10.0; Win64; x64) AppleWebKit/537.36 (KHTML, like Gecko) Chrome/89.0.4389.114 Safari/537.36"
196.251.80.43 - - [06/Jul/2025:00:50:31 +0530] "POST /xmlrpc.php HTTP/1.1" 200 401 "-" "Mozilla/5.0 (Windows NT 10.0; Win64; x64) AppleWebKit/537.36 (KHTML, like Gecko) Chrome/89.0.4389.114 Safari/537.36"
196.251.80.43 - - [06/Jul/2025:00:50:47 +0530] "POST /xmlrpc.php HTTP/1.1" 200 401 "-" "Mozilla/5.0 (Windows NT 10.0; Win64; x64) AppleWebKit/537.36 (KHTML, like Gecko) Chrome/89.0.4389.114 Safari/537.36"
196.251.80.43 - - [06/Jul/2025:00:51:01 +0530] "POST /xmlrpc.php HTTP/1.1" 200 401 "-" "Mozilla/5.0 (Windows NT 10.0; Win64; x64) AppleWebKit/537.36 (KHTML, like Gecko) Chrome/89.0.4389.114 Safari/537.36"
196.251.80.43 - - [06/Jul/2025:00:51:17 +0530] "POST /xmlrpc.php HTTP/1.1" 200 401 "-" "Mozilla/5.0 (Windows NT 10.0; Win64; x64) AppleWebKit/537.36 (KHTML, like Gecko) Chrome/89.0.4389.114 Safari/537.36"
196.251.80.43 - - [06/Jul/2025:00:51:31 +0530] "POST /xmlrpc.php HTTP/1.1" 200 401 "-" "Mozilla/5.0 (Windows NT 10.0; Win64; x64) AppleWebKit/537.36 (KHTML, like Gecko) Chrome/89.0.4389.114 Safari/537.36"
196.251.80.43 - - [06/Jul/2025:00:51:47 +0530] "POST /xmlrpc.php HTTP/1.1" 200 401 "-" "Mozilla/5.0 (Windows NT 10.0; Win64; x64) AppleWebKit/537.36 (KHTML, like Gecko) Chrome/89.0.4389.114 Safari/537.36"
196.251.80.43 - - [06/Jul/2025:00:52:01 +0530] "POST /xmlrpc.php HTTP/1.1" 200 401 "-" "Mozilla/5.0 (Windows NT 10.0; Win64; x64) AppleWebKit/537.36 (KHTML, like Gecko) Chrome/89.0.4389.114 Safari/537.36"
196.251.80.43 - - [06/Jul/2025:00:52:17 +0530] "POST /xmlrpc.php HTTP/1.1" 200 401 "-" "Mozilla/5.0 (Windows NT 10.0; Win64; x64) AppleWebKit/537.36 (KHTML, like Gecko) Chrome/89.0.4389.114 Safari/537.36"
196.251.80.43 - - [06/Jul/2025:00:52:31 +0530] "POST /xmlrpc.php HTTP/1.1" 200 401 "-" "Mozilla/5.0 (Windows NT 10.0; Win64; x64) AppleWebKit/537.36 (KHTML, like Gecko) Chrome/89.0.4389.114 Safari/537.36"
196.251.80.43 - - [06/Jul/2025:00:52:47 +0530] "POST /xmlrpc.php HTTP/1.1" 200 401 "-" "Mozilla/5.0 (Windows NT 10.0; Win64; x64) AppleWebKit/537.36 (KHTML, like Gecko) Chrome/89.0.4389.114 Safari/537.36"
196.251.80.43 - - [06/Jul/2025:00:53:01 +0530] "POST /xmlrpc.php HTTP/1.1" 200 401 "-" "Mozilla/5.0 (Windows NT 10.0; Win64; x64) AppleWebKit/537.36 (KHTML, like Gecko) Chrome/89.0.4389.114 Safari/537.36"
196.251.80.43 - - [06/Jul/2025:00:53:17 +0530] "POST /xmlrpc.php HTTP/1.1" 200 401 "-" "Mozilla/5.0 (Windows NT 10.0; Win64; x64) AppleWebKit/537.36 (KHTML, like Gecko) Chrome/89.0.4389.114 Safari/537.36"
196.251.80.43 - - [06/Jul/2025:00:53:31 +0530] "POST /xmlrpc.php HTTP/1.1" 200 401 "-" "Mozilla/5.0 (Windows NT 10.0; Win64; x64) AppleWebKit/537.36 (KHTML, like Gecko) Chrome/89.0.4389.114 Safari/537.36"
23.137.105.26 - - [06/Jul/2025:00:41:34 +0530] "GET /about.php?action=p&api=p&path=p&token HTTP/1.1" 301 0 "www.google.com" "Mozlila/5.0 (Linux; Android 7.0; SM-G892A Bulid/NRD90M; wv) AppleWebKit/537.36 (KHTML, like Gecko) Version/4.0 Chrome/60.0.3112.107 Moblie Safari/537.36"
122.180.246.194 - - [06/Jul/2025:00:46:30 +0530] "POST /wp-cron.php?doing_wp_cron=1751742990.9802119731903076171875 HTTP/1.1" 200 0 "-" "WordPress/6.8.1; https://ajio.lat"
190.6.176.90 - - [06/Jul/2025:00:49:11 +0530] "POST /xmlrpc.php HTTP/1.1" 200 210 "http://ajio.lat" "Mozilla/5.0 (Macintosh; Intel Mac OS X 14.3) AppleWebKit/614.31.14 (KHTML, like Gecko) Version/17.0.96 Safari/614.31.14"
122.180.246.194 - - [06/Jul/2025:00:50:31 +0530] "POST /wp-cron.php?doing_wp_cron=1751743231.0414960384368896484375 HTTP/1.1" 200 0 "-" "WordPress/6.8.1; https://ajio.lat"
122.180.246.194 - - [06/Jul/2025:00:52:31 +0530] "POST /wp-cron.php?doing_wp_cron=1751743351.0145549774169921875000 HTTP/1.1" 200 0 "-" "WordPress/6.8.1; https://ajio.lat"
122.180.246.194 - - [06/Jul/2025:00:54:31 +0530] "POST /wp-cron.php?doing_wp_cron=1751743471.0774030685424804687500 HTTP/1.1" 200 0 "-" "WordPress/6.8.1; https://ajio.lat"
196.251.80.43 - - [06/Jul/2025:00:53:47 +0530] "POST /xmlrpc.php HTTP/1.1" 200 401 "-" "Mozilla/5.0 (Windows NT 10.0; Win64; x64) AppleWebKit/537.36 (KHTML, like Gecko) Chrome/89.0.4389.114 Safari/537.36"
196.251.80.43 - - [06/Jul/2025:00:54:01 +0530] "POST /xmlrpc.php HTTP/1.1" 200 401 "-" "Mozilla/5.0 (Windows NT 10.0; Win64; x64) AppleWebKit/537.36 (KHTML, like Gecko) Chrome/89.0.4389.114 Safari/537.36"
196.251.80.43 - - [06/Jul/2025:00:54:17 +0530] "POST /xmlrpc.php HTTP/1.1" 200 401 "-" "Mozilla/5.0 (Windows NT 10.0; Win64; x64) AppleWebKit/537.36 (KHTML, like Gecko) Chrome/89.0.4389.114 Safari/537.36"
196.251.80.43 - - [06/Jul/2025:00:54:31 +0530] "POST /xmlrpc.php HTTP/1.1" 200 401 "-" "Mozilla/5.0 (Windows NT 10.0; Win64; x64) AppleWebKit/537.36 (KHTML, like Gecko) Chrome/89.0.4389.114 Safari/537.36"
196.251.80.43 - - [06/Jul/2025:00:54:47 +0530] "POST /xmlrpc.php HTTP/1.1" 200 401 "-" "Mozilla/5.0 (Windows NT 10.0; Win64; x64) AppleWebKit/537.36 (KHTML, like Gecko) Chrome/89.0.4389.114 Safari/537.36"
196.251.80.43 - - [06/Jul/2025:00:55:01 +0530] "POST /xmlrpc.php HTTP/1.1" 200 401 "-" "Mozilla/5.0 (Windows NT 10.0; Win64; x64) AppleWebKit/537.36 (KHTML, like Gecko) Chrome/89.0.4389.114 Safari/537.36"
216.244.66.242 - - [06/Jul/2025:00:55:26 +0530] "GET /robots.txt HTTP/1.1" 200 62 "-" "Mozilla/5.0 (compatible; DotBot/1.2; +https://opensiteexplorer.org/dotbot; help@moz.com)"
196.251.80.43 - - [06/Jul/2025:00:55:17 +0530] "POST /xmlrpc.php HTTP/1.1" 200 401 "-" "Mozilla/5.0 (Windows NT 10.0; Win64; x64) AppleWebKit/537.36 (KHTML, like Gecko) Chrome/89.0.4389.114 Safari/537.36"
196.251.80.43 - - [06/Jul/2025:00:55:31 +0530] "POST /xmlrpc.php HTTP/1.1" 200 401 "-" "Mozilla/5.0 (Windows NT 10.0; Win64; x64) AppleWebKit/537.36 (KHTML, like Gecko) Chrome/89.0.4389.114 Safari/537.36"
196.251.80.43 - - [06/Jul/2025:00:55:47 +0530] "POST /xmlrpc.php HTTP/1.1" 200 401 "-" "Mozilla/5.0 (Windows NT 10.0; Win64; x64) AppleWebKit/537.36 (KHTML, like Gecko) Chrome/89.0.4389.114 Safari/537.36"
196.251.80.43 - - [06/Jul/2025:00:56:01 +0530] "POST /xmlrpc.php HTTP/1.1" 200 401 "-" "Mozilla/5.0 (Windows NT 10.0; Win64; x64) AppleWebKit/537.36 (KHTML, like Gecko) Chrome/89.0.4389.114 Safari/537.36"
122.180.246.194 - - [06/Jul/2025:00:56:31 +0530] "POST /wp-cron.php?doing_wp_cron=1751743591.0503849983215332031250 HTTP/1.1" 200 0 "-" "WordPress/6.8.1; https://ajio.lat"
196.251.80.43 - - [06/Jul/2025:00:56:17 +0530] "POST /xmlrpc.php HTTP/1.1" 200 401 "-" "Mozilla/5.0 (Windows NT 10.0; Win64; x64) AppleWebKit/537.36 (KHTML, like Gecko) Chrome/89.0.4389.114 Safari/537.36"
196.251.80.43 - - [06/Jul/2025:00:56:31 +0530] "POST /xmlrpc.php HTTP/1.1" 200 401 "-" "Mozilla/5.0 (Windows NT 10.0; Win64; x64) AppleWebKit/537.36 (KHTML, like Gecko) Chrome/89.0.4389.114 Safari/537.36"
196.251.80.43 - - [06/Jul/2025:00:56:47 +0530] "POST /xmlrpc.php HTTP/1.1" 200 401 "-" "Mozilla/5.0 (Windows NT 10.0; Win64; x64) AppleWebKit/537.36 (KHTML, like Gecko) Chrome/89.0.4389.114 Safari/537.36"
196.251.80.43 - - [06/Jul/2025:00:57:01 +0530] "POST /xmlrpc.php HTTP/1.1" 200 401 "-" "Mozilla/5.0 (Windows NT 10.0; Win64; x64) AppleWebKit/537.36 (KHTML, like Gecko) Chrome/89.0.4389.114 Safari/537.36"
196.251.80.43 - - [06/Jul/2025:00:57:17 +0530] "POST /xmlrpc.php HTTP/1.1" 200 401 "-" "Mozilla/5.0 (Windows NT 10.0; Win64; x64) AppleWebKit/537.36 (KHTML, like Gecko) Chrome/89.0.4389.114 Safari/537.36"
196.251.80.43 - - [06/Jul/2025:00:57:31 +0530] "POST /xmlrpc.php HTTP/1.1" 200 401 "-" "Mozilla/5.0 (Windows NT 10.0; Win64; x64) AppleWebKit/537.36 (KHTML, like Gecko) Chrome/89.0.4389.114 Safari/537.36"
196.251.80.43 - - [06/Jul/2025:00:57:47 +0530] "POST /xmlrpc.php HTTP/1.1" 200 401 "-" "Mozilla/5.0 (Windows NT 10.0; Win64; x64) AppleWebKit/537.36 (KHTML, like Gecko) Chrome/89.0.4389.114 Safari/537.36"
196.251.80.43 - - [06/Jul/2025:00:58:01 +0530] "POST /xmlrpc.php HTTP/1.1" 200 401 "-" "Mozilla/5.0 (Windows NT 10.0; Win64; x64) AppleWebKit/537.36 (KHTML, like Gecko) Chrome/89.0.4389.114 Safari/537.36"
196.251.80.43 - - [06/Jul/2025:00:58:17 +0530] "POST /xmlrpc.php HTTP/1.1" 200 401 "-" "Mozilla/5.0 (Windows NT 10.0; Win64; x64) AppleWebKit/537.36 (KHTML, like Gecko) Chrome/89.0.4389.114 Safari/537.36"
196.251.80.43 - - [06/Jul/2025:00:58:31 +0530] "POST /xmlrpc.php HTTP/1.1" 200 401 "-" "Mozilla/5.0 (Windows NT 10.0; Win64; x64) AppleWebKit/537.36 (KHTML, like Gecko) Chrome/89.0.4389.114 Safari/537.36"
196.251.80.43 - - [06/Jul/2025:00:58:47 +0530] "POST /xmlrpc.php HTTP/1.1" 200 401 "-" "Mozilla/5.0 (Windows NT 10.0; Win64; x64) AppleWebKit/537.36 (KHTML, like Gecko) Chrome/89.0.4389.114 Safari/537.36"
196.251.80.43 - - [06/Jul/2025:00:59:01 +0530] "POST /xmlrpc.php HTTP/1.1" 200 401 "-" "Mozilla/5.0 (Windows NT 10.0; Win64; x64) AppleWebKit/537.36 (KHTML, like Gecko) Chrome/89.0.4389.114 Safari/537.36"
196.251.80.43 - - [06/Jul/2025:00:59:17 +0530] "POST /xmlrpc.php HTTP/1.1" 200 401 "-" "Mozilla/5.0 (Windows NT 10.0; Win64; x64) AppleWebKit/537.36 (KHTML, like Gecko) Chrome/89.0.4389.114 Safari/537.36"
196.251.80.43 - - [06/Jul/2025:00:59:31 +0530] "POST /xmlrpc.php HTTP/1.1" 200 401 "-" "Mozilla/5.0 (Windows NT 10.0; Win64; x64) AppleWebKit/537.36 (KHTML, like Gecko) Chrome/89.0.4389.114 Safari/537.36"
196.251.80.43 - - [06/Jul/2025:00:59:47 +0530] "POST /xmlrpc.php HTTP/1.1" 200 401 "-" "Mozilla/5.0 (Windows NT 10.0; Win64; x64) AppleWebKit/537.36 (KHTML, like Gecko) Chrome/89.0.4389.114 Safari/537.36"
196.251.80.43 - - [06/Jul/2025:01:00:01 +0530] "POST /xmlrpc.php HTTP/1.1" 200 401 "-" "Mozilla/5.0 (Windows NT 10.0; Win64; x64) AppleWebKit/537.36 (KHTML, like Gecko) Chrome/89.0.4389.114 Safari/537.36"
122.180.246.194 - - [06/Jul/2025:01:00:30 +0530] "POST /wp-cron.php?doing_wp_cron=1751743830.9812180995941162109375 HTTP/1.1" 200 0 "-" "WordPress/6.8.1; https://ajio.lat"
196.251.80.43 - - [06/Jul/2025:01:00:17 +0530] "POST /xmlrpc.php HTTP/1.1" 200 401 "-" "Mozilla/5.0 (Windows NT 10.0; Win64; x64) AppleWebKit/537.36 (KHTML, like Gecko) Chrome/89.0.4389.114 Safari/537.36"
196.251.80.43 - - [06/Jul/2025:01:00:31 +0530] "POST /xmlrpc.php HTTP/1.1" 200 401 "-" "Mozilla/5.0 (Windows NT 10.0; Win64; x64) AppleWebKit/537.36 (KHTML, like Gecko) Chrome/89.0.4389.114 Safari/537.36"
196.251.80.43 - - [06/Jul/2025:01:00:47 +0530] "POST /xmlrpc.php HTTP/1.1" 200 401 "-" "Mozilla/5.0 (Windows NT 10.0; Win64; x64) AppleWebKit/537.36 (KHTML, like Gecko) Chrome/89.0.4389.114 Safari/537.36"
51.178.81.248 - - [06/Jul/2025:01:01:14 +0530] "POST /xmlrpc.php HTTP/1.1" 200 186 "http://ajio.lat" "Mozilla/5.0 (Windows NT 10.0; Win64; x64) AppleWebKit/537.36 (KHTML, like Gecko) Chrome/116.0.5845.96 Safari/537.36 Edg/116.0.1938.62"
51.178.81.248 - - [06/Jul/2025:01:01:15 +0530] "POST /wp-login.php HTTP/1.1" 302 0 "http://ajio.lat" "Mozilla/5.0 (Macintosh; Intel Mac OS X 14.5) AppleWebKit/618.3.5 (KHTML, like Gecko) Version/17.4 Safari/618.3.5"
196.251.80.43 - - [06/Jul/2025:01:01:01 +0530] "POST /xmlrpc.php HTTP/1.1" 200 401 "-" "Mozilla/5.0 (Windows NT 10.0; Win64; x64) AppleWebKit/537.36 (KHTML, like Gecko) Chrome/89.0.4389.114 Safari/537.36"
196.251.80.43 - - [06/Jul/2025:01:01:17 +0530] "POST /xmlrpc.php HTTP/1.1" 200 401 "-" "Mozilla/5.0 (Windows NT 10.0; Win64; x64) AppleWebKit/537.36 (KHTML, like Gecko) Chrome/89.0.4389.114 Safari/537.36"
196.251.80.43 - - [06/Jul/2025:01:01:31 +0530] "POST /xmlrpc.php HTTP/1.1" 200 401 "-" "Mozilla/5.0 (Windows NT 10.0; Win64; x64) AppleWebKit/537.36 (KHTML, like Gecko) Chrome/89.0.4389.114 Safari/537.36"
196.251.80.43 - - [06/Jul/2025:01:01:47 +0530] "POST /xmlrpc.php HTTP/1.1" 200 401 "-" "Mozilla/5.0 (Windows NT 10.0; Win64; x64) AppleWebKit/537.36 (KHTML, like Gecko) Chrome/89.0.4389.114 Safari/537.36"
196.251.80.43 - - [06/Jul/2025:01:02:01 +0530] "POST /xmlrpc.php HTTP/1.1" 200 401 "-" "Mozilla/5.0 (Windows NT 10.0; Win64; x64) AppleWebKit/537.36 (KHTML, like Gecko) Chrome/89.0.4389.114 Safari/537.36"
196.251.80.43 - - [06/Jul/2025:01:02:17 +0530] "POST /xmlrpc.php HTTP/1.1" 200 401 "-" "Mozilla/5.0 (Windows NT 10.0; Win64; x64) AppleWebKit/537.36 (KHTML, like Gecko) Chrome/89.0.4389.114 Safari/537.36"
216.244.66.242 - - [06/Jul/2025:01:02:44 +0530] "GET /crazy-caves-2/index.html HTTP/1.1" 404 54978 "-" "Mozilla/5.0 (compatible; DotBot/1.2; +https://opensiteexplorer.org/dotbot; help@moz.com)"
196.251.80.43 - - [06/Jul/2025:01:02:31 +0530] "POST /xmlrpc.php HTTP/1.1" 200 401 "-" "Mozilla/5.0 (Windows NT 10.0; Win64; x64) AppleWebKit/537.36 (KHTML, like Gecko) Chrome/89.0.4389.114 Safari/537.36"
196.251.80.43 - - [06/Jul/2025:01:02:48 +0530] "POST /xmlrpc.php HTTP/1.1" 200 401 "-" "Mozilla/5.0 (Windows NT 10.0; Win64; x64) AppleWebKit/537.36 (KHTML, like Gecko) Chrome/89.0.4389.114 Safari/537.36"
196.251.80.43 - - [06/Jul/2025:01:03:01 +0530] "POST /xmlrpc.php HTTP/1.1" 200 401 "-" "Mozilla/5.0 (Windows NT 10.0; Win64; x64) AppleWebKit/537.36 (KHTML, like Gecko) Chrome/89.0.4389.114 Safari/537.36"
196.251.80.43 - - [06/Jul/2025:01:03:17 +0530] "POST /xmlrpc.php HTTP/1.1" 200 401 "-" "Mozilla/5.0 (Windows NT 10.0; Win64; x64) AppleWebKit/537.36 (KHTML, like Gecko) Chrome/89.0.4389.114 Safari/537.36"
196.251.80.43 - - [06/Jul/2025:01:03:31 +0530] "POST /xmlrpc.php HTTP/1.1" 200 401 "-" "Mozilla/5.0 (Windows NT 10.0; Win64; x64) AppleWebKit/537.36 (KHTML, like Gecko) Chrome/89.0.4389.114 Safari/537.36"
196.251.80.43 - - [06/Jul/2025:01:03:47 +0530] "POST /xmlrpc.php HTTP/1.1" 200 401 "-" "Mozilla/5.0 (Windows NT 10.0; Win64; x64) AppleWebKit/537.36 (KHTML, like Gecko) Chrome/89.0.4389.114 Safari/537.36"
196.251.80.43 - - [06/Jul/2025:01:04:01 +0530] "POST /xmlrpc.php HTTP/1.1" 200 401 "-" "Mozilla/5.0 (Windows NT 10.0; Win64; x64) AppleWebKit/537.36 (KHTML, like Gecko) Chrome/89.0.4389.114 Safari/537.36"
196.251.80.43 - - [06/Jul/2025:01:04:17 +0530] "POST /xmlrpc.php HTTP/1.1" 200 401 "-" "Mozilla/5.0 (Windows NT 10.0; Win64; x64) AppleWebKit/537.36 (KHTML, like Gecko) Chrome/89.0.4389.114 Safari/537.36"
196.251.80.43 - - [06/Jul/2025:01:04:31 +0530] "POST /xmlrpc.php HTTP/1.1" 200 401 "-" "Mozilla/5.0 (Windows NT 10.0; Win64; x64) AppleWebKit/537.36 (KHTML, like Gecko) Chrome/89.0.4389.114 Safari/537.36"
196.251.80.43 - - [06/Jul/2025:01:04:47 +0530] "POST /xmlrpc.php HTTP/1.1" 200 401 "-" "Mozilla/5.0 (Windows NT 10.0; Win64; x64) AppleWebKit/537.36 (KHTML, like Gecko) Chrome/89.0.4389.114 Safari/537.36"
196.251.80.43 - - [06/Jul/2025:01:05:01 +0530] "POST /xmlrpc.php HTTP/1.1" 200 401 "-" "Mozilla/5.0 (Windows NT 10.0; Win64; x64) AppleWebKit/537.36 (KHTML, like Gecko) Chrome/89.0.4389.114 Safari/537.36"
196.251.80.43 - - [06/Jul/2025:01:05:17 +0530] "POST /xmlrpc.php HTTP/1.1" 200 401 "-" "Mozilla/5.0 (Windows NT 10.0; Win64; x64) AppleWebKit/537.36 (KHTML, like Gecko) Chrome/89.0.4389.114 Safari/537.36"
196.251.80.43 - - [06/Jul/2025:01:05:31 +0530] "POST /xmlrpc.php HTTP/1.1" 200 401 "-" "Mozilla/5.0 (Windows NT 10.0; Win64; x64) AppleWebKit/537.36 (KHTML, like Gecko) Chrome/89.0.4389.114 Safari/537.36"
196.251.80.43 - - [06/Jul/2025:01:05:47 +0530] "POST /xmlrpc.php HTTP/1.1" 200 401 "-" "Mozilla/5.0 (Windows NT 10.0; Win64; x64) AppleWebKit/537.36 (KHTML, like Gecko) Chrome/89.0.4389.114 Safari/537.36"
196.251.80.43 - - [06/Jul/2025:01:06:01 +0530] "POST /xmlrpc.php HTTP/1.1" 200 401 "-" "Mozilla/5.0 (Windows NT 10.0; Win64; x64) AppleWebKit/537.36 (KHTML, like Gecko) Chrome/89.0.4389.114 Safari/537.36"
122.180.246.194 - - [06/Jul/2025:01:06:31 +0530] "POST /wp-cron.php?doing_wp_cron=1751744191.0521619319915771484375 HTTP/1.1" 200 0 "-" "WordPress/6.8.1; https://ajio.lat"
196.251.80.43 - - [06/Jul/2025:01:06:17 +0530] "POST /xmlrpc.php HTTP/1.1" 200 401 "-" "Mozilla/5.0 (Windows NT 10.0; Win64; x64) AppleWebKit/537.36 (KHTML, like Gecko) Chrome/89.0.4389.114 Safari/537.36"
196.251.80.43 - - [06/Jul/2025:01:06:31 +0530] "POST /xmlrpc.php HTTP/1.1" 200 401 "-" "Mozilla/5.0 (Windows NT 10.0; Win64; x64) AppleWebKit/537.36 (KHTML, like Gecko) Chrome/89.0.4389.114 Safari/537.36"
196.251.80.43 - - [06/Jul/2025:01:06:47 +0530] "POST /xmlrpc.php HTTP/1.1" 200 401 "-" "Mozilla/5.0 (Windows NT 10.0; Win64; x64) AppleWebKit/537.36 (KHTML, like Gecko) Chrome/89.0.4389.114 Safari/537.36"
196.251.80.43 - - [06/Jul/2025:01:07:01 +0530] "POST /xmlrpc.php HTTP/1.1" 200 401 "-" "Mozilla/5.0 (Windows NT 10.0; Win64; x64) AppleWebKit/537.36 (KHTML, like Gecko) Chrome/89.0.4389.114 Safari/537.36"
196.251.80.43 - - [06/Jul/2025:01:07:17 +0530] "POST /xmlrpc.php HTTP/1.1" 200 401 "-" "Mozilla/5.0 (Windows NT 10.0; Win64; x64) AppleWebKit/537.36 (KHTML, like Gecko) Chrome/89.0.4389.114 Safari/537.36"
196.251.80.43 - - [06/Jul/2025:01:07:31 +0530] "POST /xmlrpc.php HTTP/1.1" 200 401 "-" "Mozilla/5.0 (Windows NT 10.0; Win64; x64) AppleWebKit/537.36 (KHTML, like Gecko) Chrome/89.0.4389.114 Safari/537.36"
196.251.80.43 - - [06/Jul/2025:01:07:47 +0530] "POST /xmlrpc.php HTTP/1.1" 200 401 "-" "Mozilla/5.0 (Windows NT 10.0; Win64; x64) AppleWebKit/537.36 (KHTML, like Gecko) Chrome/89.0.4389.114 Safari/537.36"
196.251.80.43 - - [06/Jul/2025:01:08:01 +0530] "POST /xmlrpc.php HTTP/1.1" 200 401 "-" "Mozilla/5.0 (Windows NT 10.0; Win64; x64) AppleWebKit/537.36 (KHTML, like Gecko) Chrome/89.0.4389.114 Safari/537.36"
122.180.246.194 - - [06/Jul/2025:01:08:31 +0530] "POST /wp-cron.php?doing_wp_cron=1751744311.0112240314483642578125 HTTP/1.1" 200 0 "-" "WordPress/6.8.1; https://ajio.lat"
196.251.80.43 - - [06/Jul/2025:01:08:17 +0530] "POST /xmlrpc.php HTTP/1.1" 200 401 "-" "Mozilla/5.0 (Windows NT 10.0; Win64; x64) AppleWebKit/537.36 (KHTML, like Gecko) Chrome/89.0.4389.114 Safari/537.36"
196.251.80.43 - - [06/Jul/2025:01:08:31 +0530] "POST /xmlrpc.php HTTP/1.1" 200 401 "-" "Mozilla/5.0 (Windows NT 10.0; Win64; x64) AppleWebKit/537.36 (KHTML, like Gecko) Chrome/89.0.4389.114 Safari/537.36"
